{"id":758124,"date":"2025-08-28T07:55:57","date_gmt":"2025-08-28T04:55:57","guid":{"rendered":"https:\/\/roveyayinevi.com.tr\/index.php\/urun\/dengeler-degisirken\/"},"modified":"2026-04-16T03:11:17","modified_gmt":"2026-04-16T00:11:17","slug":"dengeler-degisirken","status":"publish","type":"product","link":"https:\/\/roveyayinevi.com.tr\/index.php\/urun\/dengeler-degisirken\/","title":{"rendered":"Dengeler De\u011fi\u015firken"},"content":{"rendered":"<p>Milli M\u00fccadele y\u0131llar\u0131, tarihimizin d\u00f6n\u00fcm noktalar\u0131ndan biridir. Bu d\u00f6nemin en belirgin \u00f6zelli\u011fi, askeri alanda verilen m\u00fccadele ile siyasi alanda verilen m\u00fccadelenin i\u00e7 i\u00e7e ge\u00e7mi\u015f olmas\u0131d\u0131r. Bu bak\u0131mdan d\u0131\u015f ili\u015fkiler, Milli M\u00fccadele&#8217;nin kaderini do\u011frudan etkilemi\u015ftir. \u0130ngiltere ile birlikte Osmanl\u0131 Devleti&#8217;nin payla\u015f\u0131lmas\u0131nda birincil rol oynayan Fransa, bu d\u00f6nemin ana \u00f6znelerinden biri olmu\u015ftur. Bu sebeple Fransa&#8217;n\u0131n politikalar\u0131n\u0131 anlamak, Milli M\u00fccadele y\u0131llar\u0131n\u0131 anlamak a\u00e7\u0131s\u0131ndan b\u00fcy\u00fck \u00f6nem ta\u015f\u0131maktad\u0131r.Birinci D\u00fcnya Sava\u015f\u0131&#8217;nda Osmanl\u0131 Devleti&#8217;nin payla\u015f\u0131lmas\u0131na y\u00f6nelik planlara imza atan Fransa&#8217;n\u0131n b\u00f6lgeye y\u00f6nelik siyaseti \u0130ngiltere ile olan rekabet, Anadolu&#8217;da ortaya \u00e7\u0131kan direni\u015f, \u0130slam d\u00fcnyas\u0131n\u0131n tutumu, Bol\u015fevizm tehlikesi ve do\u011fuda kaybedilen Frans\u0131z n\u00fcfuzu gibi etkenler sebebiyle zaman i\u00e7erisinde de\u011fi\u015fim ge\u00e7irmeye ba\u015flam\u0131\u015ft\u0131r. B\u00f6lgede de\u011fi\u015fen dengeleri erken bir tarihte g\u00f6rmeye ba\u015flayan Frans\u0131z yetkililer, Paris&#8217;teki siyasileri Anadolu&#8217;daki direni\u015f ile ilgili olarak s\u0131kl\u0131kla uyarm\u0131\u015flard\u0131r. Frans\u0131z bas\u0131n\u0131 da sahadaki ger\u00e7ekli\u011fi k\u0131sa s\u00fcrede kavrayarak h\u00fck\u00fcmet \u00fczerinde bask\u0131 kurmu\u015ftur. Frans\u0131z siyasilerin de\u011fi\u015fen dengeleri g\u00f6zetmesi ise biraz zaman alm\u0131\u015ft\u0131r. Mustafa Kemal Pa\u015fa liderli\u011findeki direni\u015fin art\u0131k \u00f6nlemeyecek bir hale gelmesi, Sevr Antla\u015fmas\u0131&#8217;na imza atan Frans\u0131z h\u00fck\u00fcmetini kamuoyunun sesine kulak vermeye ve do\u011fuya y\u00f6nelik politikalar\u0131n\u0131 g\u00f6zden ge\u00e7irmeye itmi\u015ftir. Elinizdeki kitap, Milli M\u00fccadele d\u00f6neminde de\u011fi\u015fen dengeler \u00fczerinde temellenen T\u00fcrk-Frans\u0131z ili\u015fklerini yeni bilgi ve belgeler \u0131\u015f\u0131\u011f\u0131nda ele almaktad\u0131r.<\/p>\n","protected":false},"excerpt":{"rendered":"<p>Milli M\u00fccadele y\u0131llar\u0131, tarihimizin d\u00f6n\u00fcm noktalar\u0131ndan biridir. Bu d\u00f6nemin en belirgin \u00f6zelli\u011fi, askeri alanda verilen m\u00fccadele ile siyasi alanda verilen m\u00fccadelenin i\u00e7 i\u00e7e ge\u00e7mi\u015f olmas\u0131d\u0131r. Bu<span class=\"excerpt-hellip\"> [\u2026]<\/span><\/p>\n","protected":false},"featured_media":0,"template":"","meta":{"_monsterinsights_skip_tracking":false,"_monsterinsights_sitenote_active":false,"_monsterinsights_sitenote_note":"","_monsterinsights_sitenote_category":0},"product_brand":[],"product_cat":[12304,13650],"product_tag":[],"class_list":{"0":"post-758124","1":"product","2":"type-product","3":"status-publish","5":"product_cat-tarih","6":"product_cat-turk-tarihi-arastirmalari","7":"pa_cilt-ciltsiz","8":"pa_tur-kitap","9":"pa_yayinevi-ideal-kultur-akademik","10":"pa_yazar-fatih-selcuk","12":"first","13":"instock","14":"sale","15":"shipping-taxable","16":"purchasable","17":"product-type-simple"},"_links":{"self":[{"href":"https:\/\/roveyayinevi.com.tr\/index.php\/wp-json\/wp\/v2\/product\/758124","targetHints":{"allow":["GET"]}}],"collection":[{"href":"https:\/\/roveyayinevi.com.tr\/index.php\/wp-json\/wp\/v2\/product"}],"about":[{"href":"https:\/\/roveyayinevi.com.tr\/index.php\/wp-json\/wp\/v2\/types\/product"}],"wp:attachment":[{"href":"https:\/\/roveyayinevi.com.tr\/index.php\/wp-json\/wp\/v2\/media?parent=758124"}],"wp:term":[{"taxonomy":"product_brand","embeddable":true,"href":"https:\/\/roveyayinevi.com.tr\/index.php\/wp-json\/wp\/v2\/product_brand?post=758124"},{"taxonomy":"product_cat","embeddable":true,"href":"https:\/\/roveyayinevi.com.tr\/index.php\/wp-json\/wp\/v2\/product_cat?post=758124"},{"taxonomy":"product_tag","embeddable":true,"href":"https:\/\/roveyayinevi.com.tr\/index.php\/wp-json\/wp\/v2\/product_tag?post=758124"}],"curies":[{"name":"wp","href":"https:\/\/api.w.org\/{rel}","templated":true}]}}

Dengeler Değişirken

<p>Milli Mücadele yılları, tarihimizin dönüm noktalarından biridir. Bu dönemin en belirgin özelliği, askeri alanda verilen mücadele ile siyasi alanda verilen mücadelenin iç içe geçmiş olmasıdır. Bu bakımdan dış ilişkiler, Milli Mücadele&#8217;nin kaderini doğrudan etkilemiştir. İngiltere ile birlikte Osmanlı Devleti&#8217;nin paylaşılmasında birincil rol oynayan Fransa, bu dönemin ana öznelerinden biri olmuştur. Bu sebeple Fransa&#8217;nın politikalarını anlamak, Milli Mücadele yıllarını anlamak açısından büyük önem taşımaktadır.Birinci Dünya Savaşı&#8217;nda Osmanlı Devleti&#8217;nin paylaşılmasına yönelik planlara imza atan Fransa&#8217;nın bölgeye yönelik siyaseti İngiltere ile olan rekabet, Anadolu&#8217;da ortaya çıkan direniş, İslam dünyasının tutumu, Bolşevizm tehlikesi ve doğuda kaybedilen Fransız nüfuzu gibi etkenler sebebiyle zaman içerisinde değişim geçirmeye başlamıştır. Bölgede değişen dengeleri erken bir tarihte görmeye başlayan Fransız yetkililer, Paris&#8217;teki siyasileri Anadolu&#8217;daki direniş ile ilgili olarak sıklıkla uyarmışlardır. Fransız basını da sahadaki gerçekliği kısa sürede kavrayarak hükümet üzerinde baskı kurmuştur. Fransız siyasilerin değişen dengeleri gözetmesi ise biraz zaman almıştır. Mustafa Kemal Paşa liderliğindeki direnişin artık önlemeyecek bir hale gelmesi, Sevr Antlaşması&#8217;na imza atan Fransız hükümetini kamuoyunun sesine kulak vermeye ve doğuya yönelik politikalarını gözden geçirmeye itmiştir. Elinizdeki kitap, Milli Mücadele döneminde değişen dengeler üzerinde temellenen Türk-Fransız ilişklerini yeni bilgi ve belgeler ışığında ele almaktadır.</p>

<p>Milli Mücadele yılları, tarihimizin dönüm noktalarından biridir. Bu dönemin en belirgin özelliği, askeri alanda verilen mücadele ile siyasi alanda verilen mücadelenin iç içe geçmiş olmasıdır. Bu<span class="excerpt-hellip"> […]</span></p>
