{"id":758117,"date":"2025-08-28T07:55:48","date_gmt":"2025-08-28T04:55:48","guid":{"rendered":"https:\/\/roveyayinevi.com.tr\/index.php\/urun\/ingiltere-hariciye-naziri-lord-palmerstonun-parlemento-nutku-25-haziran-1850\/"},"modified":"2026-04-16T03:11:17","modified_gmt":"2026-04-16T00:11:17","slug":"ingiltere-hariciye-naziri-lord-palmerstonun-parlemento-nutku-25-haziran-1850","status":"publish","type":"product","link":"https:\/\/roveyayinevi.com.tr\/index.php\/urun\/ingiltere-hariciye-naziri-lord-palmerstonun-parlemento-nutku-25-haziran-1850\/","title":{"rendered":"\u0130ngiltere Hariciye Naz\u0131r\u0131 Lord Palmerston&#8217;un Parlemento Nutku (25 Haziran 1850)"},"content":{"rendered":"<p>Lord Palmerston, \u0130ngiltere&#8217;nin 19. y\u00fczy\u0131l me\u015fhur politikac\u0131lar\u0131dand\u0131r. Uzun siyasi kariyeri boyunca takip etti\u011fi politikalar\u0131nda daima \u0130ngiliz \u0130mparatorluk \u00e7\u0131karlar\u0131n\u0131 korumay\u0131 temel prensip olarak kabul etti\u011fini savunmu\u015ftur. \u201cBen bir Roma vatanda\u015f\u0131y\u0131m\u201d (Civis Romanus sum) ifadesini kulland\u0131\u011f\u0131 me\u015fhur s\u00f6ylevini 25 Haziran 1850 senesinde ger\u00e7ekle\u015ftirmi\u015ftir. O, Londra&#8217;y\u0131 Roma gibi d\u00fcnya \u00e7ap\u0131nda \u00f6nemli bir merkez yapmak, \u0130ngiltere&#8217;yi Hindistan&#8217;da oldu\u011fu gibi d\u00fcnyan\u0131n di\u011fer b\u00f6lgelerine de h\u00e2kim k\u0131lmak ideali ile b\u00fcy\u00fck hedeflere y\u00f6nelmi\u015f, d\u0131\u015f politikas\u0131n\u0131 bu esaslar \u00fczerine temellen- dirmi\u015ftir. Yay\u0131mlad\u0131\u011f\u0131m\u0131z nutuk, Palmerston&#8217;un, H\u00e2riciye N\u00e2z\u0131rl\u0131\u011f\u0131 d\u00f6neminde takip etti\u011fi d\u0131\u015f politikalar\u0131na getirilen ele\u015ftirilere kar\u015f\u0131 mecliste yapt\u0131\u011f\u0131 bir savunudur. Onun bu savunusu kimli\u011fini belirtmeyen bir Osmanl\u0131 ayd\u0131n\u0131 taraf\u0131ndan Osmanl\u0131caya terc\u00fcme edilmi\u015ftir. Polonya&#8217;da, Wroclaw \u00dcniversitesi K\u00fct\u00fcphanesi&#8217;nden temin etti\u011fimiz Elyazma, genelde 19. y\u00fczy\u0131l \u0130ngiltere&#8217;sinin d\u0131\u015f politikas\u0131na, bu ba\u011flamda \u0130ngiltere, Fransa, Bel\u00e7ika, \u0130svi\u00e7re, Yunanistan ili\u015fkilerine ve \u00f6zelde ayn\u0131 y\u00fczy\u0131l Osmanl\u0131-\u0130ngiliz m\u00fcnasebetlerine kaynakl\u0131k edecek bir muhtevaya sahiptir.<\/p>\n","protected":false},"excerpt":{"rendered":"<p>Lord Palmerston, \u0130ngiltere&#8217;nin 19. y\u00fczy\u0131l me\u015fhur politikac\u0131lar\u0131dand\u0131r. Uzun siyasi kariyeri boyunca takip etti\u011fi politikalar\u0131nda daima \u0130ngiliz \u0130mparatorluk \u00e7\u0131karlar\u0131n\u0131 korumay\u0131 temel prensip olarak kabul etti\u011fini savunmu\u015ftur. \u201cBen<span class=\"excerpt-hellip\"> [\u2026]<\/span><\/p>\n","protected":false},"featured_media":0,"template":"","meta":{"_monsterinsights_skip_tracking":false,"_monsterinsights_sitenote_active":false,"_monsterinsights_sitenote_note":"","_monsterinsights_sitenote_category":0},"product_brand":[],"product_cat":[12305,12304],"product_tag":[],"class_list":{"0":"post-758117","1":"product","2":"type-product","3":"status-publish","5":"product_cat-dunya-tarihi","6":"product_cat-tarih","7":"pa_cilt-ciltsiz","8":"pa_tur-kitap","9":"pa_yayinevi-ideal-kultur-yayincilik","10":"pa_yazar-ideal-kultur-kolektif","12":"first","13":"instock","14":"sale","15":"shipping-taxable","16":"purchasable","17":"product-type-simple"},"_links":{"self":[{"href":"https:\/\/roveyayinevi.com.tr\/index.php\/wp-json\/wp\/v2\/product\/758117","targetHints":{"allow":["GET"]}}],"collection":[{"href":"https:\/\/roveyayinevi.com.tr\/index.php\/wp-json\/wp\/v2\/product"}],"about":[{"href":"https:\/\/roveyayinevi.com.tr\/index.php\/wp-json\/wp\/v2\/types\/product"}],"wp:attachment":[{"href":"https:\/\/roveyayinevi.com.tr\/index.php\/wp-json\/wp\/v2\/media?parent=758117"}],"wp:term":[{"taxonomy":"product_brand","embeddable":true,"href":"https:\/\/roveyayinevi.com.tr\/index.php\/wp-json\/wp\/v2\/product_brand?post=758117"},{"taxonomy":"product_cat","embeddable":true,"href":"https:\/\/roveyayinevi.com.tr\/index.php\/wp-json\/wp\/v2\/product_cat?post=758117"},{"taxonomy":"product_tag","embeddable":true,"href":"https:\/\/roveyayinevi.com.tr\/index.php\/wp-json\/wp\/v2\/product_tag?post=758117"}],"curies":[{"name":"wp","href":"https:\/\/api.w.org\/{rel}","templated":true}]}}