{"id":758115,"date":"2025-08-28T07:55:45","date_gmt":"2025-08-28T04:55:45","guid":{"rendered":"https:\/\/roveyayinevi.com.tr\/index.php\/urun\/kodlama-tabletim-nasil-calisir\/"},"modified":"2026-04-16T03:11:17","modified_gmt":"2026-04-16T00:11:17","slug":"kodlama-tabletim-nasil-calisir","status":"publish","type":"product","link":"https:\/\/roveyayinevi.com.tr\/index.php\/urun\/kodlama-tabletim-nasil-calisir\/","title":{"rendered":"Kodlama-Tabletim Nas\u0131l \u00c7al\u0131\u015f\u0131r?"},"content":{"rendered":"<p>Temel Kodlama E\u011fitimi Serisi kitaplar\u0131ndan biri olan Tabletim Nas\u0131l \u00c7al\u0131\u015f\u0131r?, \u00e7ocuklara bilgisayarlar\u0131n i\u00e7inde hangi par\u00e7alar\u0131n bulundu\u011funu ve nas\u0131l \u00e7al\u0131\u015ft\u0131klar\u0131n\u0131 g\u00f6stermek \u00fczerine haz\u0131rland\u0131. \u00d6\u011frenmeyi te\u015fvik eden basit a\u00e7\u0131klamalar ve e\u011flenceli Yaz-Sil Al\u0131\u015ft\u0131rmalar\u0131 ile \u00e7ocu\u011fun hemen dikkatini \u00e7eken Tabletim Nas\u0131l \u00c7al\u0131\u015f\u0131r? kitab\u0131, donan\u0131m ve yaz\u0131l\u0131m, i\u015flemci ve haf\u0131za,dokunmatik ekran nas\u0131l \u00e7al\u0131\u015f\u0131r? gibi ba\u015fl\u0131klar ile bilgisayar ve par\u00e7alar\u0131 hakk\u0131nda temel bir bilgi sunuyor. Serideki Di\u011fer Ba\u015fl\u0131klar: &#8211; Dijital Beceriler &#8211; Mant\u0131k ve Veri &#8211; Algoritma ve Kodlama<\/p>\n","protected":false},"excerpt":{"rendered":"<p>Temel Kodlama E\u011fitimi Serisi kitaplar\u0131ndan biri olan Tabletim Nas\u0131l \u00c7al\u0131\u015f\u0131r?, \u00e7ocuklara bilgisayarlar\u0131n i\u00e7inde hangi par\u00e7alar\u0131n bulundu\u011funu ve nas\u0131l \u00e7al\u0131\u015ft\u0131klar\u0131n\u0131 g\u00f6stermek \u00fczerine haz\u0131rland\u0131. \u00d6\u011frenmeyi te\u015fvik eden basit<span class=\"excerpt-hellip\"> [\u2026]<\/span><\/p>\n","protected":false},"featured_media":0,"template":"","meta":{"_monsterinsights_skip_tracking":false,"_monsterinsights_sitenote_active":false,"_monsterinsights_sitenote_note":"","_monsterinsights_sitenote_category":0},"product_brand":[],"product_cat":[12274,14573],"product_tag":[],"class_list":{"0":"post-758115","1":"product","2":"type-product","3":"status-publish","5":"product_cat-cocuk-ve-genclik-kitaplari","6":"product_cat-referans-kitaplar-cocuk-ve-genclik-kitaplari","7":"pa_cilt-ciltsiz","8":"pa_tur-kitap","9":"pa_yayinevi-ideal-kultur-yayincilik","10":"pa_yazar-elbrie-de-kock","11":"pa_yazar-tracy-gardner","13":"first","14":"instock","15":"sale","16":"shipping-taxable","17":"purchasable","18":"product-type-simple"},"_links":{"self":[{"href":"https:\/\/roveyayinevi.com.tr\/index.php\/wp-json\/wp\/v2\/product\/758115","targetHints":{"allow":["GET"]}}],"collection":[{"href":"https:\/\/roveyayinevi.com.tr\/index.php\/wp-json\/wp\/v2\/product"}],"about":[{"href":"https:\/\/roveyayinevi.com.tr\/index.php\/wp-json\/wp\/v2\/types\/product"}],"wp:attachment":[{"href":"https:\/\/roveyayinevi.com.tr\/index.php\/wp-json\/wp\/v2\/media?parent=758115"}],"wp:term":[{"taxonomy":"product_brand","embeddable":true,"href":"https:\/\/roveyayinevi.com.tr\/index.php\/wp-json\/wp\/v2\/product_brand?post=758115"},{"taxonomy":"product_cat","embeddable":true,"href":"https:\/\/roveyayinevi.com.tr\/index.php\/wp-json\/wp\/v2\/product_cat?post=758115"},{"taxonomy":"product_tag","embeddable":true,"href":"https:\/\/roveyayinevi.com.tr\/index.php\/wp-json\/wp\/v2\/product_tag?post=758115"}],"curies":[{"name":"wp","href":"https:\/\/api.w.org\/{rel}","templated":true}]}}