{"id":758103,"date":"2025-08-28T07:55:29","date_gmt":"2025-08-28T04:55:29","guid":{"rendered":"https:\/\/roveyayinevi.com.tr\/index.php\/urun\/dogu-avrupa-tarihi\/"},"modified":"2026-04-16T03:11:17","modified_gmt":"2026-04-16T00:11:17","slug":"dogu-avrupa-tarihi","status":"publish","type":"product","link":"https:\/\/roveyayinevi.com.tr\/index.php\/urun\/dogu-avrupa-tarihi\/","title":{"rendered":"Do\u011fu Avrupa Tarihi"},"content":{"rendered":"<p>T\u00fcrkiye\u2019de Do\u011fu Avrupa tarihi, k\u00fclt\u00fcr\u00fc ve co\u011frafyas\u0131 ile ilgili bilimsel literat\u00fcr\u00fcn yetersiz oldu\u011fu maalesef Rusya-Ukrayna Sava\u015f\u0131 ile daha net bir \u015fekilde ortaya \u00e7\u0131km\u0131\u015ft\u0131r. Bilindi\u011fi \u00fczere Do\u011fu Avrupa\u2019da Anadolu gibi y\u00fczy\u0131llar boyunca T\u00fcrklere yurtluk yapm\u0131\u015f bir co\u011frafyad\u0131r. \u201cDo\u011fu Avrupa Tarihi &#8211; Yeni Bulgular ve Yakla\u015f\u0131mlar\u201d adl\u0131 eserimiz bu eksikli\u011fi gidermek \u00fczere alan\u0131n uzmanlar\u0131 taraf\u0131ndan kaleme al\u0131nan makalelerden olu\u015fmakta ve son yap\u0131lan ara\u015ft\u0131rmalar\u0131n \u0131\u015f\u0131\u011f\u0131nda elde edilen verileri T\u00fcrk bilim d\u00fcnyas\u0131n\u0131n hizmetine sunmaktad\u0131r.<\/p>\n","protected":false},"excerpt":{"rendered":"<p>T\u00fcrkiye\u2019de Do\u011fu Avrupa tarihi, k\u00fclt\u00fcr\u00fc ve co\u011frafyas\u0131 ile ilgili bilimsel literat\u00fcr\u00fcn yetersiz oldu\u011fu maalesef Rusya-Ukrayna Sava\u015f\u0131 ile daha net bir \u015fekilde ortaya \u00e7\u0131km\u0131\u015ft\u0131r. Bilindi\u011fi \u00fczere Do\u011fu<span class=\"excerpt-hellip\"> [\u2026]<\/span><\/p>\n","protected":false},"featured_media":0,"template":"","meta":{"_monsterinsights_skip_tracking":false,"_monsterinsights_sitenote_active":false,"_monsterinsights_sitenote_note":"","_monsterinsights_sitenote_category":0},"product_brand":[],"product_cat":[12370,12304],"product_tag":[],"class_list":{"0":"post-758103","1":"product","2":"type-product","3":"status-publish","5":"product_cat-arastirma-inceleme","6":"product_cat-tarih","7":"pa_cilt-ciltsiz","8":"pa_tur-kitap","9":"pa_yayinevi-ideal-kultur-akademik","10":"pa_yazar-ideal-kultur-kolektif","12":"first","13":"instock","14":"sale","15":"shipping-taxable","16":"purchasable","17":"product-type-simple"},"_links":{"self":[{"href":"https:\/\/roveyayinevi.com.tr\/index.php\/wp-json\/wp\/v2\/product\/758103","targetHints":{"allow":["GET"]}}],"collection":[{"href":"https:\/\/roveyayinevi.com.tr\/index.php\/wp-json\/wp\/v2\/product"}],"about":[{"href":"https:\/\/roveyayinevi.com.tr\/index.php\/wp-json\/wp\/v2\/types\/product"}],"wp:attachment":[{"href":"https:\/\/roveyayinevi.com.tr\/index.php\/wp-json\/wp\/v2\/media?parent=758103"}],"wp:term":[{"taxonomy":"product_brand","embeddable":true,"href":"https:\/\/roveyayinevi.com.tr\/index.php\/wp-json\/wp\/v2\/product_brand?post=758103"},{"taxonomy":"product_cat","embeddable":true,"href":"https:\/\/roveyayinevi.com.tr\/index.php\/wp-json\/wp\/v2\/product_cat?post=758103"},{"taxonomy":"product_tag","embeddable":true,"href":"https:\/\/roveyayinevi.com.tr\/index.php\/wp-json\/wp\/v2\/product_tag?post=758103"}],"curies":[{"name":"wp","href":"https:\/\/api.w.org\/{rel}","templated":true}]}}

Doğu Avrupa Tarihi

<p>Türkiye’de Doğu Avrupa tarihi, kültürü ve coğrafyası ile ilgili bilimsel literatürün yetersiz olduğu maalesef Rusya-Ukrayna Savaşı ile daha net bir şekilde ortaya çıkmıştır. Bilindiği üzere Doğu Avrupa’da Anadolu gibi yüzyıllar boyunca Türklere yurtluk yapmış bir coğrafyadır. “Doğu Avrupa Tarihi &#8211; Yeni Bulgular ve Yaklaşımlar” adlı eserimiz bu eksikliği gidermek üzere alanın uzmanları tarafından kaleme alınan makalelerden oluşmakta ve son yapılan araştırmaların ışığında elde edilen verileri Türk bilim dünyasının hizmetine sunmaktadır.</p>

<p>Türkiye’de Doğu Avrupa tarihi, kültürü ve coğrafyası ile ilgili bilimsel literatürün yetersiz olduğu maalesef Rusya-Ukrayna Savaşı ile daha net bir şekilde ortaya çıkmıştır. Bilindiği üzere Doğu<span class="excerpt-hellip"> […]</span></p>
