{"id":758095,"date":"2025-08-28T07:55:20","date_gmt":"2025-08-28T04:55:20","guid":{"rendered":"https:\/\/roveyayinevi.com.tr\/index.php\/urun\/oyunlastirma-101-kutuphaneler-icin-oyunlastirma-fikirleri\/"},"modified":"2026-04-16T03:11:17","modified_gmt":"2026-04-16T00:11:17","slug":"oyunlastirma-101-kutuphaneler-icin-oyunlastirma-fikirleri","status":"publish","type":"product","link":"https:\/\/roveyayinevi.com.tr\/index.php\/urun\/oyunlastirma-101-kutuphaneler-icin-oyunlastirma-fikirleri\/","title":{"rendered":"Oyunla\u015ft\u0131rma 101: K\u00fct\u00fcphaneler \u0130\u00e7in Oyunla\u015ft\u0131rma Fikirleri"},"content":{"rendered":"<p>K\u00fct\u00fcphaneler, tarih boyunca bilginin sakland\u0131\u011f\u0131, payla\u015f\u0131ld\u0131\u011f\u0131 ve aktar\u0131ld\u0131\u011f\u0131 yerler olarak kar\u015f\u0131m\u0131za \u00e7\u0131kar. Ancak dijital d\u00f6nemin getirdi\u011fi h\u0131zl\u0131 de\u011fi\u015fimle, k\u00fct\u00fcphaneler de evrim ge\u00e7irmeye ve kullan\u0131c\u0131lar\u0131na daha etkile\u015fimli deneyimler sunmaya ba\u015flam\u0131\u015ft\u0131r. Peki bu etkile\u015fimi en \u00fcst d\u00fczeye ta\u015f\u0131man\u0131n yolu nedir? Cevap basit: Oyunla\u015ft\u0131rma.Bu eser, oyunla\u015ft\u0131rman\u0131n k\u00fct\u00fcphanecilikte nas\u0131l uygulanabilece\u011fini, kullan\u0131c\u0131 deneyimini nas\u0131l zenginle\u015ftirebilece\u011fini detayl\u0131 bir \u015fekilde ele almaktad\u0131r. Oyunla\u015ft\u0131rma modellerinden, farkl\u0131 k\u00fct\u00fcphane t\u00fcrlerine \u00f6zg\u00fc oyunla\u015ft\u0131rma fikirlerine kadar geni\u015f bir yelpazede konulara de\u011finilmektedir. K\u00fct\u00fcphanelerin dijital \u00e7a\u011f\u0131n getirdi\u011fi yenilikleri nas\u0131l kucaklayabilece\u011fini, kullan\u0131c\u0131lar\u0131 nas\u0131l daha aktif ve motive edebilece\u011fini bu kitapla ke\u015ffedin.\u00dcniversite k\u00fct\u00fcphanelerinden, halk k\u00fct\u00fcphanelerine, \u00e7ocuk k\u00fct\u00fcphanelerinden yenilik\u00e7i teknolojilere kadar bir\u00e7ok farkl\u0131 alan\u0131 ele alan bu kitap, k\u00fct\u00fcphanecilere oyunla\u015ft\u0131rman\u0131n potansiyelini g\u00f6steriyor. Pratik \u00f6rnekler, uygulama rehberleri ve ger\u00e7ek deneyimlerle zenginle\u015ftirilmi\u015f b\u00f6l\u00fcmler sayesinde, k\u00fct\u00fcphanenizde oyunla\u015ft\u0131rmay\u0131 nas\u0131l ba\u015flataca\u011f\u0131n\u0131za dair net ve somut bilgilere ula\u015fabileceksiniz.Oyunla\u015ft\u0131rman\u0131n sadece bir oyun olmad\u0131\u011f\u0131n\u0131, asl\u0131nda kullan\u0131c\u0131 deneyimini ve kat\u0131l\u0131m\u0131n\u0131 art\u0131rman\u0131n etkili bir yolu oldu\u011funu bu kitapla anlayacaks\u0131n\u0131z. Hem k\u00fct\u00fcphanecilere hem de bilgiye susam\u0131\u015f okuyuculara rehberlik etmesi dile\u011fiyle&#8230; K\u00fct\u00fcphanelerdeki bilgiye eri\u015fim deneyimini yeniden \u015fekillendirin ve bu de\u011fi\u015fimin par\u00e7as\u0131 olun!<\/p>\n","protected":false},"excerpt":{"rendered":"<p>K\u00fct\u00fcphaneler, tarih boyunca bilginin sakland\u0131\u011f\u0131, payla\u015f\u0131ld\u0131\u011f\u0131 ve aktar\u0131ld\u0131\u011f\u0131 yerler olarak kar\u015f\u0131m\u0131za \u00e7\u0131kar. Ancak dijital d\u00f6nemin getirdi\u011fi h\u0131zl\u0131 de\u011fi\u015fimle, k\u00fct\u00fcphaneler de evrim ge\u00e7irmeye ve kullan\u0131c\u0131lar\u0131na daha etkile\u015fimli<span class=\"excerpt-hellip\"> [\u2026]<\/span><\/p>\n","protected":false},"featured_media":0,"template":"","meta":{"_monsterinsights_skip_tracking":false,"_monsterinsights_sitenote_active":false,"_monsterinsights_sitenote_note":"","_monsterinsights_sitenote_category":0},"product_brand":[],"product_cat":[12573,12566],"product_tag":[],"class_list":{"0":"post-758095","1":"product","2":"type-product","3":"status-publish","5":"product_cat-akademik-kitaplar","6":"product_cat-egitim","7":"pa_cilt-ciltsiz","8":"pa_tur-kitap","9":"pa_yayinevi-ideal-kultur-akademik","10":"pa_yazar-ayhan-bozkurt","12":"first","13":"instock","14":"sale","15":"shipping-taxable","16":"purchasable","17":"product-type-simple"},"_links":{"self":[{"href":"https:\/\/roveyayinevi.com.tr\/index.php\/wp-json\/wp\/v2\/product\/758095","targetHints":{"allow":["GET"]}}],"collection":[{"href":"https:\/\/roveyayinevi.com.tr\/index.php\/wp-json\/wp\/v2\/product"}],"about":[{"href":"https:\/\/roveyayinevi.com.tr\/index.php\/wp-json\/wp\/v2\/types\/product"}],"wp:attachment":[{"href":"https:\/\/roveyayinevi.com.tr\/index.php\/wp-json\/wp\/v2\/media?parent=758095"}],"wp:term":[{"taxonomy":"product_brand","embeddable":true,"href":"https:\/\/roveyayinevi.com.tr\/index.php\/wp-json\/wp\/v2\/product_brand?post=758095"},{"taxonomy":"product_cat","embeddable":true,"href":"https:\/\/roveyayinevi.com.tr\/index.php\/wp-json\/wp\/v2\/product_cat?post=758095"},{"taxonomy":"product_tag","embeddable":true,"href":"https:\/\/roveyayinevi.com.tr\/index.php\/wp-json\/wp\/v2\/product_tag?post=758095"}],"curies":[{"name":"wp","href":"https:\/\/api.w.org\/{rel}","templated":true}]}}