{"id":758092,"date":"2025-08-28T07:55:16","date_gmt":"2025-08-28T04:55:16","guid":{"rendered":"https:\/\/roveyayinevi.com.tr\/index.php\/urun\/arzuhallerin-soyledikleri\/"},"modified":"2026-04-16T03:11:17","modified_gmt":"2026-04-16T00:11:17","slug":"arzuhallerin-soyledikleri","status":"publish","type":"product","link":"https:\/\/roveyayinevi.com.tr\/index.php\/urun\/arzuhallerin-soyledikleri\/","title":{"rendered":"Arzuhallerin S\u00f6yledikleri"},"content":{"rendered":"<p>Bir devletin \u00e7a\u011f\u0131na ayak uydurmas\u0131 ve bekas\u0131n\u0131 s\u00fcrd\u00fcrebilmesi noktas\u0131nda en \u00f6nemli \u015fey adalettir. Bir h\u00fck\u00fcmdar, devletteki hiyerar\u015fik d\u00fczeni adalet temeline oturttu\u011fu zaman d\u00f6ng\u00fcsel olarak devletteki t\u00fcm yap\u0131n\u0131n i\u015fleyi\u015fini de d\u00fczenlemi\u015f olmaktad\u0131r. Devletteki adalet zincirinin en \u00f6nemli halkas\u0131 ise \u015fik\u00e2yet etme hakk\u0131d\u0131r.Bu \u00e7al\u0131\u015fmada 1788-1789 tarihleri aras\u0131n\u0131 kapsayan 11 adet Atik \u015eik\u00e2yet Defteri incelenerek Osmanl\u0131 halk\u0131n\u0131n 18. y\u00fczy\u0131l\u0131n son \u00e7eyre\u011fi ve 19. y\u00fczy\u0131l\u0131n ilk \u00e7eyre\u011finde y\u015fad\u0131\u011f\u0131 problemler tespit edilmeye \u00e7al\u0131\u015f\u0131lm\u0131\u015ft\u0131r. B\u00f6ylelikle bu d\u00f6nem aral\u0131\u011f\u0131nda Osmanl\u0131 Devleti\u2019nin sosyo- ekonomik durumu, Osmanl\u0131 toplumunun o d\u00f6nemde kar\u015f\u0131la\u015ft\u0131klar\u0131 sorunlar ve ya\u015fanan karga\u015fan\u0131n topluma yans\u0131mas\u0131 ortaya konulmaya \u00e7al\u0131\u015f\u0131lm\u0131\u015ft\u0131r.<\/p>\n","protected":false},"excerpt":{"rendered":"<p>Bir devletin \u00e7a\u011f\u0131na ayak uydurmas\u0131 ve bekas\u0131n\u0131 s\u00fcrd\u00fcrebilmesi noktas\u0131nda en \u00f6nemli \u015fey adalettir. Bir h\u00fck\u00fcmdar, devletteki hiyerar\u015fik d\u00fczeni adalet temeline oturttu\u011fu zaman d\u00f6ng\u00fcsel olarak devletteki t\u00fcm<span class=\"excerpt-hellip\"> [\u2026]<\/span><\/p>\n","protected":false},"featured_media":0,"template":"","meta":{"_monsterinsights_skip_tracking":false,"_monsterinsights_sitenote_active":false,"_monsterinsights_sitenote_note":"","_monsterinsights_sitenote_category":0},"product_brand":[],"product_cat":[12370,12304],"product_tag":[],"class_list":{"0":"post-758092","1":"product","2":"type-product","3":"status-publish","5":"product_cat-arastirma-inceleme","6":"product_cat-tarih","7":"pa_cilt-ciltsiz","8":"pa_tur-kitap","9":"pa_yayinevi-ideal-kultur-akademik","10":"pa_yazar-kader-demir-kirayit","12":"first","13":"instock","14":"sale","15":"shipping-taxable","16":"purchasable","17":"product-type-simple"},"_links":{"self":[{"href":"https:\/\/roveyayinevi.com.tr\/index.php\/wp-json\/wp\/v2\/product\/758092","targetHints":{"allow":["GET"]}}],"collection":[{"href":"https:\/\/roveyayinevi.com.tr\/index.php\/wp-json\/wp\/v2\/product"}],"about":[{"href":"https:\/\/roveyayinevi.com.tr\/index.php\/wp-json\/wp\/v2\/types\/product"}],"wp:attachment":[{"href":"https:\/\/roveyayinevi.com.tr\/index.php\/wp-json\/wp\/v2\/media?parent=758092"}],"wp:term":[{"taxonomy":"product_brand","embeddable":true,"href":"https:\/\/roveyayinevi.com.tr\/index.php\/wp-json\/wp\/v2\/product_brand?post=758092"},{"taxonomy":"product_cat","embeddable":true,"href":"https:\/\/roveyayinevi.com.tr\/index.php\/wp-json\/wp\/v2\/product_cat?post=758092"},{"taxonomy":"product_tag","embeddable":true,"href":"https:\/\/roveyayinevi.com.tr\/index.php\/wp-json\/wp\/v2\/product_tag?post=758092"}],"curies":[{"name":"wp","href":"https:\/\/api.w.org\/{rel}","templated":true}]}}