{"id":758081,"date":"2025-08-28T07:55:01","date_gmt":"2025-08-28T04:55:01","guid":{"rendered":"https:\/\/roveyayinevi.com.tr\/index.php\/urun\/dogu-romayi-titreten-guc-tuna-bulgar-kagani-simeon-ve-donemi-863-927\/"},"modified":"2026-04-16T03:11:16","modified_gmt":"2026-04-16T00:11:16","slug":"dogu-romayi-titreten-guc-tuna-bulgar-kagani-simeon-ve-donemi-863-927","status":"publish","type":"product","link":"https:\/\/roveyayinevi.com.tr\/index.php\/urun\/dogu-romayi-titreten-guc-tuna-bulgar-kagani-simeon-ve-donemi-863-927\/","title":{"rendered":"Do\u011fu Roma&#8217;y\u0131 Titreten G\u00fc\u00e7 &#8211; Tuna Bulgar Ka\u011fan\u0131 Simeon ve D\u00f6nemi (863-927)"},"content":{"rendered":"<p>T\u00fcrkistan\u2019dan Orta Avrupa\u2019ya kadar uzanan \u00e7ok geni\u015f bir co\u011frafyada varl\u0131k g\u00f6steren ve tarihi milattan \u00f6nceki y\u00fczy\u0131llara kadar uzanan T\u00fcrk milletinin i\u00e7erisinde kendisine \u00f6zel bir yer edinen Bulgarlar, kurduklar\u0131 g\u00fc\u00e7l\u00fc Tuna Bulgar Ka\u011fanl\u0131\u011f\u0131 ile d\u00f6nemlerine damga vurmu\u015flard\u0131r. Nitekim Kafkaslar\u0131n ve Karadeniz\u2019in kuzeyindeki bozk\u0131rlardan gelip Balkanlarda Do\u011fu Roma\u2019y\u0131 zor durumda b\u0131rakacak kadar b\u00fcy\u00fck bir ka\u011fanl\u0131k kuran Bulgarlar, 450-950 y\u0131llar\u0131 aras\u0131nda Do\u011fu Avrupa ve Do\u011fu Roma tarihinde \u201cBulgar \u00c7a\u011f\u0131\u201d ad\u0131 da verilebilecek derecede \u00f6nemli bir rol oynam\u0131\u015flard\u0131r. Bug\u00fcne kadar yap\u0131lan arkeolojik ve dil ara\u015ft\u0131rmalar\u0131n\u0131n \u0131\u015f\u0131\u011f\u0131nda bilim d\u00fcnyas\u0131n\u0131n kurucular\u0131n\u0131n T\u00fcrk olduklar\u0131 konusunda \u015f\u00fcphe duymad\u0131\u011f\u0131, Tuna Bulgar Ka\u011fanl\u0131\u011f\u0131 veya Bat\u0131l\u0131 tarih\u00e7ilerin Birinci Bulgar \u0130mparatorlu\u011fu ad\u0131n\u0131 verdikleri bu ka\u011fanl\u0131k, ilk ba\u015fta sahip oldu\u011fu T\u00fcrk karakterini, y\u0131llar i\u00e7inde Slavlarla kar\u0131\u015farak kaybetmi\u015ftir.Eser, Orta \u00c7a\u011f\u2019da Do\u011fu Avrupa\u2019da b\u00fcy\u00fck bir g\u00fc\u00e7 olan Birinci Bulgar Ka\u011fanl\u0131\u011f\u0131\u2019na alt\u0131n devrini ya\u015fatan B\u00fcy\u00fck Ka\u011fan Simeon ve onun h\u00fck\u00fcmdarl\u0131k d\u00f6nemini (893-927) ele almaktad\u0131r.<\/p>\n","protected":false},"excerpt":{"rendered":"<p>T\u00fcrkistan\u2019dan Orta Avrupa\u2019ya kadar uzanan \u00e7ok geni\u015f bir co\u011frafyada varl\u0131k g\u00f6steren ve tarihi milattan \u00f6nceki y\u00fczy\u0131llara kadar uzanan T\u00fcrk milletinin i\u00e7erisinde kendisine \u00f6zel bir yer edinen<span class=\"excerpt-hellip\"> [\u2026]<\/span><\/p>\n","protected":false},"featured_media":0,"template":"","meta":{"_monsterinsights_skip_tracking":false,"_monsterinsights_sitenote_active":false,"_monsterinsights_sitenote_note":"","_monsterinsights_sitenote_category":0},"product_brand":[],"product_cat":[12337],"product_tag":[],"class_list":{"0":"post-758081","1":"product","2":"type-product","3":"status-publish","5":"product_cat-politika-siyaset","6":"pa_cilt-ciltsiz","7":"pa_tur-kitap","8":"pa_yayinevi-ideal-kultur-akademik","9":"pa_yazar-ayse-kazdal","11":"first","12":"instock","13":"sale","14":"shipping-taxable","15":"purchasable","16":"product-type-simple"},"_links":{"self":[{"href":"https:\/\/roveyayinevi.com.tr\/index.php\/wp-json\/wp\/v2\/product\/758081","targetHints":{"allow":["GET"]}}],"collection":[{"href":"https:\/\/roveyayinevi.com.tr\/index.php\/wp-json\/wp\/v2\/product"}],"about":[{"href":"https:\/\/roveyayinevi.com.tr\/index.php\/wp-json\/wp\/v2\/types\/product"}],"wp:attachment":[{"href":"https:\/\/roveyayinevi.com.tr\/index.php\/wp-json\/wp\/v2\/media?parent=758081"}],"wp:term":[{"taxonomy":"product_brand","embeddable":true,"href":"https:\/\/roveyayinevi.com.tr\/index.php\/wp-json\/wp\/v2\/product_brand?post=758081"},{"taxonomy":"product_cat","embeddable":true,"href":"https:\/\/roveyayinevi.com.tr\/index.php\/wp-json\/wp\/v2\/product_cat?post=758081"},{"taxonomy":"product_tag","embeddable":true,"href":"https:\/\/roveyayinevi.com.tr\/index.php\/wp-json\/wp\/v2\/product_tag?post=758081"}],"curies":[{"name":"wp","href":"https:\/\/api.w.org\/{rel}","templated":true}]}}