{"id":758073,"date":"2025-08-28T07:54:49","date_gmt":"2025-08-28T04:54:49","guid":{"rendered":"https:\/\/roveyayinevi.com.tr\/index.php\/urun\/bir-cihan-hakimi-kanuni-sultan-suleyman-han\/"},"modified":"2026-04-16T03:11:16","modified_gmt":"2026-04-16T00:11:16","slug":"bir-cihan-hakimi-kanuni-sultan-suleyman-han","status":"publish","type":"product","link":"https:\/\/roveyayinevi.com.tr\/index.php\/urun\/bir-cihan-hakimi-kanuni-sultan-suleyman-han\/","title":{"rendered":"Bir Cihan Hakimi Kanuni Sultan S\u00fcleyman Han"},"content":{"rendered":"<p>Avrupal\u0131lar\u0131n muhte\u015fem ve b\u00fcy\u00fck s\u0131fatlar\u0131yla and\u0131klar\u0131 y\u00fcce sultan.Fetvalar\u0131yla beraber g\u00f6m\u00fclmesini vasiyet edecek kadar kanunlar\u0131 ve onlara bizzat kendisinin riayette g\u00f6sterdi\u011fi hassasiyet \u00fczerine Kanuni \u00fcnvan\u0131yla y\u00e2d edilen koca h\u00fck\u00fcmdar.46 y\u0131l gibi uzun bir s\u00fcre Osmanl\u0131 taht\u0131nda kalan, bu s\u00fcre zarf\u0131nda kar\u015f\u0131s\u0131nda d\u00fc\u015fmanlar\u0131n\u0131n dizlerinin \u00e7\u00f6z\u00fcld\u00fc\u011f\u00fc \u0130slam halifesi.Saltanat\u0131nda bizzat 13 sefere \u00e7\u0131kan, cepheden cepheye ko\u015fan, bu seferlerde 10 y\u0131l ba\u015f\u015fehir \u0130stanbul&#8217;dan ayr\u0131 kalan, kendine yak\u0131\u015f\u0131r \u015fekilde sava\u015f meydan\u0131nda \u015fehiden vefat eden Kanuni Sultan S\u00fcleyman Han.Bir kimseye s\u00f6ylenebilecek her t\u00fcrl\u00fc iltifat\u0131 ya\u015fam bi\u00e7imi, zaferleri ve hayratlar\u0131 ile s\u00f6zden evvel kendisi g\u00f6steren Kanuni Sultan S\u00fcleyman Han, elinizdeki bu eserle \u00f6z bir \u015fekilde tan\u0131t\u0131lmaya \u00e7al\u0131\u015f\u0131ld\u0131. Hayat\u0131 k\u0131sa ba\u015fl\u0131klar alt\u0131nda sade bir dille anlat\u0131l\u0131rken, farkl\u0131 y\u0131llarda ve konulara ili\u015fkin verdi\u011fi fermanlardan \u00f6rneklerle d\u00f6nemin daha iyi bilinmesi ve Kanuni Sultan S\u00fcleyman Han&#8217;\u0131n karakterinin ve d\u00fc\u015f\u00fcnce tarz\u0131n\u0131n daha iyi anla\u015f\u0131lmas\u0131 hedeflenmi\u015ftir.<\/p>\n","protected":false},"excerpt":{"rendered":"<p>Avrupal\u0131lar\u0131n muhte\u015fem ve b\u00fcy\u00fck s\u0131fatlar\u0131yla and\u0131klar\u0131 y\u00fcce sultan.Fetvalar\u0131yla beraber g\u00f6m\u00fclmesini vasiyet edecek kadar kanunlar\u0131 ve onlara bizzat kendisinin riayette g\u00f6sterdi\u011fi hassasiyet \u00fczerine Kanuni \u00fcnvan\u0131yla y\u00e2d edilen<span class=\"excerpt-hellip\"> [\u2026]<\/span><\/p>\n","protected":false},"featured_media":0,"template":"","meta":{"_monsterinsights_skip_tracking":false,"_monsterinsights_sitenote_active":false,"_monsterinsights_sitenote_note":"","_monsterinsights_sitenote_category":0},"product_brand":[],"product_cat":[12370,12304],"product_tag":[],"class_list":{"0":"post-758073","1":"product","2":"type-product","3":"status-publish","5":"product_cat-arastirma-inceleme","6":"product_cat-tarih","7":"pa_cilt-ciltsiz","8":"pa_tur-kitap","9":"pa_yayinevi-ideal-kultur-yayincilik","10":"pa_yazar-ebul-faruk-onal","11":"pa_yazar-rasit-gundogdu","13":"first","14":"instock","15":"sale","16":"shipping-taxable","17":"purchasable","18":"product-type-simple"},"_links":{"self":[{"href":"https:\/\/roveyayinevi.com.tr\/index.php\/wp-json\/wp\/v2\/product\/758073","targetHints":{"allow":["GET"]}}],"collection":[{"href":"https:\/\/roveyayinevi.com.tr\/index.php\/wp-json\/wp\/v2\/product"}],"about":[{"href":"https:\/\/roveyayinevi.com.tr\/index.php\/wp-json\/wp\/v2\/types\/product"}],"wp:attachment":[{"href":"https:\/\/roveyayinevi.com.tr\/index.php\/wp-json\/wp\/v2\/media?parent=758073"}],"wp:term":[{"taxonomy":"product_brand","embeddable":true,"href":"https:\/\/roveyayinevi.com.tr\/index.php\/wp-json\/wp\/v2\/product_brand?post=758073"},{"taxonomy":"product_cat","embeddable":true,"href":"https:\/\/roveyayinevi.com.tr\/index.php\/wp-json\/wp\/v2\/product_cat?post=758073"},{"taxonomy":"product_tag","embeddable":true,"href":"https:\/\/roveyayinevi.com.tr\/index.php\/wp-json\/wp\/v2\/product_tag?post=758073"}],"curies":[{"name":"wp","href":"https:\/\/api.w.org\/{rel}","templated":true}]}}