{"id":758069,"date":"2025-08-28T07:54:45","date_gmt":"2025-08-28T04:54:45","guid":{"rendered":"https:\/\/roveyayinevi.com.tr\/index.php\/urun\/mikrop-salgin-ve-toplum\/"},"modified":"2026-04-16T03:11:16","modified_gmt":"2026-04-16T00:11:16","slug":"mikrop-salgin-ve-toplum","status":"publish","type":"product","link":"https:\/\/roveyayinevi.com.tr\/index.php\/urun\/mikrop-salgin-ve-toplum\/","title":{"rendered":"Mikrop, Salg\u0131n ve Toplum"},"content":{"rendered":"<p>\u0130nsanl\u0131k tarihi yaz\u0131l\u0131rken; siyasi, co\u011frafi, dini, sosyal ve ekonomik fakt\u00f6rler hep \u00f6n planda olmu\u015f, jeolojik ve meteorolojik afetler ile salg\u0131n hastal\u0131klar\u0131n bu ana fakt\u00f6rleri do\u011frudan etkiledi\u011fi hususu, \u00e7o\u011fu zaman gerekti\u011fi kadar dikkate al\u0131nmam\u0131\u015ft\u0131r. Oysa salg\u0131n hastal\u0131klar insanl\u0131k tarihinin \u015fekillenmesine belki de en \u00e7ok tesiri olan fakt\u00f6rlerden birisidir.Eski\u00e7a\u011flardan 19. y\u00fczy\u0131l\u0131n sonuna kadar, salg\u0131n \u00f6zelli\u011fi g\u00f6steren bula\u015f\u0131c\u0131 hastal\u0131klar hep g\u00fcndemde olmu\u015flard\u0131r. \u00d6zellikle veba, s\u0131tma, grip ve kolera salg\u0131nlar\u0131n\u0131n dikkate de\u011fer sonu\u00e7lar\u0131n\u0131n oldu\u011funun alt\u0131n\u0131 \u00e7izmek gerekir. Sava\u015flar\u0131n, muhasaralar\u0131n ve seferlerin kaybedilmesi veya kazan\u0131lmas\u0131n\u0131n a\u011f\u0131rl\u0131kl\u0131 sebebi salg\u0131n hastal\u0131klar olmu\u015f, Orta ve Yeni\u00e7a\u011flarda insanlar korku ve \u00e7aresizlik i\u00e7inde hastal\u0131klara boyun e\u011fmi\u015flerdir. Psikolojileri bozulmu\u015f, bedenen diren\u00e7siz kalm\u0131\u015flar, ya\u015fad\u0131klar\u0131 yerlerden g\u00f6\u00e7 etmi\u015fler, ailelerini terk etmi\u015fler hatta canlar\u0131na dahi k\u0131yabilmi\u015flerdir.Bu kitap, T\u00fcrkiye&#8217;de bu konuda eser veren ilk akademisyenlerden birisi olan Prof. Dr. Orhan K\u0131l\u0131\u00e7&#8217;\u0131n yirmi y\u0131la yak\u0131n bir s\u00fcredir olu\u015fturdu\u011fu bilgi birikiminin bir \u00fcr\u00fcn\u00fcd\u00fcr. D\u00fcnya ve \u00f6zelde Osmanl\u0131 \u00fclkesi \u00f6l\u00e7ekli ele al\u0131nan salg\u0131nlar; siyasi, askeri, co\u011frafi, demografik, dini, edebi, k\u00fclt\u00fcrel ve sosyal bak\u0131mdan b\u00fct\u00fcn y\u00f6nleri ile de\u011ferlendirilmi\u015ftir. Tarihe salg\u0131n hastal\u0131klar penceresinden bakan bu \u00e7al\u0131\u015fma, okuyucunun tarihi olaylar\u0131 farkl\u0131 bir perspektiften de\u011ferlendirmesini ama\u00e7l\u0131yor.<\/p>\n","protected":false},"excerpt":{"rendered":"<p>\u0130nsanl\u0131k tarihi yaz\u0131l\u0131rken; siyasi, co\u011frafi, dini, sosyal ve ekonomik fakt\u00f6rler hep \u00f6n planda olmu\u015f, jeolojik ve meteorolojik afetler ile salg\u0131n hastal\u0131klar\u0131n bu ana fakt\u00f6rleri do\u011frudan etkiledi\u011fi<span class=\"excerpt-hellip\"> [\u2026]<\/span><\/p>\n","protected":false},"featured_media":0,"template":"","meta":{"_monsterinsights_skip_tracking":false,"_monsterinsights_sitenote_active":false,"_monsterinsights_sitenote_note":"","_monsterinsights_sitenote_category":0},"product_brand":[],"product_cat":[12370,12304],"product_tag":[],"class_list":{"0":"post-758069","1":"product","2":"type-product","3":"status-publish","5":"product_cat-arastirma-inceleme","6":"product_cat-tarih","7":"pa_cilt-ciltsiz","8":"pa_tur-kitap","9":"pa_yayinevi-ideal-kultur-yayincilik","10":"pa_yazar-orhan-kilic","12":"first","13":"instock","14":"sale","15":"shipping-taxable","16":"purchasable","17":"product-type-simple"},"_links":{"self":[{"href":"https:\/\/roveyayinevi.com.tr\/index.php\/wp-json\/wp\/v2\/product\/758069","targetHints":{"allow":["GET"]}}],"collection":[{"href":"https:\/\/roveyayinevi.com.tr\/index.php\/wp-json\/wp\/v2\/product"}],"about":[{"href":"https:\/\/roveyayinevi.com.tr\/index.php\/wp-json\/wp\/v2\/types\/product"}],"wp:attachment":[{"href":"https:\/\/roveyayinevi.com.tr\/index.php\/wp-json\/wp\/v2\/media?parent=758069"}],"wp:term":[{"taxonomy":"product_brand","embeddable":true,"href":"https:\/\/roveyayinevi.com.tr\/index.php\/wp-json\/wp\/v2\/product_brand?post=758069"},{"taxonomy":"product_cat","embeddable":true,"href":"https:\/\/roveyayinevi.com.tr\/index.php\/wp-json\/wp\/v2\/product_cat?post=758069"},{"taxonomy":"product_tag","embeddable":true,"href":"https:\/\/roveyayinevi.com.tr\/index.php\/wp-json\/wp\/v2\/product_tag?post=758069"}],"curies":[{"name":"wp","href":"https:\/\/api.w.org\/{rel}","templated":true}]}}