{"id":758058,"date":"2025-08-28T07:54:28","date_gmt":"2025-08-28T04:54:28","guid":{"rendered":"https:\/\/roveyayinevi.com.tr\/index.php\/urun\/bahti\/"},"modified":"2026-04-16T03:11:16","modified_gmt":"2026-04-16T00:11:16","slug":"bahti","status":"publish","type":"product","link":"https:\/\/roveyayinevi.com.tr\/index.php\/urun\/bahti\/","title":{"rendered":"Bahti"},"content":{"rendered":"<p>M\u00fclk\u00fcn ve s\u00f6z\u00fcn sultan\u0131 olan Osmanl\u0131 padi\u015fahlar\u0131, kalemi ve k\u00e2\u011f\u0131d\u0131 dost bilerek i\u00e7 d\u00fcnyalar\u0131n\u0131 m\u0131sralara d\u00f6km\u00fc\u015ft\u00fcr. Sava\u015f meydanlar\u0131na ordu sevk eden, k\u0131talara d\u00f6rt nala atlar\u0131n\u0131 s\u00fcren sultanlar, kalemleriyle de s\u00f6z m\u00fclk\u00fcn\u00fc fethetmek i\u00e7in \u015fiir meydan\u0131nda m\u00fccadele vermi\u015flerdir. Sultan I. Ahmet, manev\u00ee bir fetret devrinin ard\u0131ndan; Fatihler, Yavuzlar, Kan\u00fbn\u00eeler yeti\u015ftiren m\u00fcbarek Osmanl\u0131 soyunun verdi\u011fi dedelerine yak\u0131\u015f\u0131r bir meyvedir. Bu durum \u015fiir vadisinde de kendini g\u00f6stermi\u015ftir.Elinizdeki kitapta, Osmanl\u0131n\u0131n 14. h\u00fck\u00fcmdar\u0131 olan ve 14 sene h\u00fck\u00fcm s\u00fcren Sultan I. Ahmet&#8217;in hayat\u0131 anlat\u0131ld\u0131ktan sonra edeb\u00ee ki\u015fili\u011fi ele al\u0131nm\u0131\u015ft\u0131r. Divan&#8217;\u0131ndan se\u00e7ilen 61 \u015fiir g\u00fcn\u00fcm\u00fcz T\u00fcrk\u00e7esine aktar\u0131lm\u0131\u015f, \u015fiirlerin genel de\u011ferlendirmesi yap\u0131lm\u0131\u015ft\u0131r. Ayr\u0131ca baz\u0131 kelimelerin anlamlar\u0131 verilmi\u015f, \u00fczerinde durulmas\u0131 gereken kavramlar da Motifler ve Terimler S\u00f6zl\u00fc\u011f\u00fc&#8217;nde a\u00e7\u0131klanm\u0131\u015ft\u0131r.<\/p>\n","protected":false},"excerpt":{"rendered":"<p>M\u00fclk\u00fcn ve s\u00f6z\u00fcn sultan\u0131 olan Osmanl\u0131 padi\u015fahlar\u0131, kalemi ve k\u00e2\u011f\u0131d\u0131 dost bilerek i\u00e7 d\u00fcnyalar\u0131n\u0131 m\u0131sralara d\u00f6km\u00fc\u015ft\u00fcr. Sava\u015f meydanlar\u0131na ordu sevk eden, k\u0131talara d\u00f6rt nala atlar\u0131n\u0131 s\u00fcren<span class=\"excerpt-hellip\"> [\u2026]<\/span><\/p>\n","protected":false},"featured_media":0,"template":"","meta":{"_monsterinsights_skip_tracking":false,"_monsterinsights_sitenote_active":false,"_monsterinsights_sitenote_note":"","_monsterinsights_sitenote_category":0},"product_brand":[],"product_cat":[12370,12304],"product_tag":[],"class_list":{"0":"post-758058","1":"product","2":"type-product","3":"status-publish","5":"product_cat-arastirma-inceleme","6":"product_cat-tarih","7":"pa_cilt-ciltsiz","8":"pa_tur-kitap","9":"pa_yayinevi-ideal-kultur-yayincilik","10":"pa_yazar-bunyamin-aycicegi","12":"first","13":"instock","14":"sale","15":"shipping-taxable","16":"purchasable","17":"product-type-simple"},"_links":{"self":[{"href":"https:\/\/roveyayinevi.com.tr\/index.php\/wp-json\/wp\/v2\/product\/758058","targetHints":{"allow":["GET"]}}],"collection":[{"href":"https:\/\/roveyayinevi.com.tr\/index.php\/wp-json\/wp\/v2\/product"}],"about":[{"href":"https:\/\/roveyayinevi.com.tr\/index.php\/wp-json\/wp\/v2\/types\/product"}],"wp:attachment":[{"href":"https:\/\/roveyayinevi.com.tr\/index.php\/wp-json\/wp\/v2\/media?parent=758058"}],"wp:term":[{"taxonomy":"product_brand","embeddable":true,"href":"https:\/\/roveyayinevi.com.tr\/index.php\/wp-json\/wp\/v2\/product_brand?post=758058"},{"taxonomy":"product_cat","embeddable":true,"href":"https:\/\/roveyayinevi.com.tr\/index.php\/wp-json\/wp\/v2\/product_cat?post=758058"},{"taxonomy":"product_tag","embeddable":true,"href":"https:\/\/roveyayinevi.com.tr\/index.php\/wp-json\/wp\/v2\/product_tag?post=758058"}],"curies":[{"name":"wp","href":"https:\/\/api.w.org\/{rel}","templated":true}]}}