{"id":758057,"date":"2025-08-28T07:54:27","date_gmt":"2025-08-28T04:54:27","guid":{"rendered":"https:\/\/roveyayinevi.com.tr\/index.php\/urun\/muradi\/"},"modified":"2026-04-16T03:11:16","modified_gmt":"2026-04-16T00:11:16","slug":"muradi","status":"publish","type":"product","link":"https:\/\/roveyayinevi.com.tr\/index.php\/urun\/muradi\/","title":{"rendered":"Muradi"},"content":{"rendered":"<p>1574-1595 y\u0131llan aras\u0131nda h\u00fck\u00fcm s\u00fcren III. Murat, Osmanl\u0131 Devleti&#8217;nin en geni\u015f s\u0131n\u0131rlar\u0131na ula\u015ft\u0131\u011f\u0131 bir d\u00f6nemde bu muazzam devleti y\u00f6netmi\u015ftir. Mur\u00e2d ve Mur\u00e2d\u00ee mahlaslar\u0131yla 1700&#8217;den fazla \u015fiir yazarak bunlar\u0131 Divan&#8217;\u0131nda bir araya getiren Murat Han, Osmanl\u0131 gibi bir cihan devletinin sultan\u0131 olmas\u0131n\u0131n yan\u0131nda yazd\u0131\u011f\u0131 \u015fiirleriyle belagat \u00fclkesinin de sultan\u0131 olmay\u0131 ba\u015farabilmi\u015ftir. III. Murat&#8217;\u0131n hayat\u0131, edeb\u00ee ki\u015fili\u011fi ve \u015fiirlerinin se\u00e7kisini i\u00e7eren elinizdeki bu kitapla bir nebze olsun onun bu y\u00f6n\u00fc g\u00f6zler \u00f6n\u00fcne serilmeye \u00e7al\u0131\u015f\u0131lm\u0131\u015ft\u0131r. Kitapta, onun edeb\u00ee y\u00f6n\u00fcn\u00fc yans\u0131tt\u0131\u011f\u0131 d\u00fc\u015f\u00fcn\u00fclen 45 gazel ve 10 beytin g\u00fcn\u00fcm\u00fcz T\u00fcrk\u00e7esine aktar\u0131lm\u0131\u015f \u015fekline yer verilmi\u015ftir. Eserin sonuna \u201cMotifler ve Terimler S\u00f6zl\u00fc\u011f\u00fc\u201d eklenerek Sultan Murat&#8217;\u0131n \u015fiir esteti\u011fini \u015fekillendiren klasik T\u00fcrk edebiyat\u0131n\u0131n anlam d\u00fcnyas\u0131na k\u00fc\u00e7\u00fck bir pencere a\u00e7mak hedeflenmi\u015ftir.<\/p>\n","protected":false},"excerpt":{"rendered":"<p>1574-1595 y\u0131llan aras\u0131nda h\u00fck\u00fcm s\u00fcren III. Murat, Osmanl\u0131 Devleti&#8217;nin en geni\u015f s\u0131n\u0131rlar\u0131na ula\u015ft\u0131\u011f\u0131 bir d\u00f6nemde bu muazzam devleti y\u00f6netmi\u015ftir. Mur\u00e2d ve Mur\u00e2d\u00ee mahlaslar\u0131yla 1700&#8217;den fazla \u015fiir<span class=\"excerpt-hellip\"> [\u2026]<\/span><\/p>\n","protected":false},"featured_media":0,"template":"","meta":{"_monsterinsights_skip_tracking":false,"_monsterinsights_sitenote_active":false,"_monsterinsights_sitenote_note":"","_monsterinsights_sitenote_category":0},"product_brand":[],"product_cat":[12370,12304],"product_tag":[],"class_list":{"0":"post-758057","1":"product","2":"type-product","3":"status-publish","5":"product_cat-arastirma-inceleme","6":"product_cat-tarih","7":"pa_cilt-ciltsiz","8":"pa_tur-kitap","9":"pa_yayinevi-ideal-kultur-yayincilik","10":"pa_yazar-haci-ibrahim-demirkazik","12":"first","13":"instock","14":"sale","15":"shipping-taxable","16":"purchasable","17":"product-type-simple"},"_links":{"self":[{"href":"https:\/\/roveyayinevi.com.tr\/index.php\/wp-json\/wp\/v2\/product\/758057","targetHints":{"allow":["GET"]}}],"collection":[{"href":"https:\/\/roveyayinevi.com.tr\/index.php\/wp-json\/wp\/v2\/product"}],"about":[{"href":"https:\/\/roveyayinevi.com.tr\/index.php\/wp-json\/wp\/v2\/types\/product"}],"wp:attachment":[{"href":"https:\/\/roveyayinevi.com.tr\/index.php\/wp-json\/wp\/v2\/media?parent=758057"}],"wp:term":[{"taxonomy":"product_brand","embeddable":true,"href":"https:\/\/roveyayinevi.com.tr\/index.php\/wp-json\/wp\/v2\/product_brand?post=758057"},{"taxonomy":"product_cat","embeddable":true,"href":"https:\/\/roveyayinevi.com.tr\/index.php\/wp-json\/wp\/v2\/product_cat?post=758057"},{"taxonomy":"product_tag","embeddable":true,"href":"https:\/\/roveyayinevi.com.tr\/index.php\/wp-json\/wp\/v2\/product_tag?post=758057"}],"curies":[{"name":"wp","href":"https:\/\/api.w.org\/{rel}","templated":true}]}}