{"id":758054,"date":"2025-08-28T07:54:23","date_gmt":"2025-08-28T04:54:23","guid":{"rendered":"https:\/\/roveyayinevi.com.tr\/index.php\/urun\/cem\/"},"modified":"2026-04-16T03:11:16","modified_gmt":"2026-04-16T00:11:16","slug":"cem","status":"publish","type":"product","link":"https:\/\/roveyayinevi.com.tr\/index.php\/urun\/cem\/","title":{"rendered":"Cem"},"content":{"rendered":"<p>Cem Sultan, 36 y\u0131ll\u0131k \u00f6mr\u00fcn\u00fcn son on \u00fc\u00e7 y\u0131l\u0131n\u0131 Rodos&#8217;ta ve Avrupa \u015fehirlerinde s\u00fcrg\u00fcnde ge\u00e7irmi\u015f, Osmanl\u0131 hanedan\u0131n\u0131n \u201cgarip\u201d g\u00f6\u00e7m\u00fc\u015f simalar\u0131ndan biridir.Onun sultanl\u0131k burcunda parlamayan y\u0131ld\u0131z\u0131 \u015fiirin semalar\u0131nda y\u00fckselmi\u015f ve o sadece hanedan \u015fairleri i\u00e7inde de\u011fil bir b\u00fct\u00fcn olarak klasik T\u00fcrk \u015fiirinde de m\u00fcmtaz bir yere sahip olmu\u015ftur.Elinizdeki kitapta Cem Sultan&#8217;\u0131n T\u00fcrk\u00e7e divan\u0131ndan se\u00e7ilen \u015fiirler bir araya getirilmi\u015f ve Cem&#8217;in hayal d\u00fcnyas\u0131n\u0131n bug\u00fcn\u00fcn okuyucusu taraf\u0131ndan daha iyi anla\u015f\u0131lmas\u0131 i\u00e7in \u015fiirlerin bug\u00fcn\u00fcn T\u00fcrk\u00e7esiyle nesre \u00e7evirisi yap\u0131lm\u0131\u015ft\u0131r. Elinizdeki \u00e7al\u0131\u015fma, Cem&#8217;in bir me\u015fale gibi nesilden nesile devredilerek s\u00f6z \u0131\u015f\u0131\u011f\u0131n\u0131n daima yanmas\u0131na bir nebze de olsa katk\u0131 sa\u011flarsa amac\u0131na ula\u015fm\u0131\u015f olacakt\u0131r.<\/p>\n","protected":false},"excerpt":{"rendered":"<p>Cem Sultan, 36 y\u0131ll\u0131k \u00f6mr\u00fcn\u00fcn son on \u00fc\u00e7 y\u0131l\u0131n\u0131 Rodos&#8217;ta ve Avrupa \u015fehirlerinde s\u00fcrg\u00fcnde ge\u00e7irmi\u015f, Osmanl\u0131 hanedan\u0131n\u0131n \u201cgarip\u201d g\u00f6\u00e7m\u00fc\u015f simalar\u0131ndan biridir.Onun sultanl\u0131k burcunda parlamayan y\u0131ld\u0131z\u0131 \u015fiirin<span class=\"excerpt-hellip\"> [\u2026]<\/span><\/p>\n","protected":false},"featured_media":0,"template":"","meta":{"_monsterinsights_skip_tracking":false,"_monsterinsights_sitenote_active":false,"_monsterinsights_sitenote_note":"","_monsterinsights_sitenote_category":0},"product_brand":[],"product_cat":[12370,12304],"product_tag":[],"class_list":{"0":"post-758054","1":"product","2":"type-product","3":"status-publish","5":"product_cat-arastirma-inceleme","6":"product_cat-tarih","7":"pa_cilt-ciltsiz","8":"pa_tur-kitap","9":"pa_yayinevi-ideal-kultur-yayincilik","10":"pa_yazar-umran-ay","12":"first","13":"instock","14":"sale","15":"shipping-taxable","16":"purchasable","17":"product-type-simple"},"_links":{"self":[{"href":"https:\/\/roveyayinevi.com.tr\/index.php\/wp-json\/wp\/v2\/product\/758054","targetHints":{"allow":["GET"]}}],"collection":[{"href":"https:\/\/roveyayinevi.com.tr\/index.php\/wp-json\/wp\/v2\/product"}],"about":[{"href":"https:\/\/roveyayinevi.com.tr\/index.php\/wp-json\/wp\/v2\/types\/product"}],"wp:attachment":[{"href":"https:\/\/roveyayinevi.com.tr\/index.php\/wp-json\/wp\/v2\/media?parent=758054"}],"wp:term":[{"taxonomy":"product_brand","embeddable":true,"href":"https:\/\/roveyayinevi.com.tr\/index.php\/wp-json\/wp\/v2\/product_brand?post=758054"},{"taxonomy":"product_cat","embeddable":true,"href":"https:\/\/roveyayinevi.com.tr\/index.php\/wp-json\/wp\/v2\/product_cat?post=758054"},{"taxonomy":"product_tag","embeddable":true,"href":"https:\/\/roveyayinevi.com.tr\/index.php\/wp-json\/wp\/v2\/product_tag?post=758054"}],"curies":[{"name":"wp","href":"https:\/\/api.w.org\/{rel}","templated":true}]}}