{"id":758043,"date":"2025-08-28T07:54:08","date_gmt":"2025-08-28T04:54:08","guid":{"rendered":"https:\/\/roveyayinevi.com.tr\/index.php\/urun\/yonetici-el-klitabi\/"},"modified":"2026-04-16T03:11:16","modified_gmt":"2026-04-16T00:11:16","slug":"yonetici-el-klitabi","status":"publish","type":"product","link":"https:\/\/roveyayinevi.com.tr\/index.php\/urun\/yonetici-el-klitabi\/","title":{"rendered":"Y\u00f6netici El Klitab\u0131"},"content":{"rendered":"<p>Y\u00f6netim, \u00f6rg\u00fctleyici eylemleri ve bu eylemleri y\u00fcr\u00fcten ara\u00e7lar\u0131 adland\u0131rmak i\u00e7in kullan\u0131l\u0131r. Klasik anlamda y\u00f6netimin temel g\u00f6revi insanlar\u0131 ortak ama\u00e7 ve de\u011ferler etraf\u0131nda birle\u015ftirerek performanslar\u0131n\u0131 y\u00fckseltmek ve yeterli hale getirmektir. Y\u00f6netimin temel g\u00f6revi bug\u00fcnde ayn\u0131d\u0131r. Ancak bu g\u00f6revin ta\u015f\u0131d\u0131\u011f\u0131 anlam de\u011fi\u015fmi\u015ftir. Y\u00f6netici i\u00e7in en temel sorun, daha \u00f6nceden yap\u0131lanlar\u0131n nas\u0131l daha verimli hale getirilebilce\u011finin yan\u0131 s\u0131ra yeni ne yapmas\u0131 gerekti\u011fini bilmemektir.<\/p>\n","protected":false},"excerpt":{"rendered":"<p>Y\u00f6netim, \u00f6rg\u00fctleyici eylemleri ve bu eylemleri y\u00fcr\u00fcten ara\u00e7lar\u0131 adland\u0131rmak i\u00e7in kullan\u0131l\u0131r. Klasik anlamda y\u00f6netimin temel g\u00f6revi insanlar\u0131 ortak ama\u00e7 ve de\u011ferler etraf\u0131nda birle\u015ftirerek performanslar\u0131n\u0131 y\u00fckseltmek ve<span class=\"excerpt-hellip\"> [\u2026]<\/span><\/p>\n","protected":false},"featured_media":0,"template":"","meta":{"_monsterinsights_skip_tracking":false,"_monsterinsights_sitenote_active":false,"_monsterinsights_sitenote_note":"","_monsterinsights_sitenote_category":0},"product_brand":[],"product_cat":[13043,19008],"product_tag":[],"class_list":{"0":"post-758043","1":"product","2":"type-product","3":"status-publish","5":"product_cat-ekonomi","6":"product_cat-yonetim","7":"pa_cilt-ciltsiz","8":"pa_tur-kitap","9":"pa_yayinevi-ideal-kultur-yayincilik","10":"pa_yazar-ahmet-akbaba","12":"first","13":"instock","14":"sale","15":"shipping-taxable","16":"purchasable","17":"product-type-simple"},"_links":{"self":[{"href":"https:\/\/roveyayinevi.com.tr\/index.php\/wp-json\/wp\/v2\/product\/758043","targetHints":{"allow":["GET"]}}],"collection":[{"href":"https:\/\/roveyayinevi.com.tr\/index.php\/wp-json\/wp\/v2\/product"}],"about":[{"href":"https:\/\/roveyayinevi.com.tr\/index.php\/wp-json\/wp\/v2\/types\/product"}],"wp:attachment":[{"href":"https:\/\/roveyayinevi.com.tr\/index.php\/wp-json\/wp\/v2\/media?parent=758043"}],"wp:term":[{"taxonomy":"product_brand","embeddable":true,"href":"https:\/\/roveyayinevi.com.tr\/index.php\/wp-json\/wp\/v2\/product_brand?post=758043"},{"taxonomy":"product_cat","embeddable":true,"href":"https:\/\/roveyayinevi.com.tr\/index.php\/wp-json\/wp\/v2\/product_cat?post=758043"},{"taxonomy":"product_tag","embeddable":true,"href":"https:\/\/roveyayinevi.com.tr\/index.php\/wp-json\/wp\/v2\/product_tag?post=758043"}],"curies":[{"name":"wp","href":"https:\/\/api.w.org\/{rel}","templated":true}]}}