{"id":758042,"date":"2025-08-28T07:54:07","date_gmt":"2025-08-28T04:54:07","guid":{"rendered":"https:\/\/roveyayinevi.com.tr\/index.php\/urun\/ermenilere-yonelik-ermeni-teroru\/"},"modified":"2026-04-16T03:11:16","modified_gmt":"2026-04-16T00:11:16","slug":"ermenilere-yonelik-ermeni-teroru","status":"publish","type":"product","link":"https:\/\/roveyayinevi.com.tr\/index.php\/urun\/ermenilere-yonelik-ermeni-teroru\/","title":{"rendered":"Ermenilere Y\u00f6nelik Ermeni Ter\u00f6r\u00fc"},"content":{"rendered":"<p>Komiteci Ermenilerin kendi milletinden olan Ermenileri \u00f6ld\u00fcrmeleri 1890&#8217;l\u0131 y\u0131llardan ba\u015flayarak g\u00fcn\u00fcm\u00fcze kadar devam eden bir olgudur. Komiteciler, ama\u00e7lar\u0131na ula\u015fmak, kendilerine taraftar ve ekonomik kaynak sa\u011flamak amac\u0131yla, kendi dinda\u015flar\u0131na bask\u0131 yapm\u0131\u015flar, komitelere girmek istemeyenleri tehdit etmi\u015fler, bu tehditlere boyun e\u011fmeyenleri \u00f6ld\u00fcrm\u00fc\u015fler veya yaralam\u0131\u015flard\u0131r. Komiteciler, suikast yapacaklar\u0131 ki\u015fileri, genellikle Ermeni toplumu i\u00e7inde belirli mevkiler edinmi\u015f, Ermenilere y\u00f6n verebilen, madd\u00ee birikimleri olup, devletle iyi ili\u015fkileri bulunan ki\u015filer aras\u0131ndan se\u00e7mi\u015fler, Ermeni toplumuna, kendilerinin aleyhine \u00e7al\u0131\u015fan, konu\u015fan, ihbarda bulunan herkesin cezaland\u0131r\u0131laca\u011f\u0131 mesaj\u0131n\u0131 vermi\u015flerdir.<\/p>\n","protected":false},"excerpt":{"rendered":"<p>Komiteci Ermenilerin kendi milletinden olan Ermenileri \u00f6ld\u00fcrmeleri 1890&#8217;l\u0131 y\u0131llardan ba\u015flayarak g\u00fcn\u00fcm\u00fcze kadar devam eden bir olgudur. Komiteciler, ama\u00e7lar\u0131na ula\u015fmak, kendilerine taraftar ve ekonomik kaynak sa\u011flamak amac\u0131yla,<span class=\"excerpt-hellip\"> [\u2026]<\/span><\/p>\n","protected":false},"featured_media":0,"template":"","meta":{"_monsterinsights_skip_tracking":false,"_monsterinsights_sitenote_active":false,"_monsterinsights_sitenote_note":"","_monsterinsights_sitenote_category":0},"product_brand":[],"product_cat":[12337],"product_tag":[],"class_list":{"0":"post-758042","1":"product","2":"type-product","3":"status-publish","5":"product_cat-politika-siyaset","6":"pa_cilt-ciltsiz","7":"pa_tur-kitap","8":"pa_yayinevi-ideal-kultur-yayincilik","9":"pa_yazar-recep-karacakaya","11":"first","12":"instock","13":"sale","14":"shipping-taxable","15":"purchasable","16":"product-type-simple"},"_links":{"self":[{"href":"https:\/\/roveyayinevi.com.tr\/index.php\/wp-json\/wp\/v2\/product\/758042","targetHints":{"allow":["GET"]}}],"collection":[{"href":"https:\/\/roveyayinevi.com.tr\/index.php\/wp-json\/wp\/v2\/product"}],"about":[{"href":"https:\/\/roveyayinevi.com.tr\/index.php\/wp-json\/wp\/v2\/types\/product"}],"wp:attachment":[{"href":"https:\/\/roveyayinevi.com.tr\/index.php\/wp-json\/wp\/v2\/media?parent=758042"}],"wp:term":[{"taxonomy":"product_brand","embeddable":true,"href":"https:\/\/roveyayinevi.com.tr\/index.php\/wp-json\/wp\/v2\/product_brand?post=758042"},{"taxonomy":"product_cat","embeddable":true,"href":"https:\/\/roveyayinevi.com.tr\/index.php\/wp-json\/wp\/v2\/product_cat?post=758042"},{"taxonomy":"product_tag","embeddable":true,"href":"https:\/\/roveyayinevi.com.tr\/index.php\/wp-json\/wp\/v2\/product_tag?post=758042"}],"curies":[{"name":"wp","href":"https:\/\/api.w.org\/{rel}","templated":true}]}}