{"id":758038,"date":"2025-08-28T07:54:01","date_gmt":"2025-08-28T04:54:01","guid":{"rendered":"https:\/\/roveyayinevi.com.tr\/index.php\/urun\/1923-murettipler-grevi\/"},"modified":"2026-04-16T03:11:15","modified_gmt":"2026-04-16T00:11:15","slug":"1923-murettipler-grevi","status":"publish","type":"product","link":"https:\/\/roveyayinevi.com.tr\/index.php\/urun\/1923-murettipler-grevi\/","title":{"rendered":"1923 M\u00fcrettipler Grevi"},"content":{"rendered":"<p>\u0130stanbul&#8217;da T\u00fcrk\u00e7e Yay\u0131mlanan gazetelerde \u00e7al\u0131\u015fan m\u00fcrettipler \u0130kinci Me\u015frutiyet ve Milli M\u00fccadele d\u00f6nemlerinde bir\u00e7ok kez greve gitmi\u015ftir. Ancak en \u00e7ok ses getiren grevlerini 1923 y\u0131l\u0131nda yapm\u0131\u015flard\u0131r. Bu grev on be\u015f g\u00fcn s\u00fcrm\u00fc\u015ft\u00fcr. \u0130stanbul&#8217;da T\u00fcrk\u00e7e yay\u0131mlanan gazetelerde \u00e7al\u0131\u015fan m\u00fcrettipler \u00e7al\u0131\u015fma saatlerinden ve ald\u0131klar\u0131 \u00fccretten memnun olmad\u0131klar\u0131 i\u00e7in gazete sahiplerine ba\u015fvurmu\u015flar, taleplerine olumlu cevap alamay\u0131nca da 6 Eyl\u00fcl 1923 tarihinde i\u015f b\u0131rakm\u0131\u015flard\u0131r. Bu durum kar\u015f\u0131s\u0131nda \u0130kdam, Ak\u015fam, \u0130leri, Terc\u00fcman-\u0131 Hakikat, Tevhid-i Efkar, Tanin, Vatan ve Vakit gazetelerinin sahipleri de yeni m\u00fcrettipler temin ederek birlikte M\u00fc\u015fterek Gazete ad\u0131nda bir gazate \u00e7\u0131karm\u0131\u015flard\u0131r. Gazete sahiplerinin bu tavr\u0131 kar\u015f\u0131s\u0131nda T\u00fcrk M\u00fcrettipler Cemiyeti \u00f6nce el-Adl adl\u0131 bir gazeteyi yay\u0131mlam\u0131\u015f, ancak bu gazeteyi sadece bir n\u00fcsha ne\u015fretmi\u015ftir. Daha sonra Haber adl\u0131 bir gazeteyi yay\u0131n organ\u0131 haline getirmi\u015ftir. Cemiyet, grev s\u00fcresince hatta grev sonras\u0131nda bu gazeteyi yay\u0131mlam\u0131\u015ft\u0131r. On be\u015f g\u00fcn s\u00fcren grev s\u00fcresince M\u00fc\u015fterek Gazete ve Haber k\u0131yas\u0131na bir m\u00fccadelenin i\u00e7ine girmi\u015ftir. Neticede 20 Eyl\u00fcl 1923&#8217;te anla\u015fma sa\u011flanarak M\u00fc\u015fterek Gazete&#8217;nin yay\u0131m\u0131na son verilmi\u015f ve yukar\u0131da belirtilen sekiz gazete de yay\u0131n hayatlar\u0131na kald\u0131klar\u0131 yerden devam etmi\u015flerdir.<\/p>\n","protected":false},"excerpt":{"rendered":"<p>\u0130stanbul&#8217;da T\u00fcrk\u00e7e Yay\u0131mlanan gazetelerde \u00e7al\u0131\u015fan m\u00fcrettipler \u0130kinci Me\u015frutiyet ve Milli M\u00fccadele d\u00f6nemlerinde bir\u00e7ok kez greve gitmi\u015ftir. Ancak en \u00e7ok ses getiren grevlerini 1923 y\u0131l\u0131nda yapm\u0131\u015flard\u0131r. Bu<span class=\"excerpt-hellip\"> [\u2026]<\/span><\/p>\n","protected":false},"featured_media":0,"template":"","meta":{"_monsterinsights_skip_tracking":false,"_monsterinsights_sitenote_active":false,"_monsterinsights_sitenote_note":"","_monsterinsights_sitenote_category":0},"product_brand":[],"product_cat":[13517,12304],"product_tag":[],"class_list":{"0":"post-758038","1":"product","2":"type-product","3":"status-publish","5":"product_cat-osmanli-tarihi","6":"product_cat-tarih","7":"pa_cilt-ciltsiz","8":"pa_tur-kitap","9":"pa_yayinevi-ideal-kultur-yayincilik","10":"pa_yazar-ahmet-ali-gazel","12":"first","13":"instock","14":"sale","15":"shipping-taxable","16":"purchasable","17":"product-type-simple"},"_links":{"self":[{"href":"https:\/\/roveyayinevi.com.tr\/index.php\/wp-json\/wp\/v2\/product\/758038","targetHints":{"allow":["GET"]}}],"collection":[{"href":"https:\/\/roveyayinevi.com.tr\/index.php\/wp-json\/wp\/v2\/product"}],"about":[{"href":"https:\/\/roveyayinevi.com.tr\/index.php\/wp-json\/wp\/v2\/types\/product"}],"wp:attachment":[{"href":"https:\/\/roveyayinevi.com.tr\/index.php\/wp-json\/wp\/v2\/media?parent=758038"}],"wp:term":[{"taxonomy":"product_brand","embeddable":true,"href":"https:\/\/roveyayinevi.com.tr\/index.php\/wp-json\/wp\/v2\/product_brand?post=758038"},{"taxonomy":"product_cat","embeddable":true,"href":"https:\/\/roveyayinevi.com.tr\/index.php\/wp-json\/wp\/v2\/product_cat?post=758038"},{"taxonomy":"product_tag","embeddable":true,"href":"https:\/\/roveyayinevi.com.tr\/index.php\/wp-json\/wp\/v2\/product_tag?post=758038"}],"curies":[{"name":"wp","href":"https:\/\/api.w.org\/{rel}","templated":true}]}}

1923 Mürettipler Grevi

<p>İstanbul&#8217;da Türkçe Yayımlanan gazetelerde çalışan mürettipler İkinci Meşrutiyet ve Milli Mücadele dönemlerinde birçok kez greve gitmiştir. Ancak en çok ses getiren grevlerini 1923 yılında yapmışlardır. Bu grev on beş gün sürmüştür. İstanbul&#8217;da Türkçe yayımlanan gazetelerde çalışan mürettipler çalışma saatlerinden ve aldıkları ücretten memnun olmadıkları için gazete sahiplerine başvurmuşlar, taleplerine olumlu cevap alamayınca da 6 Eylül 1923 tarihinde iş bırakmışlardır. Bu durum karşısında İkdam, Akşam, İleri, Tercüman-ı Hakikat, Tevhid-i Efkar, Tanin, Vatan ve Vakit gazetelerinin sahipleri de yeni mürettipler temin ederek birlikte Müşterek Gazete adında bir gazate çıkarmışlardır. Gazete sahiplerinin bu tavrı karşısında Türk Mürettipler Cemiyeti önce el-Adl adlı bir gazeteyi yayımlamış, ancak bu gazeteyi sadece bir nüsha neşretmiştir. Daha sonra Haber adlı bir gazeteyi yayın organı haline getirmiştir. Cemiyet, grev süresince hatta grev sonrasında bu gazeteyi yayımlamıştır. On beş gün süren grev süresince Müşterek Gazete ve Haber kıyasına bir mücadelenin içine girmiştir. Neticede 20 Eylül 1923&#8217;te anlaşma sağlanarak Müşterek Gazete&#8217;nin yayımına son verilmiş ve yukarıda belirtilen sekiz gazete de yayın hayatlarına kaldıkları yerden devam etmişlerdir.</p>

<p>İstanbul&#8217;da Türkçe Yayımlanan gazetelerde çalışan mürettipler İkinci Meşrutiyet ve Milli Mücadele dönemlerinde birçok kez greve gitmiştir. Ancak en çok ses getiren grevlerini 1923 yılında yapmışlardır. Bu<span class="excerpt-hellip"> […]</span></p>
