{"id":758026,"date":"2025-08-28T07:52:41","date_gmt":"2025-08-28T04:52:41","guid":{"rendered":"https:\/\/roveyayinevi.com.tr\/index.php\/urun\/baharzade-feride-hanim\/"},"modified":"2026-04-16T03:11:15","modified_gmt":"2026-04-16T00:11:15","slug":"baharzade-feride-hanim","status":"publish","type":"product","link":"https:\/\/roveyayinevi.com.tr\/index.php\/urun\/baharzade-feride-hanim\/","title":{"rendered":"Baharzade Feride Han\u0131m"},"content":{"rendered":"<p>Klasik T\u00fcrk edebiyat\u0131n\u0131n k\u0131\u015fa y\u00fcz tutmu\u015f haz\u00e2n\u0131nda \u00e7i\u00e7ek a\u00e7maya \u00e7al\u0131\u015fan bir fidan gibi Kastamonu y\u00f6resinde boy g\u00f6stermi\u015f bir kad\u0131n \u015fair olan Bah\u00e2rz\u00e2de Fer\u00eede Han\u0131m, T\u00fcrk Yenilik edebiyat\u0131n\u0131n b\u00fct\u00fcn yay\u0131n organlar\u0131na sirayet etti\u011fi ve Divan \u015fiirinin son demlerini ya\u015fad\u0131\u011f\u0131 XIX. y\u00fczy\u0131lda Divan \u015fiirinin hemen b\u00fct\u00fcn naz\u0131m \u015fekillerinde eser vermeye \u00e7al\u0131\u015fm\u0131\u015f bir \u015fairimizdir. \u015eiirlerinde Divan \u015fiiri gelene\u011fine sad\u0131k kalmaya \u00f6zen g\u00f6sterirken zaman zaman kad\u0131ns\u0131 duygular\u0131yla farkl\u0131 beyitlerin de mimar\u0131 olan Fer\u00eede Han\u0131m\u2019\u0131n p\u00e2yitahttan olduk\u00e7a uzak bir diyarda ya\u015fam\u0131\u015f olmas\u0131na ra\u011fmen \u015f\u00f6hretinin t\u00e2 M\u0131s\u0131r Hidivlerinin saraylar\u0131na kadar uzanmas\u0131, orada Cem\u00eele F\u00e2z\u0131la Han\u0131m\u2019la (\u00f6. 1896) birbirlerine yazd\u0131klar\u0131 manzum mektuplar, onun \u015fairlik kudretinin bir g\u00f6stergesidir. Yine bestek\u00e2r ve \u015fair Leyl\u00e2 Saz Han\u0131m\u2019la (\u00f6. 1936) kurduklar\u0131 samimiyetin can suyuna da bu \u015fair\u00e2nelikleri kaynakl\u0131k etmi\u015ftir. Bah\u00e2rz\u00e2de Fer\u00eede Han\u0131m\u2019\u0131n i\u00e7 sesinin d\u0131\u015fa vurumu olan \u015fiirlerini daha iyi tan\u0131ma ve daha geni\u015f kitlelere tan\u0131tmak amac\u0131yla haz\u0131rlanm\u0131\u015f olan bu kitap, \u201c\u015eairin Hayat\u0131\u201d, \u201cEseri\u201d, \u201cEdeb\u00ee Ki\u015fili\u011fi\u201d, \u015eiirlerinden Se\u00e7meler\u201d, Motifler ve Terimler S\u00f6zl\u00fc\u011f\u00fc\u201d ile \u201cKaynak\u00e7a\u201d b\u00f6l\u00fcmlerinden olu\u015fmaktad\u0131r. Ondan bize edeb\u00ee miras olarak kalan D\u00eev\u00e2n\u2019\u0131ndan se\u00e7ilmi\u015f ve onun edeb\u00ee y\u00f6n\u00fcn\u00fc yans\u0131tt\u0131\u011f\u0131 d\u00fc\u015f\u00fcn\u00fclen 28 gazel, 1 m\u00fcstezad, 1 m\u00fcselles, 1 murabba, 1 tahmis, 1 m\u00fcseddes, 1 n\u00e2-tam\u00e2m gazel ve 11 de se\u00e7me beytin dil i\u00e7i \u00e7evirisi yap\u0131lm\u0131\u015f; Motifler ve Terimler S\u00f6zl\u00fc\u011f\u00fc ile Fer\u00eede Han\u0131m\u2019\u0131n \u015fiir esteti\u011fine y\u00f6n veren motif ve kavramlar okuyucuya aktar\u0131lmaya \u00e7al\u0131\u015f\u0131lm\u0131\u015ft\u0131r.<\/p>\n","protected":false},"excerpt":{"rendered":"<p>Klasik T\u00fcrk edebiyat\u0131n\u0131n k\u0131\u015fa y\u00fcz tutmu\u015f haz\u00e2n\u0131nda \u00e7i\u00e7ek a\u00e7maya \u00e7al\u0131\u015fan bir fidan gibi Kastamonu y\u00f6resinde boy g\u00f6stermi\u015f bir kad\u0131n \u015fair olan Bah\u00e2rz\u00e2de Fer\u00eede Han\u0131m, T\u00fcrk Yenilik<span class=\"excerpt-hellip\"> [\u2026]<\/span><\/p>\n","protected":false},"featured_media":0,"template":"","meta":{"_monsterinsights_skip_tracking":false,"_monsterinsights_sitenote_active":false,"_monsterinsights_sitenote_note":"","_monsterinsights_sitenote_category":0},"product_brand":[],"product_cat":[12291,13872],"product_tag":[],"class_list":{"0":"post-758026","1":"product","2":"type-product","3":"status-publish","5":"product_cat-edebiyat","6":"product_cat-klasikler","7":"pa_cilt-ciltsiz","8":"pa_tur-kitap","9":"pa_yayinevi-ideal-kultur-yayincilik","10":"pa_yazar-mustafa-ozkat","12":"first","13":"instock","14":"sale","15":"shipping-taxable","16":"purchasable","17":"product-type-simple"},"_links":{"self":[{"href":"https:\/\/roveyayinevi.com.tr\/index.php\/wp-json\/wp\/v2\/product\/758026","targetHints":{"allow":["GET"]}}],"collection":[{"href":"https:\/\/roveyayinevi.com.tr\/index.php\/wp-json\/wp\/v2\/product"}],"about":[{"href":"https:\/\/roveyayinevi.com.tr\/index.php\/wp-json\/wp\/v2\/types\/product"}],"wp:attachment":[{"href":"https:\/\/roveyayinevi.com.tr\/index.php\/wp-json\/wp\/v2\/media?parent=758026"}],"wp:term":[{"taxonomy":"product_brand","embeddable":true,"href":"https:\/\/roveyayinevi.com.tr\/index.php\/wp-json\/wp\/v2\/product_brand?post=758026"},{"taxonomy":"product_cat","embeddable":true,"href":"https:\/\/roveyayinevi.com.tr\/index.php\/wp-json\/wp\/v2\/product_cat?post=758026"},{"taxonomy":"product_tag","embeddable":true,"href":"https:\/\/roveyayinevi.com.tr\/index.php\/wp-json\/wp\/v2\/product_tag?post=758026"}],"curies":[{"name":"wp","href":"https:\/\/api.w.org\/{rel}","templated":true}]}}