{"id":758016,"date":"2025-08-28T07:52:29","date_gmt":"2025-08-28T04:52:29","guid":{"rendered":"https:\/\/roveyayinevi.com.tr\/index.php\/urun\/teoride-ve-pratikte-issizlik\/"},"modified":"2026-04-16T03:11:15","modified_gmt":"2026-04-16T00:11:15","slug":"teoride-ve-pratikte-issizlik","status":"publish","type":"product","link":"https:\/\/roveyayinevi.com.tr\/index.php\/urun\/teoride-ve-pratikte-issizlik\/","title":{"rendered":"Teoride ve Pratikte \u0130\u015fsizlik"},"content":{"rendered":"<p>Teknolojik geli\u015fme g\u00fcn ge\u00e7tik\u00e7e h\u0131zlan\u0131yor, ekonomik faaliyetlerde makinele\u015fme kullan\u0131m\u0131 art\u0131yor, \u00fclkeler aras\u0131nda ticari ili\u015fkilerde etkile\u015fim geli\u015ftik\u00e7e olumsuz ekonomik sonu\u00e7lar\u0131n boyutu b\u00fcy\u00fcyor, ekonomik krizler bir \u00f6ncekine g\u00f6re daha derin ve kapsaml\u0131 bir etkiye sahip oluyor. Tecr\u00fcbe edilen bu ve benzeri ekonomik geli\u015fmelerin do\u011furdu\u011fu belki de en \u00f6nemli sosyo-ekonomik problem olarak y\u00fcksek i\u015fsizlik kar\u015f\u0131m\u0131za \u00e7\u0131k\u0131yor. Bug\u00fcn, gerek bireysel gerekse toplumsal olarak yaln\u0131zca geli\u015fmekle olan \u00fclkelerin de\u011fil ayn\u0131 zamanda geli\u015fmi\u015f \u00fclkelerin de ortak sorunu y\u00fcksek i\u015fsizlik.\u00d6zellikle son y\u0131llarda \u00fczerinde durulan konunun iktisadi a\u00e7\u0131dan ele al\u0131nd\u0131\u011f\u0131 \u00e7al\u0131\u015fmalardan biri olan bu kitapta;\u2022 \u0130\u015fsizlik t\u00fcrleri nelerdir?\u2022 \u0130\u015fsizli\u011fin olu\u015fumunda hangi ekonomik ve sosyal dinamikler \u00f6nemli katk\u0131da bulunmaktad\u0131r?\u2022 iktisadi g\u00f6r\u00fc\u015flerin i\u015fsizli\u011fe bak\u0131\u015f\u0131 nas\u0131ld\u0131r?\u2022 \u0130\u015fg\u00fcc\u00fc piyasas\u0131ndaki d\u00fczenlemelerin i\u015fsizlik \u00fczerinde etkileri nelerdir?\u2022 Ekonomik d\u00f6n\u00fc\u015f\u00fcm\u00fcn ba\u015flad\u0131\u011f\u0131 1980 d\u00f6neminden beri T\u00fcrkiye&#8217;de i\u015fg\u00fcc\u00fc piyasas\u0131 ve i\u015fsizlik nas\u0131l bir geli\u015fme g\u00f6stermi\u015ftir?\u2022 Bu d\u00f6nemde ortaya \u00e7\u0131kan i\u015fsizli\u011fin temel dinamikleri ve i\u015fsizlik \u00fczerindeki etkileri ne y\u00f6nde ve \u00f6l\u00e7\u00fcdedir?, sorular\u0131na cevap niteli\u011fi ta\u015f\u0131yacak teorik ve T\u00fcrkiye \u00f6l\u00e7e\u011finde elde edilen ampirik bilgiler okuyucularla payla\u015f\u0131lmaktad\u0131r.<\/p>\n","protected":false},"excerpt":{"rendered":"<p>Teknolojik geli\u015fme g\u00fcn ge\u00e7tik\u00e7e h\u0131zlan\u0131yor, ekonomik faaliyetlerde makinele\u015fme kullan\u0131m\u0131 art\u0131yor, \u00fclkeler aras\u0131nda ticari ili\u015fkilerde etkile\u015fim geli\u015ftik\u00e7e olumsuz ekonomik sonu\u00e7lar\u0131n boyutu b\u00fcy\u00fcyor, ekonomik krizler bir \u00f6ncekine g\u00f6re<span class=\"excerpt-hellip\"> [\u2026]<\/span><\/p>\n","protected":false},"featured_media":0,"template":"","meta":{"_monsterinsights_skip_tracking":false,"_monsterinsights_sitenote_active":false,"_monsterinsights_sitenote_note":"","_monsterinsights_sitenote_category":0},"product_brand":[],"product_cat":[20333,13043],"product_tag":[],"class_list":{"0":"post-758016","1":"product","2":"type-product","3":"status-publish","5":"product_cat-diger-ekonomi","6":"product_cat-ekonomi","7":"pa_cilt-ciltsiz","8":"pa_tur-kitap","9":"pa_yayinevi-ideal-kultur-akademik","10":"pa_yazar-hakan-bakkal","12":"first","13":"instock","14":"sale","15":"shipping-taxable","16":"purchasable","17":"product-type-simple"},"_links":{"self":[{"href":"https:\/\/roveyayinevi.com.tr\/index.php\/wp-json\/wp\/v2\/product\/758016","targetHints":{"allow":["GET"]}}],"collection":[{"href":"https:\/\/roveyayinevi.com.tr\/index.php\/wp-json\/wp\/v2\/product"}],"about":[{"href":"https:\/\/roveyayinevi.com.tr\/index.php\/wp-json\/wp\/v2\/types\/product"}],"wp:attachment":[{"href":"https:\/\/roveyayinevi.com.tr\/index.php\/wp-json\/wp\/v2\/media?parent=758016"}],"wp:term":[{"taxonomy":"product_brand","embeddable":true,"href":"https:\/\/roveyayinevi.com.tr\/index.php\/wp-json\/wp\/v2\/product_brand?post=758016"},{"taxonomy":"product_cat","embeddable":true,"href":"https:\/\/roveyayinevi.com.tr\/index.php\/wp-json\/wp\/v2\/product_cat?post=758016"},{"taxonomy":"product_tag","embeddable":true,"href":"https:\/\/roveyayinevi.com.tr\/index.php\/wp-json\/wp\/v2\/product_tag?post=758016"}],"curies":[{"name":"wp","href":"https:\/\/api.w.org\/{rel}","templated":true}]}}