{"id":758010,"date":"2025-08-28T07:52:21","date_gmt":"2025-08-28T04:52:21","guid":{"rendered":"https:\/\/roveyayinevi.com.tr\/index.php\/urun\/ben-elvis-riboldi-ve-cin-restorani\/"},"modified":"2026-04-16T03:11:15","modified_gmt":"2026-04-16T00:11:15","slug":"ben-elvis-riboldi-ve-cin-restorani","status":"publish","type":"product","link":"https:\/\/roveyayinevi.com.tr\/index.php\/urun\/ben-elvis-riboldi-ve-cin-restorani\/","title":{"rendered":"Ben, Elvis Riboldi ve \u00c7in Restoran\u0131"},"content":{"rendered":"<p>Elvis\u2019in arkada\u015f\u0131 olmak, s\u0131radan bir g\u00fcn\u00fcn ola\u011fan\u00fcst\u00fc bitmesini kabul etmek demektir. Elvis\u2019e kalsa yeni a\u00e7\u0131lan \u00c7in restoran\u0131nda yenilen bir ak\u015fam yeme\u011finin tahmin edilemeyecek olaylar ya\u015fatabilece\u011fini kim bilebilirdi! Bu tahmin edilemeyecek olaylar aras\u0131nda bir dedektiflik maceras\u0131, bir ailenin s\u0131rad\u0131\u015f\u0131 hayat hik\u00e2yesi ve elbette arkada\u015fl\u0131\u011f\u0131n \u00f6nemini vurgulayan y\u00fcksek dozda mizah var!<\/p>\n","protected":false},"excerpt":{"rendered":"<p>Elvis\u2019in arkada\u015f\u0131 olmak, s\u0131radan bir g\u00fcn\u00fcn ola\u011fan\u00fcst\u00fc bitmesini kabul etmek demektir. Elvis\u2019e kalsa yeni a\u00e7\u0131lan \u00c7in restoran\u0131nda yenilen bir ak\u015fam yeme\u011finin tahmin edilemeyecek olaylar ya\u015fatabilece\u011fini kim<span class=\"excerpt-hellip\"> [\u2026]<\/span><\/p>\n","protected":false},"featured_media":0,"template":"","meta":{"_monsterinsights_skip_tracking":false,"_monsterinsights_sitenote_active":false,"_monsterinsights_sitenote_note":"","_monsterinsights_sitenote_category":0},"product_brand":[],"product_cat":[12274,12284],"product_tag":[],"class_list":{"0":"post-758010","1":"product","2":"type-product","3":"status-publish","5":"product_cat-cocuk-ve-genclik-kitaplari","6":"product_cat-hikayeler","7":"pa_cilt-ciltsiz","8":"pa_tur-kitap","9":"pa_yayinevi-durbun-kitap","10":"pa_yazar-bono-bidari","12":"first","13":"instock","14":"sale","15":"shipping-taxable","16":"purchasable","17":"product-type-simple"},"_links":{"self":[{"href":"https:\/\/roveyayinevi.com.tr\/index.php\/wp-json\/wp\/v2\/product\/758010","targetHints":{"allow":["GET"]}}],"collection":[{"href":"https:\/\/roveyayinevi.com.tr\/index.php\/wp-json\/wp\/v2\/product"}],"about":[{"href":"https:\/\/roveyayinevi.com.tr\/index.php\/wp-json\/wp\/v2\/types\/product"}],"wp:attachment":[{"href":"https:\/\/roveyayinevi.com.tr\/index.php\/wp-json\/wp\/v2\/media?parent=758010"}],"wp:term":[{"taxonomy":"product_brand","embeddable":true,"href":"https:\/\/roveyayinevi.com.tr\/index.php\/wp-json\/wp\/v2\/product_brand?post=758010"},{"taxonomy":"product_cat","embeddable":true,"href":"https:\/\/roveyayinevi.com.tr\/index.php\/wp-json\/wp\/v2\/product_cat?post=758010"},{"taxonomy":"product_tag","embeddable":true,"href":"https:\/\/roveyayinevi.com.tr\/index.php\/wp-json\/wp\/v2\/product_tag?post=758010"}],"curies":[{"name":"wp","href":"https:\/\/api.w.org\/{rel}","templated":true}]}}