{"id":757995,"date":"2025-08-28T07:51:57","date_gmt":"2025-08-28T04:51:57","guid":{"rendered":"https:\/\/roveyayinevi.com.tr\/index.php\/urun\/ertugrul-gazi\/"},"modified":"2026-04-16T03:11:15","modified_gmt":"2026-04-16T00:11:15","slug":"ertugrul-gazi","status":"publish","type":"product","link":"https:\/\/roveyayinevi.com.tr\/index.php\/urun\/ertugrul-gazi\/","title":{"rendered":"Ertu\u011frul Gazi"},"content":{"rendered":"<p>OSMANLI\u2019NIN ATASI Dirili\u015fin yol g\u00f6stericisi Ertu\u011frul Gazi. Kay\u0131 Boyu\u2019nu S\u00f6\u011f\u00fct\u2019e yerle\u015ftiren b\u00fcy\u00fck kumandan. Kay\u0131 boyu, k\u00fcllerinden do\u011fdu Ertu\u011frul Bey\u2019in izinde. T\u00fcm \u00f6mr\u00fcm\u00fc Kay\u0131 i\u00e7in feda etti. K\u00e2h er meydan\u0131na ko\u015ftu delice, k\u00e2h bey oldu. Sadece sava\u015farak de\u011fil diplomasi taktikleriyle de devlet kurulaca\u011f\u0131n\u0131 \u00f6\u011fretti o\u011flu Osman\u2019a. Vefat\u0131ndan \u00f6nce Osmanl\u0131 \u0130mparatorlu\u011fu\u2019nun kurucusu o\u011flu Osman\u2019a vasiyet etti: \u201cBeylik, ate\u015ften bir g\u00f6mlektir o\u011ful! Bey olursan sak\u0131n ola ki Hak yolundan, do\u011fruluk yolundan ayr\u0131lma&#8230;\u201d <\/p>\n","protected":false},"excerpt":{"rendered":"<p>OSMANLI\u2019NIN ATASI Dirili\u015fin yol g\u00f6stericisi Ertu\u011frul Gazi. Kay\u0131 Boyu\u2019nu S\u00f6\u011f\u00fct\u2019e yerle\u015ftiren b\u00fcy\u00fck kumandan. Kay\u0131 boyu, k\u00fcllerinden do\u011fdu Ertu\u011frul Bey\u2019in izinde. T\u00fcm \u00f6mr\u00fcm\u00fc Kay\u0131 i\u00e7in feda etti.<span class=\"excerpt-hellip\"> [\u2026]<\/span><\/p>\n","protected":false},"featured_media":0,"template":"","meta":{"_monsterinsights_skip_tracking":false,"_monsterinsights_sitenote_active":false,"_monsterinsights_sitenote_note":"","_monsterinsights_sitenote_category":0},"product_brand":[],"product_cat":[13946,12304],"product_tag":[],"class_list":{"0":"post-757995","1":"product","2":"type-product","3":"status-publish","5":"product_cat-biyografi-otobiyografi","6":"product_cat-tarih","7":"pa_cilt-ciltsiz","8":"pa_tur-kitap","9":"pa_yayinevi-hayat-yayinlari","10":"pa_yazar-yusuf-guldur","12":"first","13":"instock","14":"sale","15":"shipping-taxable","16":"purchasable","17":"product-type-simple"},"_links":{"self":[{"href":"https:\/\/roveyayinevi.com.tr\/index.php\/wp-json\/wp\/v2\/product\/757995","targetHints":{"allow":["GET"]}}],"collection":[{"href":"https:\/\/roveyayinevi.com.tr\/index.php\/wp-json\/wp\/v2\/product"}],"about":[{"href":"https:\/\/roveyayinevi.com.tr\/index.php\/wp-json\/wp\/v2\/types\/product"}],"wp:attachment":[{"href":"https:\/\/roveyayinevi.com.tr\/index.php\/wp-json\/wp\/v2\/media?parent=757995"}],"wp:term":[{"taxonomy":"product_brand","embeddable":true,"href":"https:\/\/roveyayinevi.com.tr\/index.php\/wp-json\/wp\/v2\/product_brand?post=757995"},{"taxonomy":"product_cat","embeddable":true,"href":"https:\/\/roveyayinevi.com.tr\/index.php\/wp-json\/wp\/v2\/product_cat?post=757995"},{"taxonomy":"product_tag","embeddable":true,"href":"https:\/\/roveyayinevi.com.tr\/index.php\/wp-json\/wp\/v2\/product_tag?post=757995"}],"curies":[{"name":"wp","href":"https:\/\/api.w.org\/{rel}","templated":true}]}}