{"id":757992,"date":"2025-08-28T07:51:52","date_gmt":"2025-08-28T04:51:52","guid":{"rendered":"https:\/\/roveyayinevi.com.tr\/index.php\/urun\/fatih-sultan-mehmet\/"},"modified":"2026-04-16T03:11:14","modified_gmt":"2026-04-16T00:11:14","slug":"fatih-sultan-mehmet","status":"publish","type":"product","link":"https:\/\/roveyayinevi.com.tr\/index.php\/urun\/fatih-sultan-mehmet\/","title":{"rendered":"Fatih Sultan Mehmet"},"content":{"rendered":"<p>YEN\u0130 \u00c7A\u011eIN G\u00dcNE\u015e\u0130 Umudun Sultan\u0131\u2026 \u0130mk\u00e2ns\u0131z\u0131n Fatihi\u2026   K\u00fc\u00e7\u00fcc\u00fck ya\u015f\u0131nda tuttu\u011fu defterde bile fetih planlar\u0131 vard\u0131 Mehmet\u2019in. 8-9 ya\u015f\u0131ndayken \u00e7izdi\u011fi haritalar, hayal \u00fcr\u00fcn\u00fc ilgin\u00e7 silahlar ve baz\u0131 sava\u015f tasvirleri, daha o ya\u015fta neler d\u00fc\u015f\u00fcnd\u00fc\u011f\u00fcn\u00fc g\u00f6steriyordu. Defterin ilk sayfas\u0131na Fetih suresinin ilk ayetini yazm\u0131\u015f, onun alt\u0131na da me\u015fhur hadisi eklemi\u015fti; \u201cKonstantiniyye bir g\u00fcn mutlaka fetholunacakt\u0131r\u2026\u201d   \u201cBiz buraya d\u00f6nmeye de\u011fil, \u00f6lmeye geldik.\u201d diye hayk\u0131rm\u0131\u015ft\u0131 her seferinde. \u201cYa ben bu \u015fehri al\u0131r\u0131m ya da bu \u015fehir beni.\u201d diyerek son s\u00f6z\u00fcn\u00fc s\u00f6ylemi\u015fti deh\u015fetli harp meydan\u0131nda.   \u201cFatih\u201d diyeceklerdi art\u0131k ona. \u0130mk\u00e2ns\u0131z\u0131n fatihi\u2026 K\u0131yamete kadar b\u00f6yle an\u0131lacakt\u0131 \u015fanl\u0131 ismi. Herkes onu \u201cM\u00fcjdelenen Yi\u011fit\u201d diye y\u00e2d edecekti as\u0131rlar boyu. Peygamber \u00f6vg\u00fcs\u00fc alm\u0131\u015f T\u00fcrk yi\u011fidi ve askerleri\u2026   Ne g\u00fczel kumandan ve ne g\u00fczel askerler\u2026   <\/p>\n","protected":false},"excerpt":{"rendered":"<p>YEN\u0130 \u00c7A\u011eIN G\u00dcNE\u015e\u0130 Umudun Sultan\u0131\u2026 \u0130mk\u00e2ns\u0131z\u0131n Fatihi\u2026 K\u00fc\u00e7\u00fcc\u00fck ya\u015f\u0131nda tuttu\u011fu defterde bile fetih planlar\u0131 vard\u0131 Mehmet\u2019in. 8-9 ya\u015f\u0131ndayken \u00e7izdi\u011fi haritalar, hayal \u00fcr\u00fcn\u00fc ilgin\u00e7 silahlar ve baz\u0131<span class=\"excerpt-hellip\"> [\u2026]<\/span><\/p>\n","protected":false},"featured_media":0,"template":"","meta":{"_monsterinsights_skip_tracking":false,"_monsterinsights_sitenote_active":false,"_monsterinsights_sitenote_note":"","_monsterinsights_sitenote_category":0},"product_brand":[],"product_cat":[13946,12304],"product_tag":[],"class_list":{"0":"post-757992","1":"product","2":"type-product","3":"status-publish","5":"product_cat-biyografi-otobiyografi","6":"product_cat-tarih","7":"pa_cilt-ciltsiz","8":"pa_tur-kitap","9":"pa_yayinevi-hayat-yayinlari","10":"pa_yazar-yusuf-guldur","12":"first","13":"instock","14":"sale","15":"shipping-taxable","16":"purchasable","17":"product-type-simple"},"_links":{"self":[{"href":"https:\/\/roveyayinevi.com.tr\/index.php\/wp-json\/wp\/v2\/product\/757992","targetHints":{"allow":["GET"]}}],"collection":[{"href":"https:\/\/roveyayinevi.com.tr\/index.php\/wp-json\/wp\/v2\/product"}],"about":[{"href":"https:\/\/roveyayinevi.com.tr\/index.php\/wp-json\/wp\/v2\/types\/product"}],"wp:attachment":[{"href":"https:\/\/roveyayinevi.com.tr\/index.php\/wp-json\/wp\/v2\/media?parent=757992"}],"wp:term":[{"taxonomy":"product_brand","embeddable":true,"href":"https:\/\/roveyayinevi.com.tr\/index.php\/wp-json\/wp\/v2\/product_brand?post=757992"},{"taxonomy":"product_cat","embeddable":true,"href":"https:\/\/roveyayinevi.com.tr\/index.php\/wp-json\/wp\/v2\/product_cat?post=757992"},{"taxonomy":"product_tag","embeddable":true,"href":"https:\/\/roveyayinevi.com.tr\/index.php\/wp-json\/wp\/v2\/product_tag?post=757992"}],"curies":[{"name":"wp","href":"https:\/\/api.w.org\/{rel}","templated":true}]}}