{"id":757986,"date":"2025-08-28T07:51:41","date_gmt":"2025-08-28T04:51:41","guid":{"rendered":"https:\/\/roveyayinevi.com.tr\/index.php\/urun\/1984-29\/"},"modified":"2026-04-16T03:11:14","modified_gmt":"2026-04-16T00:11:14","slug":"1984-29","status":"publish","type":"product","link":"https:\/\/roveyayinevi.com.tr\/index.php\/urun\/1984-29\/","title":{"rendered":"1984"},"content":{"rendered":"<p>Ayd\u0131nl\u0131k, so\u011fuk bir nisan g\u00fcn\u00fcyd\u00fc ve saat \u00f6\u011flen bire geliyordu. Buz gibi esen r\u00fczg\u00e2rdan korunmak i\u00e7in \u00e7enesini g\u00f6\u011fs\u00fcne kadar indirmi\u015f olan Winston Smith, Zafer Konaklar\u0131\u2019n\u0131n cam kap\u0131lar\u0131ndan h\u0131zl\u0131ca ge\u00e7mesine ra\u011fmen bir toz bulutunun kendisinden \u00f6nce girmesini engelleyecek \u00e7abuklukta de\u011fildi. Binan\u0131n giri\u015f koridoru ha\u015flanm\u0131\u015f kabak ve eskimi\u015f has\u0131r paspas kokuyordu. Koridorun en sonundaki duvara, i\u00e7erisiyle orant\u0131s\u0131z b\u00fcy\u00fckl\u00fckte bir poster as\u0131lm\u0131\u015ft\u0131. Posterde a\u015fa\u011f\u0131 yukar\u0131 bir metreden daha geni\u015f, kal\u0131n siyah b\u0131y\u0131kl\u0131, k\u0131rk be\u015f ya\u015flar\u0131nda, sa\u011fl\u0131kl\u0131 ve yak\u0131\u015f\u0131kl\u0131, devasa bir y\u00fcz vard\u0131.<\/p>\n","protected":false},"excerpt":{"rendered":"<p>Ayd\u0131nl\u0131k, so\u011fuk bir nisan g\u00fcn\u00fcyd\u00fc ve saat \u00f6\u011flen bire geliyordu. Buz gibi esen r\u00fczg\u00e2rdan korunmak i\u00e7in \u00e7enesini g\u00f6\u011fs\u00fcne kadar indirmi\u015f olan Winston Smith, Zafer Konaklar\u0131\u2019n\u0131n cam<span class=\"excerpt-hellip\"> [\u2026]<\/span><\/p>\n","protected":false},"featured_media":0,"template":"","meta":{"_monsterinsights_skip_tracking":false,"_monsterinsights_sitenote_active":false,"_monsterinsights_sitenote_note":"","_monsterinsights_sitenote_category":0},"product_brand":[],"product_cat":[12291,12711],"product_tag":[],"class_list":{"0":"post-757986","1":"product","2":"type-product","3":"status-publish","5":"product_cat-edebiyat","6":"product_cat-roman-oyku","7":"pa_cilt-ciltsiz","8":"pa_tur-kitap","9":"pa_yayinevi-dekalog-yayinlari","10":"pa_yazar-george-orwell","12":"first","13":"instock","14":"sale","15":"shipping-taxable","16":"purchasable","17":"product-type-simple"},"_links":{"self":[{"href":"https:\/\/roveyayinevi.com.tr\/index.php\/wp-json\/wp\/v2\/product\/757986","targetHints":{"allow":["GET"]}}],"collection":[{"href":"https:\/\/roveyayinevi.com.tr\/index.php\/wp-json\/wp\/v2\/product"}],"about":[{"href":"https:\/\/roveyayinevi.com.tr\/index.php\/wp-json\/wp\/v2\/types\/product"}],"wp:attachment":[{"href":"https:\/\/roveyayinevi.com.tr\/index.php\/wp-json\/wp\/v2\/media?parent=757986"}],"wp:term":[{"taxonomy":"product_brand","embeddable":true,"href":"https:\/\/roveyayinevi.com.tr\/index.php\/wp-json\/wp\/v2\/product_brand?post=757986"},{"taxonomy":"product_cat","embeddable":true,"href":"https:\/\/roveyayinevi.com.tr\/index.php\/wp-json\/wp\/v2\/product_cat?post=757986"},{"taxonomy":"product_tag","embeddable":true,"href":"https:\/\/roveyayinevi.com.tr\/index.php\/wp-json\/wp\/v2\/product_tag?post=757986"}],"curies":[{"name":"wp","href":"https:\/\/api.w.org\/{rel}","templated":true}]}}