{"id":757977,"date":"2025-08-28T07:51:22","date_gmt":"2025-08-28T04:51:22","guid":{"rendered":"https:\/\/roveyayinevi.com.tr\/index.php\/urun\/kendileriyle-savasanlar-holderlin-kleist-nietzche-cep-boy\/"},"modified":"2026-04-16T03:11:14","modified_gmt":"2026-04-16T00:11:14","slug":"kendileriyle-savasanlar-holderlin-kleist-nietzche-cep-boy","status":"publish","type":"product","link":"https:\/\/roveyayinevi.com.tr\/index.php\/urun\/kendileriyle-savasanlar-holderlin-kleist-nietzche-cep-boy\/","title":{"rendered":"Kendileriyle Sava\u015fanlar H\u00f6lderlin-Kleist-Nietzche (CEP BOY)"},"content":{"rendered":"<p>T\u0131pk\u0131 bir \u00f6nceki eserim \u00dc\u00e7 Usta&#8217;da oldu\u011fu gibi, bu eser de hayal g\u00fcc\u00fc kuvvetli \u00fc\u00e7 yazar\u0131n d\u00fc\u015f\u00fcnsel karde\u015fliklerini, bu \u00f6nemli birli\u011fi gereksiz somutluktan uzak ya da mecazi bir benzetimin \u00f6tesine ge\u00e7meden sunuyor. Ben, manevi d\u00fcnyalar\u0131 s\u0131n\u0131rlayacak kat\u0131 form\u00fcller aram\u0131yor, bilakis ruhsal d\u00fcnyada olup bitenleri a\u00e7\u0131kl\u0131yorum. \u015eayet kitaplar\u0131mda bu t\u00fcrden d\u00fc\u015f\u00fcnce bi\u00e7imlerini \u00f6zenle bir araya getiriyorsam, bunu sadece tablosunu \u0131\u015f\u0131\u011f\u0131n ve ters \u0131\u015f\u0131\u011f\u0131n bu tarz analojileri \u00f6ne \u00e7\u0131karmas\u0131 amac\u0131yla tablosunu belli bir odaya asmay\u0131 seven bir ressam edas\u0131yla yap\u0131yorum. Benim i\u00e7in mukayese, her zaman besleyici, daha do\u011frusu bi\u00e7imlendirici bir ara\u00e7 olarak g\u00f6r\u00fclm\u00fc\u015ft\u00fcr ve herhangi bir k\u0131s\u0131tlama olmadan uygulanabildi\u011fi i\u00e7in onu kullanmay\u0131 seviyorum.<\/p>\n","protected":false},"excerpt":{"rendered":"<p>T\u0131pk\u0131 bir \u00f6nceki eserim \u00dc\u00e7 Usta&#8217;da oldu\u011fu gibi, bu eser de hayal g\u00fcc\u00fc kuvvetli \u00fc\u00e7 yazar\u0131n d\u00fc\u015f\u00fcnsel karde\u015fliklerini, bu \u00f6nemli birli\u011fi gereksiz somutluktan uzak ya da<span class=\"excerpt-hellip\"> [\u2026]<\/span><\/p>\n","protected":false},"featured_media":0,"template":"","meta":{"_monsterinsights_skip_tracking":false,"_monsterinsights_sitenote_active":false,"_monsterinsights_sitenote_note":"","_monsterinsights_sitenote_category":0},"product_brand":[],"product_cat":[12777,12291],"product_tag":[],"class_list":{"0":"post-757977","1":"product","2":"type-product","3":"status-publish","5":"product_cat-deneme","6":"product_cat-edebiyat","7":"pa_cilt-ciltsiz","8":"pa_tur-kitap","9":"pa_yayinevi-dekalog-yayinlari","10":"pa_yazar-stefan-zweig","12":"first","13":"instock","14":"sale","15":"shipping-taxable","16":"purchasable","17":"product-type-simple"},"_links":{"self":[{"href":"https:\/\/roveyayinevi.com.tr\/index.php\/wp-json\/wp\/v2\/product\/757977","targetHints":{"allow":["GET"]}}],"collection":[{"href":"https:\/\/roveyayinevi.com.tr\/index.php\/wp-json\/wp\/v2\/product"}],"about":[{"href":"https:\/\/roveyayinevi.com.tr\/index.php\/wp-json\/wp\/v2\/types\/product"}],"wp:attachment":[{"href":"https:\/\/roveyayinevi.com.tr\/index.php\/wp-json\/wp\/v2\/media?parent=757977"}],"wp:term":[{"taxonomy":"product_brand","embeddable":true,"href":"https:\/\/roveyayinevi.com.tr\/index.php\/wp-json\/wp\/v2\/product_brand?post=757977"},{"taxonomy":"product_cat","embeddable":true,"href":"https:\/\/roveyayinevi.com.tr\/index.php\/wp-json\/wp\/v2\/product_cat?post=757977"},{"taxonomy":"product_tag","embeddable":true,"href":"https:\/\/roveyayinevi.com.tr\/index.php\/wp-json\/wp\/v2\/product_tag?post=757977"}],"curies":[{"name":"wp","href":"https:\/\/api.w.org\/{rel}","templated":true}]}}