{"id":757971,"date":"2025-08-28T07:51:11","date_gmt":"2025-08-28T04:51:11","guid":{"rendered":"https:\/\/roveyayinevi.com.tr\/index.php\/urun\/karabibik-cep-boy\/"},"modified":"2026-04-16T03:11:14","modified_gmt":"2026-04-16T00:11:14","slug":"karabibik-cep-boy","status":"publish","type":"product","link":"https:\/\/roveyayinevi.com.tr\/index.php\/urun\/karabibik-cep-boy\/","title":{"rendered":"Karabibik (CEP BOY)"},"content":{"rendered":"<p>Karabibik bug\u00fcn erken kalkm\u0131\u015f idi. Tarlas\u0131na har\u0131m \u00e7ekmek i\u00e7in d\u00fcn Matarl\u0131 tepelerinden kesti\u011fi p\u0131rnal fidan\u0131 dallar\u0131 harman yerinde koca bir y\u0131\u011f\u0131n halinde durmaktayd\u0131. Sa\u011f elinde a\u011fz\u0131 \u00e7entikli bir tahra bulunmakta olup ge\u00e7en seneden beri natasl\u0131 duran tarla i\u00e7inde a\u011f\u0131r a\u011f\u0131r ad\u0131mlarla bu y\u0131\u011f\u0131na do\u011fru y\u00fcr\u00fcmekteydi. Aya\u011f\u0131ndaki iri, kal\u0131n pen\u00e7eli, s\u00f6k\u00fck yemenileri b\u00fcy\u00fck bir zahmetle s\u00fcr\u00fcklemekte&#8230;<\/p>\n","protected":false},"excerpt":{"rendered":"<p>Karabibik bug\u00fcn erken kalkm\u0131\u015f idi. Tarlas\u0131na har\u0131m \u00e7ekmek i\u00e7in d\u00fcn Matarl\u0131 tepelerinden kesti\u011fi p\u0131rnal fidan\u0131 dallar\u0131 harman yerinde koca bir y\u0131\u011f\u0131n halinde durmaktayd\u0131. Sa\u011f elinde a\u011fz\u0131<span class=\"excerpt-hellip\"> [\u2026]<\/span><\/p>\n","protected":false},"featured_media":0,"template":"","meta":{"_monsterinsights_skip_tracking":false,"_monsterinsights_sitenote_active":false,"_monsterinsights_sitenote_note":"","_monsterinsights_sitenote_category":0},"product_brand":[],"product_cat":[12291,12711],"product_tag":[],"class_list":{"0":"post-757971","1":"product","2":"type-product","3":"status-publish","5":"product_cat-edebiyat","6":"product_cat-roman-oyku","7":"pa_cilt-ciltsiz","8":"pa_tur-kitap","9":"pa_yayinevi-dekalog-yayinlari","10":"pa_yazar-nabizade-nazim","12":"first","13":"instock","14":"sale","15":"shipping-taxable","16":"purchasable","17":"product-type-simple"},"_links":{"self":[{"href":"https:\/\/roveyayinevi.com.tr\/index.php\/wp-json\/wp\/v2\/product\/757971","targetHints":{"allow":["GET"]}}],"collection":[{"href":"https:\/\/roveyayinevi.com.tr\/index.php\/wp-json\/wp\/v2\/product"}],"about":[{"href":"https:\/\/roveyayinevi.com.tr\/index.php\/wp-json\/wp\/v2\/types\/product"}],"wp:attachment":[{"href":"https:\/\/roveyayinevi.com.tr\/index.php\/wp-json\/wp\/v2\/media?parent=757971"}],"wp:term":[{"taxonomy":"product_brand","embeddable":true,"href":"https:\/\/roveyayinevi.com.tr\/index.php\/wp-json\/wp\/v2\/product_brand?post=757971"},{"taxonomy":"product_cat","embeddable":true,"href":"https:\/\/roveyayinevi.com.tr\/index.php\/wp-json\/wp\/v2\/product_cat?post=757971"},{"taxonomy":"product_tag","embeddable":true,"href":"https:\/\/roveyayinevi.com.tr\/index.php\/wp-json\/wp\/v2\/product_tag?post=757971"}],"curies":[{"name":"wp","href":"https:\/\/api.w.org\/{rel}","templated":true}]}}