{"id":757965,"date":"2025-08-28T07:50:59","date_gmt":"2025-08-28T04:50:59","guid":{"rendered":"https:\/\/roveyayinevi.com.tr\/index.php\/urun\/insanlik-tarihinin-yildizinin-parladigi-anlar-cep-boy\/"},"modified":"2026-04-16T03:11:14","modified_gmt":"2026-04-16T00:11:14","slug":"insanlik-tarihinin-yildizinin-parladigi-anlar-cep-boy","status":"publish","type":"product","link":"https:\/\/roveyayinevi.com.tr\/index.php\/urun\/insanlik-tarihinin-yildizinin-parladigi-anlar-cep-boy\/","title":{"rendered":"\u0130nsanl\u0131k Tarihinin Y\u0131ld\u0131z\u0131n\u0131n Parlad\u0131\u011f\u0131 Anlar (CEP BOY)"},"content":{"rendered":"<p>Hi\u00e7bir sanat\u00e7\u0131, bir g\u00fcn\u00fcn yirmi d\u00f6rt saati boyunca yarat\u0131c\u0131 de\u011fildir; b\u00fcy\u00fck ve kal\u0131c\u0131 olacak i\u015flerini yaln\u0131zca ilham gelen o nadir anlarda \u00fcretmeyi ba\u015far\u0131r. T\u00fcm zamanlar\u0131n en iyi yazar\u0131 ve oyuncusu olarak takdir edebilece\u011fimiz tarihin kendisi bile, kesinlikle her daim yarat\u0131c\u0131 olmam\u0131\u015ft\u0131r. Goethe&#8217;nin b\u00fcy\u00fck bir sayg\u0131yla \u201cTanr\u0131&#8217;n\u0131n gizemli at\u00f6lyesi\u201d olarak adland\u0131rd\u0131\u011f\u0131 tarih i\u00e7inde de bile pek \u00e7ok \u00f6nemsiz ve s\u0131radan olay mevcuttur. Hayat\u0131n ve sanat\u0131n her yerinde oldu\u011fu gibi, asla unutulmayacak olan ola\u011fan\u00fcst\u00fc anlar az say\u0131da ve seyrektir.<\/p>\n","protected":false},"excerpt":{"rendered":"<p>Hi\u00e7bir sanat\u00e7\u0131, bir g\u00fcn\u00fcn yirmi d\u00f6rt saati boyunca yarat\u0131c\u0131 de\u011fildir; b\u00fcy\u00fck ve kal\u0131c\u0131 olacak i\u015flerini yaln\u0131zca ilham gelen o nadir anlarda \u00fcretmeyi ba\u015far\u0131r. T\u00fcm zamanlar\u0131n en<span class=\"excerpt-hellip\"> [\u2026]<\/span><\/p>\n","protected":false},"featured_media":0,"template":"","meta":{"_monsterinsights_skip_tracking":false,"_monsterinsights_sitenote_active":false,"_monsterinsights_sitenote_note":"","_monsterinsights_sitenote_category":0},"product_brand":[],"product_cat":[12777,12291],"product_tag":[],"class_list":{"0":"post-757965","1":"product","2":"type-product","3":"status-publish","5":"product_cat-deneme","6":"product_cat-edebiyat","7":"pa_cilt-ciltsiz","8":"pa_tur-kitap","9":"pa_yayinevi-dekalog-yayinlari","10":"pa_yazar-stefan-zweig","12":"first","13":"instock","14":"sale","15":"shipping-taxable","16":"purchasable","17":"product-type-simple"},"_links":{"self":[{"href":"https:\/\/roveyayinevi.com.tr\/index.php\/wp-json\/wp\/v2\/product\/757965","targetHints":{"allow":["GET"]}}],"collection":[{"href":"https:\/\/roveyayinevi.com.tr\/index.php\/wp-json\/wp\/v2\/product"}],"about":[{"href":"https:\/\/roveyayinevi.com.tr\/index.php\/wp-json\/wp\/v2\/types\/product"}],"wp:attachment":[{"href":"https:\/\/roveyayinevi.com.tr\/index.php\/wp-json\/wp\/v2\/media?parent=757965"}],"wp:term":[{"taxonomy":"product_brand","embeddable":true,"href":"https:\/\/roveyayinevi.com.tr\/index.php\/wp-json\/wp\/v2\/product_brand?post=757965"},{"taxonomy":"product_cat","embeddable":true,"href":"https:\/\/roveyayinevi.com.tr\/index.php\/wp-json\/wp\/v2\/product_cat?post=757965"},{"taxonomy":"product_tag","embeddable":true,"href":"https:\/\/roveyayinevi.com.tr\/index.php\/wp-json\/wp\/v2\/product_tag?post=757965"}],"curies":[{"name":"wp","href":"https:\/\/api.w.org\/{rel}","templated":true}]}}