{"id":757959,"date":"2025-08-28T07:50:47","date_gmt":"2025-08-28T04:50:47","guid":{"rendered":"https:\/\/roveyayinevi.com.tr\/index.php\/urun\/holderlin-cep-boy\/"},"modified":"2026-04-16T03:11:14","modified_gmt":"2026-04-16T00:11:14","slug":"holderlin-cep-boy","status":"publish","type":"product","link":"https:\/\/roveyayinevi.com.tr\/index.php\/urun\/holderlin-cep-boy\/","title":{"rendered":"H\u00f6lderlin (CEP BOY)"},"content":{"rendered":"<p>On dokuzuncu y\u00fczy\u0131l\u0131n ba\u015flar\u0131nda, gen\u00e7lik de\u011ferli g\u00f6r\u00fcnm\u00fcyordu. Yeni ve ate\u015fli bir nesil y\u00fckselmi\u015fti. Gelenekleri yerle bir olmu\u015f Avrupa&#8217;da, cesur ve gayretle, d\u00f6rt bir yandan daha \u00f6nce benzeri g\u00f6r\u00fclmemi\u015f bir \u00f6zg\u00fcrl\u00fc\u011f\u00fcn \u015fafa\u011f\u0131na do\u011fru y\u00fcr\u00fcyorlard\u0131. Devrimin borazanlar\u0131 onu uyand\u0131rm\u0131\u015ft\u0131 ve baharda ne\u015fe ile dolup kuvvetli bir inan\u00e7tan ilham alm\u0131\u015flard\u0131. Camille Desmoulins, otuz ya\u015f\u0131na gelmeden \u00f6nce kuvvetli bir hareket ile Bastille&#8217;i yerle bir etmi\u015fti; ondan sadece bir ya da iki ya\u015f b\u00fcy\u00fck olan Arrasl\u0131 avukat Robespierre, kanun h\u00fckm\u00fcnde kararnamelerinin g\u00fcc\u00fc ile krallar\u0131n ve imparatorlar\u0131n titremesine neden olmu\u015ftu; ufak bir te\u011fmen olan Korsikal\u0131 Bonaparte, k\u0131l\u0131c\u0131 ile Avrupa&#8217;n\u0131n s\u0131n\u0131rlar\u0131n\u0131 kendi istedi\u011fi gibi \u015fekillendirmi\u015f ve d\u00fcnyan\u0131n en harika tac\u0131n\u0131 ele ge\u00e7irmi\u015fti.<\/p>\n","protected":false},"excerpt":{"rendered":"<p>On dokuzuncu y\u00fczy\u0131l\u0131n ba\u015flar\u0131nda, gen\u00e7lik de\u011ferli g\u00f6r\u00fcnm\u00fcyordu. Yeni ve ate\u015fli bir nesil y\u00fckselmi\u015fti. Gelenekleri yerle bir olmu\u015f Avrupa&#8217;da, cesur ve gayretle, d\u00f6rt bir yandan daha \u00f6nce<span class=\"excerpt-hellip\"> [\u2026]<\/span><\/p>\n","protected":false},"featured_media":0,"template":"","meta":{"_monsterinsights_skip_tracking":false,"_monsterinsights_sitenote_active":false,"_monsterinsights_sitenote_note":"","_monsterinsights_sitenote_category":0},"product_brand":[],"product_cat":[12777,12291],"product_tag":[],"class_list":{"0":"post-757959","1":"product","2":"type-product","3":"status-publish","5":"product_cat-deneme","6":"product_cat-edebiyat","7":"pa_cilt-ciltsiz","8":"pa_tur-kitap","9":"pa_yayinevi-dekalog-yayinlari","10":"pa_yazar-stefan-zweig","12":"first","13":"instock","14":"sale","15":"shipping-taxable","16":"purchasable","17":"product-type-simple"},"_links":{"self":[{"href":"https:\/\/roveyayinevi.com.tr\/index.php\/wp-json\/wp\/v2\/product\/757959","targetHints":{"allow":["GET"]}}],"collection":[{"href":"https:\/\/roveyayinevi.com.tr\/index.php\/wp-json\/wp\/v2\/product"}],"about":[{"href":"https:\/\/roveyayinevi.com.tr\/index.php\/wp-json\/wp\/v2\/types\/product"}],"wp:attachment":[{"href":"https:\/\/roveyayinevi.com.tr\/index.php\/wp-json\/wp\/v2\/media?parent=757959"}],"wp:term":[{"taxonomy":"product_brand","embeddable":true,"href":"https:\/\/roveyayinevi.com.tr\/index.php\/wp-json\/wp\/v2\/product_brand?post=757959"},{"taxonomy":"product_cat","embeddable":true,"href":"https:\/\/roveyayinevi.com.tr\/index.php\/wp-json\/wp\/v2\/product_cat?post=757959"},{"taxonomy":"product_tag","embeddable":true,"href":"https:\/\/roveyayinevi.com.tr\/index.php\/wp-json\/wp\/v2\/product_tag?post=757959"}],"curies":[{"name":"wp","href":"https:\/\/api.w.org\/{rel}","templated":true}]}}