{"id":757934,"date":"2025-08-28T07:49:57","date_gmt":"2025-08-28T04:49:57","guid":{"rendered":"https:\/\/roveyayinevi.com.tr\/index.php\/urun\/savas-sanati-cep-boy\/"},"modified":"2026-04-16T03:11:13","modified_gmt":"2026-04-16T00:11:13","slug":"savas-sanati-cep-boy","status":"publish","type":"product","link":"https:\/\/roveyayinevi.com.tr\/index.php\/urun\/savas-sanati-cep-boy\/","title":{"rendered":"Sava\u015f Sanat\u0131 (CEP BOY)"},"content":{"rendered":"<p>Sun Tzu diyor ki: Sava\u015f, devlet i\u00e7in hayati bir \u00f6neme sahiptir. \u00d6l\u00fcm-kal\u0131m sahas\u0131d\u0131r. Devletin muhafazas\u0131 ve bekas\u0131 sava\u015fa ba\u011fl\u0131d\u0131r. \u0130yi bir \u015fekilde hesaplanmas\u0131 gerekir. Sava\u015f \u00fczerine ciddi hesaplamalar yapmamak, devletin muhafazas\u0131 ve bekas\u0131 i\u00e7in kay\u0131ts\u0131z kalmak demektir.<\/p>\n","protected":false},"excerpt":{"rendered":"<p>Sun Tzu diyor ki: Sava\u015f, devlet i\u00e7in hayati bir \u00f6neme sahiptir. \u00d6l\u00fcm-kal\u0131m sahas\u0131d\u0131r. Devletin muhafazas\u0131 ve bekas\u0131 sava\u015fa ba\u011fl\u0131d\u0131r. \u0130yi bir \u015fekilde hesaplanmas\u0131 gerekir. Sava\u015f \u00fczerine<span class=\"excerpt-hellip\"> [\u2026]<\/span><\/p>\n","protected":false},"featured_media":0,"template":"","meta":{"_monsterinsights_skip_tracking":false,"_monsterinsights_sitenote_active":false,"_monsterinsights_sitenote_note":"","_monsterinsights_sitenote_category":0},"product_brand":[],"product_cat":[12777,12291],"product_tag":[],"class_list":{"0":"post-757934","1":"product","2":"type-product","3":"status-publish","5":"product_cat-deneme","6":"product_cat-edebiyat","7":"pa_cilt-ciltsiz","8":"pa_tur-kitap","9":"pa_yayinevi-dekalog-yayinlari","10":"pa_yazar-sun-tzu","12":"first","13":"instock","14":"sale","15":"shipping-taxable","16":"purchasable","17":"product-type-simple"},"_links":{"self":[{"href":"https:\/\/roveyayinevi.com.tr\/index.php\/wp-json\/wp\/v2\/product\/757934","targetHints":{"allow":["GET"]}}],"collection":[{"href":"https:\/\/roveyayinevi.com.tr\/index.php\/wp-json\/wp\/v2\/product"}],"about":[{"href":"https:\/\/roveyayinevi.com.tr\/index.php\/wp-json\/wp\/v2\/types\/product"}],"wp:attachment":[{"href":"https:\/\/roveyayinevi.com.tr\/index.php\/wp-json\/wp\/v2\/media?parent=757934"}],"wp:term":[{"taxonomy":"product_brand","embeddable":true,"href":"https:\/\/roveyayinevi.com.tr\/index.php\/wp-json\/wp\/v2\/product_brand?post=757934"},{"taxonomy":"product_cat","embeddable":true,"href":"https:\/\/roveyayinevi.com.tr\/index.php\/wp-json\/wp\/v2\/product_cat?post=757934"},{"taxonomy":"product_tag","embeddable":true,"href":"https:\/\/roveyayinevi.com.tr\/index.php\/wp-json\/wp\/v2\/product_tag?post=757934"}],"curies":[{"name":"wp","href":"https:\/\/api.w.org\/{rel}","templated":true}]}}