{"id":757927,"date":"2025-08-28T07:49:44","date_gmt":"2025-08-28T04:49:44","guid":{"rendered":"https:\/\/roveyayinevi.com.tr\/index.php\/urun\/donusum-cep-boy\/"},"modified":"2026-04-12T03:14:55","modified_gmt":"2026-04-12T00:14:55","slug":"donusum-cep-boy","status":"publish","type":"product","link":"https:\/\/roveyayinevi.com.tr\/index.php\/urun\/donusum-cep-boy\/","title":{"rendered":"D\u00f6n\u00fc\u015f\u00fcm (Cep Boy)"},"content":{"rendered":"<p>Gregor Samsa bir sabah s\u0131k\u0131nt\u0131l\u0131 r\u00fcyalardan uyan\u0131rken, yatakta \u00e7ok \u00fcrk\u00fct\u00fcc\u00fc bir verminous b\u00f6ce\u011fine d\u00f6n\u00fc\u015ft\u00fc\u011f\u00fcn\u00fc fark etti. Z\u0131rh sertli\u011findeki s\u0131rt\u0131na yasland\u0131 ve ba\u015f\u0131n\u0131 biraz yukar\u0131 kald\u0131r\u0131nca kahverengi, kavisli ve sert karn\u0131n\u0131n yay benzeri b\u00f6l\u00fcmlere ayr\u0131ld\u0131\u011f\u0131n\u0131 g\u00f6rd\u00fc. Bu y\u00fckseklikten bak\u0131ld\u0131\u011f\u0131nda, \u00fczerindeki battaniye neredeyse tamamen kaymaya haz\u0131rd\u0131, yerinde duramazd\u0131.<\/p>\n","protected":false},"excerpt":{"rendered":"<p>Gregor Samsa bir sabah s\u0131k\u0131nt\u0131l\u0131 r\u00fcyalardan uyan\u0131rken, yatakta \u00e7ok \u00fcrk\u00fct\u00fcc\u00fc bir verminous b\u00f6ce\u011fine d\u00f6n\u00fc\u015ft\u00fc\u011f\u00fcn\u00fc fark etti. Z\u0131rh sertli\u011findeki s\u0131rt\u0131na yasland\u0131 ve ba\u015f\u0131n\u0131 biraz yukar\u0131 kald\u0131r\u0131nca kahverengi,<span class=\"excerpt-hellip\"> [\u2026]<\/span><\/p>\n","protected":false},"featured_media":0,"template":"","meta":{"_monsterinsights_skip_tracking":false,"_monsterinsights_sitenote_active":false,"_monsterinsights_sitenote_note":"","_monsterinsights_sitenote_category":0},"product_brand":[],"product_cat":[12291,12711],"product_tag":[],"class_list":{"0":"post-757927","1":"product","2":"type-product","3":"status-publish","5":"product_cat-edebiyat","6":"product_cat-roman-oyku","7":"pa_cilt-ciltsiz","8":"pa_tur-kitap","9":"pa_yayinevi-dekalog-yayinlari","10":"pa_yazar-franz-kafka","12":"first","13":"instock","14":"sale","15":"shipping-taxable","16":"purchasable","17":"product-type-simple"},"_links":{"self":[{"href":"https:\/\/roveyayinevi.com.tr\/index.php\/wp-json\/wp\/v2\/product\/757927","targetHints":{"allow":["GET"]}}],"collection":[{"href":"https:\/\/roveyayinevi.com.tr\/index.php\/wp-json\/wp\/v2\/product"}],"about":[{"href":"https:\/\/roveyayinevi.com.tr\/index.php\/wp-json\/wp\/v2\/types\/product"}],"wp:attachment":[{"href":"https:\/\/roveyayinevi.com.tr\/index.php\/wp-json\/wp\/v2\/media?parent=757927"}],"wp:term":[{"taxonomy":"product_brand","embeddable":true,"href":"https:\/\/roveyayinevi.com.tr\/index.php\/wp-json\/wp\/v2\/product_brand?post=757927"},{"taxonomy":"product_cat","embeddable":true,"href":"https:\/\/roveyayinevi.com.tr\/index.php\/wp-json\/wp\/v2\/product_cat?post=757927"},{"taxonomy":"product_tag","embeddable":true,"href":"https:\/\/roveyayinevi.com.tr\/index.php\/wp-json\/wp\/v2\/product_tag?post=757927"}],"curies":[{"name":"wp","href":"https:\/\/api.w.org\/{rel}","templated":true}]}}