{"id":757925,"date":"2025-08-28T07:49:41","date_gmt":"2025-08-28T04:49:41","guid":{"rendered":"https:\/\/roveyayinevi.com.tr\/index.php\/urun\/prens-cep-boy\/"},"modified":"2026-04-16T03:11:13","modified_gmt":"2026-04-16T00:11:13","slug":"prens-cep-boy","status":"publish","type":"product","link":"https:\/\/roveyayinevi.com.tr\/index.php\/urun\/prens-cep-boy\/","title":{"rendered":"Prens (CEP BOY)"},"content":{"rendered":"<p>\u0130nsanlar\u0131 imparatorluklar\u0131n\u0131n h\u00e2kimiyeti alt\u0131nda tutmu\u015f olan ve tutan t\u00fcm y\u00f6netimler, ya cumhuriyettir ya prenslik. Prenslikler ya kal\u0131tsald\u0131r ya da yenidir. Kal\u0131tsal olanlar, uzun zamand\u0131r prenslerin ailelerine ait olanlard\u0131r. Yeniler ise, ya Milano ve Francesco Sforza i\u00e7in oldu\u011fu gibi tamam\u0131yla yenidir, ya da \u0130spanya Kral\u0131 ve Napoli Krall\u0131\u011f\u0131nda oldu\u011fu gibi onlar\u0131 ele ge\u00e7iren prensin kal\u0131tsal devletine ekledi\u011fi \u00fcyeler gibidir.<\/p>\n","protected":false},"excerpt":{"rendered":"<p>\u0130nsanlar\u0131 imparatorluklar\u0131n\u0131n h\u00e2kimiyeti alt\u0131nda tutmu\u015f olan ve tutan t\u00fcm y\u00f6netimler, ya cumhuriyettir ya prenslik. Prenslikler ya kal\u0131tsald\u0131r ya da yenidir. Kal\u0131tsal olanlar, uzun zamand\u0131r prenslerin ailelerine<span class=\"excerpt-hellip\"> [\u2026]<\/span><\/p>\n","protected":false},"featured_media":0,"template":"","meta":{"_monsterinsights_skip_tracking":false,"_monsterinsights_sitenote_active":false,"_monsterinsights_sitenote_note":"","_monsterinsights_sitenote_category":0},"product_brand":[],"product_cat":[12777,12291],"product_tag":[],"class_list":{"0":"post-757925","1":"product","2":"type-product","3":"status-publish","5":"product_cat-deneme","6":"product_cat-edebiyat","7":"pa_cilt-ciltsiz","8":"pa_tur-kitap","9":"pa_yayinevi-dekalog-yayinlari","10":"pa_yazar-niccolo-machiavelli","12":"first","13":"instock","14":"sale","15":"shipping-taxable","16":"purchasable","17":"product-type-simple"},"_links":{"self":[{"href":"https:\/\/roveyayinevi.com.tr\/index.php\/wp-json\/wp\/v2\/product\/757925","targetHints":{"allow":["GET"]}}],"collection":[{"href":"https:\/\/roveyayinevi.com.tr\/index.php\/wp-json\/wp\/v2\/product"}],"about":[{"href":"https:\/\/roveyayinevi.com.tr\/index.php\/wp-json\/wp\/v2\/types\/product"}],"wp:attachment":[{"href":"https:\/\/roveyayinevi.com.tr\/index.php\/wp-json\/wp\/v2\/media?parent=757925"}],"wp:term":[{"taxonomy":"product_brand","embeddable":true,"href":"https:\/\/roveyayinevi.com.tr\/index.php\/wp-json\/wp\/v2\/product_brand?post=757925"},{"taxonomy":"product_cat","embeddable":true,"href":"https:\/\/roveyayinevi.com.tr\/index.php\/wp-json\/wp\/v2\/product_cat?post=757925"},{"taxonomy":"product_tag","embeddable":true,"href":"https:\/\/roveyayinevi.com.tr\/index.php\/wp-json\/wp\/v2\/product_tag?post=757925"}],"curies":[{"name":"wp","href":"https:\/\/api.w.org\/{rel}","templated":true}]}}