{"id":757907,"date":"2025-08-28T07:49:07","date_gmt":"2025-08-28T04:49:07","guid":{"rendered":"https:\/\/roveyayinevi.com.tr\/index.php\/urun\/dadi-cep-boy\/"},"modified":"2026-04-03T03:14:12","modified_gmt":"2026-04-03T00:14:12","slug":"dadi-cep-boy","status":"publish","type":"product","link":"https:\/\/roveyayinevi.com.tr\/index.php\/urun\/dadi-cep-boy\/","title":{"rendered":"Dad\u0131 (CEP BOY)"},"content":{"rendered":"<p>\u0130ki k\u0131z, odalar\u0131nda yaln\u0131zd\u0131. I\u015f\u0131k s\u00f6nm\u00fc\u015ft\u00fc ve iki yataktan yans\u0131yan hafif par\u0131lt\u0131 d\u0131\u015f\u0131nda her yer karanl\u0131kt\u0131. O kadar sessiz nefes al\u0131yorlard\u0131 ki uyuduklar\u0131n\u0131 d\u00fc\u015f\u00fcn\u00fcrd\u00fcn\u00fcz.\u201cDiyorum ki\u2026\u201d diye inceden, teredd\u00fctl\u00fc bir ses geldi yataklar\u0131n birinden. 12 ya\u015f\u0131ndaki k\u0131z konu\u015fuyordu. \u201cNe?\u201d dedi ablas\u0131, ondan bir ya\u015f b\u00fcy\u00fckt\u00fc. \u201cHala uyan\u0131k olmana \u00e7ok sevindim. Sana anlatmam gereken bir \u015fey var.\u201d<\/p>\n","protected":false},"excerpt":{"rendered":"<p>\u0130ki k\u0131z, odalar\u0131nda yaln\u0131zd\u0131. I\u015f\u0131k s\u00f6nm\u00fc\u015ft\u00fc ve iki yataktan yans\u0131yan hafif par\u0131lt\u0131 d\u0131\u015f\u0131nda her yer karanl\u0131kt\u0131. O kadar sessiz nefes al\u0131yorlard\u0131 ki uyuduklar\u0131n\u0131 d\u00fc\u015f\u00fcn\u00fcrd\u00fcn\u00fcz.\u201cDiyorum ki\u2026\u201d diye<span class=\"excerpt-hellip\"> [\u2026]<\/span><\/p>\n","protected":false},"featured_media":0,"template":"","meta":{"_monsterinsights_skip_tracking":false,"_monsterinsights_sitenote_active":false,"_monsterinsights_sitenote_note":"","_monsterinsights_sitenote_category":0},"product_brand":[],"product_cat":[12291,12711],"product_tag":[],"class_list":{"0":"post-757907","1":"product","2":"type-product","3":"status-publish","5":"product_cat-edebiyat","6":"product_cat-roman-oyku","7":"pa_cilt-ciltsiz","8":"pa_tur-kitap","9":"pa_yayinevi-dekalog-yayinlari","10":"pa_yazar-stefan-zweig","12":"first","13":"instock","14":"sale","15":"shipping-taxable","16":"purchasable","17":"product-type-simple"},"_links":{"self":[{"href":"https:\/\/roveyayinevi.com.tr\/index.php\/wp-json\/wp\/v2\/product\/757907","targetHints":{"allow":["GET"]}}],"collection":[{"href":"https:\/\/roveyayinevi.com.tr\/index.php\/wp-json\/wp\/v2\/product"}],"about":[{"href":"https:\/\/roveyayinevi.com.tr\/index.php\/wp-json\/wp\/v2\/types\/product"}],"wp:attachment":[{"href":"https:\/\/roveyayinevi.com.tr\/index.php\/wp-json\/wp\/v2\/media?parent=757907"}],"wp:term":[{"taxonomy":"product_brand","embeddable":true,"href":"https:\/\/roveyayinevi.com.tr\/index.php\/wp-json\/wp\/v2\/product_brand?post=757907"},{"taxonomy":"product_cat","embeddable":true,"href":"https:\/\/roveyayinevi.com.tr\/index.php\/wp-json\/wp\/v2\/product_cat?post=757907"},{"taxonomy":"product_tag","embeddable":true,"href":"https:\/\/roveyayinevi.com.tr\/index.php\/wp-json\/wp\/v2\/product_tag?post=757907"}],"curies":[{"name":"wp","href":"https:\/\/api.w.org\/{rel}","templated":true}]}}