{"id":757902,"date":"2025-08-28T07:48:58","date_gmt":"2025-08-28T04:48:58","guid":{"rendered":"https:\/\/roveyayinevi.com.tr\/index.php\/urun\/milenaya-mektuplar-cep-boy\/"},"modified":"2026-04-16T03:10:51","modified_gmt":"2026-04-16T00:10:51","slug":"milenaya-mektuplar-cep-boy","status":"publish","type":"product","link":"https:\/\/roveyayinevi.com.tr\/index.php\/urun\/milenaya-mektuplar-cep-boy\/","title":{"rendered":"Milena&#8217;ya Mektuplar (CEP BOY)"},"content":{"rendered":"<p>\u201cSevgili Bayan Milena,Size Prag&#8217;dan, sonra Meran&#8217;dan da yazm\u0131\u015ft\u0131m. Cevap yazmad\u0131n\u0131z. G\u00f6nderdi\u011fim o notlara kar\u015f\u0131l\u0131k beklemem gereksiz, biliyorum. Yazmad\u0131\u011f\u0131n\u0131za bak\u0131l\u0131rsa iyi h\u00e2lde olmal\u0131s\u0131n\u0131z; bizler \u00e7o\u011funlukla iyi oldu\u011fumuz zaman susar\u0131z, b\u00f6yle ise sevinmem gerekir. Bir \u015feyden\u015f\u00fcpheleniyorum yaln\u0131z -bu yaz\u0131y\u0131 bu sebeple yaz\u0131yorum- sak\u0131n k\u0131rm\u0131\u015f olmayay\u0131m sizi? (Ne kaba bir elim olmal\u0131 ki, isteklerime b\u00f6yle ayk\u0131r\u0131davrans\u0131n.)\u201d<\/p>\n","protected":false},"excerpt":{"rendered":"<p>\u201cSevgili Bayan Milena,Size Prag&#8217;dan, sonra Meran&#8217;dan da yazm\u0131\u015ft\u0131m. Cevap yazmad\u0131n\u0131z. G\u00f6nderdi\u011fim o notlara kar\u015f\u0131l\u0131k beklemem gereksiz, biliyorum. Yazmad\u0131\u011f\u0131n\u0131za bak\u0131l\u0131rsa iyi h\u00e2lde olmal\u0131s\u0131n\u0131z; bizler \u00e7o\u011funlukla iyi oldu\u011fumuz<span class=\"excerpt-hellip\"> [\u2026]<\/span><\/p>\n","protected":false},"featured_media":0,"template":"","meta":{"_monsterinsights_skip_tracking":false,"_monsterinsights_sitenote_active":false,"_monsterinsights_sitenote_note":"","_monsterinsights_sitenote_category":0},"product_brand":[],"product_cat":[12291,12711],"product_tag":[],"class_list":{"0":"post-757902","1":"product","2":"type-product","3":"status-publish","5":"product_cat-edebiyat","6":"product_cat-roman-oyku","7":"pa_cilt-ciltsiz","8":"pa_tur-kitap","9":"pa_yayinevi-dekalog-yayinlari","10":"pa_yazar-franz-kafka","12":"first","13":"instock","14":"sale","15":"shipping-taxable","16":"purchasable","17":"product-type-simple"},"_links":{"self":[{"href":"https:\/\/roveyayinevi.com.tr\/index.php\/wp-json\/wp\/v2\/product\/757902","targetHints":{"allow":["GET"]}}],"collection":[{"href":"https:\/\/roveyayinevi.com.tr\/index.php\/wp-json\/wp\/v2\/product"}],"about":[{"href":"https:\/\/roveyayinevi.com.tr\/index.php\/wp-json\/wp\/v2\/types\/product"}],"wp:attachment":[{"href":"https:\/\/roveyayinevi.com.tr\/index.php\/wp-json\/wp\/v2\/media?parent=757902"}],"wp:term":[{"taxonomy":"product_brand","embeddable":true,"href":"https:\/\/roveyayinevi.com.tr\/index.php\/wp-json\/wp\/v2\/product_brand?post=757902"},{"taxonomy":"product_cat","embeddable":true,"href":"https:\/\/roveyayinevi.com.tr\/index.php\/wp-json\/wp\/v2\/product_cat?post=757902"},{"taxonomy":"product_tag","embeddable":true,"href":"https:\/\/roveyayinevi.com.tr\/index.php\/wp-json\/wp\/v2\/product_tag?post=757902"}],"curies":[{"name":"wp","href":"https:\/\/api.w.org\/{rel}","templated":true}]}}