{"id":757898,"date":"2025-08-28T07:48:50","date_gmt":"2025-08-28T04:48:50","guid":{"rendered":"https:\/\/roveyayinevi.com.tr\/index.php\/urun\/mecburiyet-cep-boy\/"},"modified":"2026-04-16T03:10:50","modified_gmt":"2026-04-16T00:10:50","slug":"mecburiyet-cep-boy","status":"publish","type":"product","link":"https:\/\/roveyayinevi.com.tr\/index.php\/urun\/mecburiyet-cep-boy\/","title":{"rendered":"Mecburiyet (CEP BOY)"},"content":{"rendered":"<p>Kad\u0131n, g\u00fc\u00e7l\u00fc nefesler alarak derin derin uyuyordu. A\u011fz\u0131 yar\u0131 aral\u0131kt\u0131 sanki g\u00fcl\u00fcmsemek \u00fczere veya birden s\u00f6ze ba\u015flamak istermi\u015f gibiydi. Gen\u00e7, kubbeyi and\u0131ran g\u00f6\u011fs\u00fc battaniyenin alt\u0131nda huzurla kabar\u0131p iniyordu. Pencerelerden g\u00fcn\u00fcn ilk \u0131\u015f\u0131klar\u0131 s\u0131z\u0131yordu. Ancak, k\u0131\u015f sabah\u0131n\u0131n \u0131\u015f\u0131klar\u0131 s\u00f6n\u00fck ve zay\u0131ft\u0131. Karanl\u0131ktan g\u00fcn \u0131\u015f\u0131\u011f\u0131na ge\u00e7i\u015f, uyuyan nesnelerin \u00fczerinde karars\u0131zca dalgalan\u0131rken onlar\u0131n bedenlerini sar\u0131yordu.<\/p>\n","protected":false},"excerpt":{"rendered":"<p>Kad\u0131n, g\u00fc\u00e7l\u00fc nefesler alarak derin derin uyuyordu. A\u011fz\u0131 yar\u0131 aral\u0131kt\u0131 sanki g\u00fcl\u00fcmsemek \u00fczere veya birden s\u00f6ze ba\u015flamak istermi\u015f gibiydi. Gen\u00e7, kubbeyi and\u0131ran g\u00f6\u011fs\u00fc battaniyenin alt\u0131nda huzurla<span class=\"excerpt-hellip\"> [\u2026]<\/span><\/p>\n","protected":false},"featured_media":0,"template":"","meta":{"_monsterinsights_skip_tracking":false,"_monsterinsights_sitenote_active":false,"_monsterinsights_sitenote_note":"","_monsterinsights_sitenote_category":0},"product_brand":[],"product_cat":[12291,12711],"product_tag":[],"class_list":{"0":"post-757898","1":"product","2":"type-product","3":"status-publish","5":"product_cat-edebiyat","6":"product_cat-roman-oyku","7":"pa_cilt-ciltsiz","8":"pa_tur-kitap","9":"pa_yayinevi-dekalog-yayinlari","10":"pa_yazar-stefan-zweig","12":"first","13":"instock","14":"sale","15":"shipping-taxable","16":"purchasable","17":"product-type-simple"},"_links":{"self":[{"href":"https:\/\/roveyayinevi.com.tr\/index.php\/wp-json\/wp\/v2\/product\/757898","targetHints":{"allow":["GET"]}}],"collection":[{"href":"https:\/\/roveyayinevi.com.tr\/index.php\/wp-json\/wp\/v2\/product"}],"about":[{"href":"https:\/\/roveyayinevi.com.tr\/index.php\/wp-json\/wp\/v2\/types\/product"}],"wp:attachment":[{"href":"https:\/\/roveyayinevi.com.tr\/index.php\/wp-json\/wp\/v2\/media?parent=757898"}],"wp:term":[{"taxonomy":"product_brand","embeddable":true,"href":"https:\/\/roveyayinevi.com.tr\/index.php\/wp-json\/wp\/v2\/product_brand?post=757898"},{"taxonomy":"product_cat","embeddable":true,"href":"https:\/\/roveyayinevi.com.tr\/index.php\/wp-json\/wp\/v2\/product_cat?post=757898"},{"taxonomy":"product_tag","embeddable":true,"href":"https:\/\/roveyayinevi.com.tr\/index.php\/wp-json\/wp\/v2\/product_tag?post=757898"}],"curies":[{"name":"wp","href":"https:\/\/api.w.org\/{rel}","templated":true}]}}