{"id":757889,"date":"2025-08-28T07:48:34","date_gmt":"2025-08-28T04:48:34","guid":{"rendered":"https:\/\/roveyayinevi.com.tr\/index.php\/urun\/beyaz-zambaklar-ulkesinde-cep-boy\/"},"modified":"2026-04-16T03:10:50","modified_gmt":"2026-04-16T00:10:50","slug":"beyaz-zambaklar-ulkesinde-cep-boy","status":"publish","type":"product","link":"https:\/\/roveyayinevi.com.tr\/index.php\/urun\/beyaz-zambaklar-ulkesinde-cep-boy\/","title":{"rendered":"Beyaz Zambaklar \u00dclkesinde (CEP BOY)"},"content":{"rendered":"<p>Bundan 30-40 y\u0131l \u00f6nce Moskova&#8217;daki Devlet Tiyatrosunun duvarlar\u0131nda birdenbire b\u00fcy\u00fck \u00e7atlaklar meydana geldi\u011fi g\u00f6r\u00fclm\u00fc\u015f. Temelden \u00e7at\u0131ya kadar y\u00fckselen bu \u00e7atlaklar, b\u00fct\u00fcn binan\u0131n ans\u0131z\u0131n y\u0131k\u0131l\u0131p i\u00e7indekiler ile \u00e7evresindekileri ezme tehlikesini ortaya \u00e7\u0131karm\u0131\u015f. M\u00fchendisler gelip \u00e7atlaklar\u0131n sebeplerini ara\u015ft\u0131rmaya ba\u015flam\u0131\u015flar.<\/p>\n","protected":false},"excerpt":{"rendered":"<p>Bundan 30-40 y\u0131l \u00f6nce Moskova&#8217;daki Devlet Tiyatrosunun duvarlar\u0131nda birdenbire b\u00fcy\u00fck \u00e7atlaklar meydana geldi\u011fi g\u00f6r\u00fclm\u00fc\u015f. Temelden \u00e7at\u0131ya kadar y\u00fckselen bu \u00e7atlaklar, b\u00fct\u00fcn binan\u0131n ans\u0131z\u0131n y\u0131k\u0131l\u0131p i\u00e7indekiler ile<span class=\"excerpt-hellip\"> [\u2026]<\/span><\/p>\n","protected":false},"featured_media":0,"template":"","meta":{"_monsterinsights_skip_tracking":false,"_monsterinsights_sitenote_active":false,"_monsterinsights_sitenote_note":"","_monsterinsights_sitenote_category":0},"product_brand":[],"product_cat":[12777,12291],"product_tag":[],"class_list":{"0":"post-757889","1":"product","2":"type-product","3":"status-publish","5":"product_cat-deneme","6":"product_cat-edebiyat","7":"pa_cilt-ciltsiz","8":"pa_tur-kitap","9":"pa_yayinevi-dekalog-yayinlari","10":"pa_yazar-grigori-petrov","12":"first","13":"instock","14":"sale","15":"shipping-taxable","16":"purchasable","17":"product-type-simple"},"_links":{"self":[{"href":"https:\/\/roveyayinevi.com.tr\/index.php\/wp-json\/wp\/v2\/product\/757889","targetHints":{"allow":["GET"]}}],"collection":[{"href":"https:\/\/roveyayinevi.com.tr\/index.php\/wp-json\/wp\/v2\/product"}],"about":[{"href":"https:\/\/roveyayinevi.com.tr\/index.php\/wp-json\/wp\/v2\/types\/product"}],"wp:attachment":[{"href":"https:\/\/roveyayinevi.com.tr\/index.php\/wp-json\/wp\/v2\/media?parent=757889"}],"wp:term":[{"taxonomy":"product_brand","embeddable":true,"href":"https:\/\/roveyayinevi.com.tr\/index.php\/wp-json\/wp\/v2\/product_brand?post=757889"},{"taxonomy":"product_cat","embeddable":true,"href":"https:\/\/roveyayinevi.com.tr\/index.php\/wp-json\/wp\/v2\/product_cat?post=757889"},{"taxonomy":"product_tag","embeddable":true,"href":"https:\/\/roveyayinevi.com.tr\/index.php\/wp-json\/wp\/v2\/product_tag?post=757889"}],"curies":[{"name":"wp","href":"https:\/\/api.w.org\/{rel}","templated":true}]}}