{"id":757860,"date":"2025-08-28T07:47:41","date_gmt":"2025-08-28T04:47:41","guid":{"rendered":"https:\/\/roveyayinevi.com.tr\/index.php\/urun\/cezeri\/"},"modified":"2026-04-16T03:10:50","modified_gmt":"2026-04-16T00:10:50","slug":"cezeri","status":"publish","type":"product","link":"https:\/\/roveyayinevi.com.tr\/index.php\/urun\/cezeri\/","title":{"rendered":"Cezeri"},"content":{"rendered":"<p>Ahmet, gizemli bir e-posta al\u0131nca s\u00fcr\u00fckleyici bir maceran\u0131n kendisini bekledi\u011fini anlar. \u00dcstelik bu e-posta as\u0131rlar \u00f6ncesinden Cezeri\u2019den gelir. Ahmet, heyecan ve \u015fa\u015fk\u0131nl\u0131kla e-postaya cevap verir. Her bir iletide yeni bir \u015fifre ile yeni bir bilmeceyle kar\u015f\u0131la\u015f\u0131r. Ahmet\u2019in bu macerada en b\u00fcy\u00fck destek\u00e7isi ailesi ve arkada\u015flar\u0131d\u0131r. \u015eifreleri \u00e7\u00f6z\u00fcp hedefe ula\u015facaklar m\u0131 dersiniz? Kitab\u0131n kapa\u011f\u0131n\u0131 aralay\u0131n ve ipu\u00e7lar\u0131n\u0131 toplayarak bilgiye ula\u015f\u0131n. Kim bilir belki sizin de e-posta adresinizde as\u0131rlar \u00f6ncesinden gelen bir ileti vard\u0131r\u2026 A\u00e7madan \u00f6nce g\u00f6ndereni kontrol etmeyi ve izleri takip etmeyi unutmay\u0131n. <\/p>\n","protected":false},"excerpt":{"rendered":"<p>Ahmet, gizemli bir e-posta al\u0131nca s\u00fcr\u00fckleyici bir maceran\u0131n kendisini bekledi\u011fini anlar. \u00dcstelik bu e-posta as\u0131rlar \u00f6ncesinden Cezeri\u2019den gelir. Ahmet, heyecan ve \u015fa\u015fk\u0131nl\u0131kla e-postaya cevap verir. Her<span class=\"excerpt-hellip\"> [\u2026]<\/span><\/p>\n","protected":false},"featured_media":0,"template":"","meta":{"_monsterinsights_skip_tracking":false,"_monsterinsights_sitenote_active":false,"_monsterinsights_sitenote_note":"","_monsterinsights_sitenote_category":0},"product_brand":[],"product_cat":[13946,12304],"product_tag":[],"class_list":{"0":"post-757860","1":"product","2":"type-product","3":"status-publish","5":"product_cat-biyografi-otobiyografi","6":"product_cat-tarih","7":"pa_cilt-ciltsiz","8":"pa_tur-kitap","9":"pa_yayinevi-genc-hayat","10":"pa_yazar-eda-bildek","12":"first","13":"instock","14":"sale","15":"shipping-taxable","16":"purchasable","17":"product-type-simple"},"_links":{"self":[{"href":"https:\/\/roveyayinevi.com.tr\/index.php\/wp-json\/wp\/v2\/product\/757860","targetHints":{"allow":["GET"]}}],"collection":[{"href":"https:\/\/roveyayinevi.com.tr\/index.php\/wp-json\/wp\/v2\/product"}],"about":[{"href":"https:\/\/roveyayinevi.com.tr\/index.php\/wp-json\/wp\/v2\/types\/product"}],"wp:attachment":[{"href":"https:\/\/roveyayinevi.com.tr\/index.php\/wp-json\/wp\/v2\/media?parent=757860"}],"wp:term":[{"taxonomy":"product_brand","embeddable":true,"href":"https:\/\/roveyayinevi.com.tr\/index.php\/wp-json\/wp\/v2\/product_brand?post=757860"},{"taxonomy":"product_cat","embeddable":true,"href":"https:\/\/roveyayinevi.com.tr\/index.php\/wp-json\/wp\/v2\/product_cat?post=757860"},{"taxonomy":"product_tag","embeddable":true,"href":"https:\/\/roveyayinevi.com.tr\/index.php\/wp-json\/wp\/v2\/product_tag?post=757860"}],"curies":[{"name":"wp","href":"https:\/\/api.w.org\/{rel}","templated":true}]}}