{"id":757818,"date":"2025-08-28T07:46:17","date_gmt":"2025-08-28T04:46:17","guid":{"rendered":"https:\/\/roveyayinevi.com.tr\/index.php\/urun\/okulda-hayat-var\/"},"modified":"2026-04-16T03:10:49","modified_gmt":"2026-04-16T00:10:49","slug":"okulda-hayat-var","status":"publish","type":"product","link":"https:\/\/roveyayinevi.com.tr\/index.php\/urun\/okulda-hayat-var\/","title":{"rendered":"Okulda Hayat Var"},"content":{"rendered":"<p>E\u011fitim, hayat\u0131m\u0131z\u0131n her alan\u0131nda bizi etkileyen ve geli\u015ftiren bir s\u00fcre\u00e7tir. E\u011fitim, sadece okullarda de\u011fil, her an her yerde kar\u015f\u0131m\u0131za \u00e7\u0131kar. Hayat bize her g\u00fcn yeni \u015feyler \u00f6\u011fretir ve biz de \u00f6\u011frendiklerimizi ba\u015fkalar\u0131na aktar\u0131r\u0131z.Peki, e\u011fitimi nas\u0131l daha yararl\u0131, daha verimli ve daha keyifli h\u00e2le getirebiliriz? E\u011fitimin farkl\u0131 boyutlar\u0131n\u0131 nas\u0131l ele alabilir ve geli\u015ftirebiliriz? E\u011fitimin payda\u015flar\u0131 olarak rol\u00fcm\u00fcz ve sorumluluklar\u0131m\u0131z nelerdir? E\u011fitimde s\u00fcreklilik, sosyal geli\u015fim, okuma k\u00fclt\u00fcr\u00fc, ger\u00e7ek hayat ile e\u011fitimin birlikte yol almas\u0131, her ya\u015fta e\u011fitim gibi konular neden \u00f6nemlidir?Bu kitapta, bu sorulara cevap arayan yazar, e\u011fitimle ilgili deneyimlerini, g\u00f6zlemlerini ve ara\u015ft\u0131rmalar\u0131n\u0131 sizinle payla\u015f\u0131yor. Kitab\u0131n amac\u0131, e\u011fitimin \u00f6nemine dikkat \u00e7ekmek, e\u011fitimin farkl\u0131 y\u00f6nlerini g\u00f6stermek ve e\u011fitimin geli\u015ftirilmesine katk\u0131 sa\u011flamakt\u0131r.E\u011fitimle ilgilenen herkese hitap eden bu eser ile hayat\u0131 \u00f6\u011frenmenin keyfini \u00e7\u0131karacak ve hayat\u0131n farkl\u0131 y\u00f6nlerini ke\u015ffetmenin yollar\u0131n\u0131 bulacaks\u0131n\u0131z.<\/p>\n","protected":false},"excerpt":{"rendered":"<p>E\u011fitim, hayat\u0131m\u0131z\u0131n her alan\u0131nda bizi etkileyen ve geli\u015ftiren bir s\u00fcre\u00e7tir. E\u011fitim, sadece okullarda de\u011fil, her an her yerde kar\u015f\u0131m\u0131za \u00e7\u0131kar. Hayat bize her g\u00fcn yeni \u015feyler<span class=\"excerpt-hellip\"> [\u2026]<\/span><\/p>\n","protected":false},"featured_media":0,"template":"","meta":{"_monsterinsights_skip_tracking":false,"_monsterinsights_sitenote_active":false,"_monsterinsights_sitenote_note":"","_monsterinsights_sitenote_category":0},"product_brand":[],"product_cat":[12777,12291],"product_tag":[],"class_list":{"0":"post-757818","1":"product","2":"type-product","3":"status-publish","5":"product_cat-deneme","6":"product_cat-edebiyat","7":"pa_cilt-ciltsiz","8":"pa_tur-kitap","9":"pa_yayinevi-aktif-yayinevi","10":"pa_yazar-adem-keven","12":"first","13":"instock","14":"sale","15":"shipping-taxable","16":"purchasable","17":"product-type-simple"},"_links":{"self":[{"href":"https:\/\/roveyayinevi.com.tr\/index.php\/wp-json\/wp\/v2\/product\/757818","targetHints":{"allow":["GET"]}}],"collection":[{"href":"https:\/\/roveyayinevi.com.tr\/index.php\/wp-json\/wp\/v2\/product"}],"about":[{"href":"https:\/\/roveyayinevi.com.tr\/index.php\/wp-json\/wp\/v2\/types\/product"}],"wp:attachment":[{"href":"https:\/\/roveyayinevi.com.tr\/index.php\/wp-json\/wp\/v2\/media?parent=757818"}],"wp:term":[{"taxonomy":"product_brand","embeddable":true,"href":"https:\/\/roveyayinevi.com.tr\/index.php\/wp-json\/wp\/v2\/product_brand?post=757818"},{"taxonomy":"product_cat","embeddable":true,"href":"https:\/\/roveyayinevi.com.tr\/index.php\/wp-json\/wp\/v2\/product_cat?post=757818"},{"taxonomy":"product_tag","embeddable":true,"href":"https:\/\/roveyayinevi.com.tr\/index.php\/wp-json\/wp\/v2\/product_tag?post=757818"}],"curies":[{"name":"wp","href":"https:\/\/api.w.org\/{rel}","templated":true}]}}