{"id":757797,"date":"2025-08-28T07:45:52","date_gmt":"2025-08-28T04:45:52","guid":{"rendered":"https:\/\/roveyayinevi.com.tr\/index.php\/urun\/arkeolojik-calismalarin-golgesinde-almanyanin-dogu-politikasi\/"},"modified":"2026-04-16T03:10:48","modified_gmt":"2026-04-16T00:10:48","slug":"arkeolojik-calismalarin-golgesinde-almanyanin-dogu-politikasi","status":"publish","type":"product","link":"https:\/\/roveyayinevi.com.tr\/index.php\/urun\/arkeolojik-calismalarin-golgesinde-almanyanin-dogu-politikasi\/","title":{"rendered":"Arkeolojik \u00c7al\u0131\u015fmalar\u0131n G\u00f6lgesinde Almanya&#8217;n\u0131n Do\u011fu Politikas\u0131"},"content":{"rendered":"<p>20. y\u00fczy\u0131l\u0131n sonlar\u0131ndan itibaren Alman \u0130mparatorlu\u011fu ile Osmanl\u0131 Devleti aras\u0131ndaki ili\u015fkiler giderek yak\u0131nla\u015fm\u0131\u015ft\u0131r. Bu yak\u0131nla\u015fman\u0131n bir nedenini Alman \u0130mparatoru II. Wilhelmin \u0130ngilizlerin D\u00fcnya hegemonyas\u0131na meydan okuma planlar\u0131 \u00e7er\u00e7evesinde M\u00fcsl\u00fcman s\u00f6m\u00fcrgelerinde huzursuzluk ve isyan \u00e7\u0131karma iste\u011fi olu\u015fturmu\u015ftur. Almanyan\u0131n bu ba\u011flamda g\u00f6revlendirdi\u011fi en yetenekli isimlerden birisi olan Max von Oppenheim hem sivil hem de devlet g\u00f6revlisi olarak, 1883 y\u0131l\u0131ndan itibaren bir\u00e7ok kez Osmanl\u0131 topraklar\u0131na seyahatler d\u00fczenlemi\u015f ve ba\u015fta M\u0131s\u0131r olmak \u00fczere, Irak Suriye ve Arabistandaki yerel ko\u015fullar hakk\u0131nda bilgi ve tecr\u00fcbe sahibi olmu\u015ftur.1914 y\u0131l\u0131nda Birinci D\u00fcnya Sava\u015f\u0131n\u0131n \u00e7\u0131kmas\u0131, Alman \u0130mparatorlu\u011funun uzun y\u0131llard\u0131r haz\u0131rl\u0131\u011f\u0131n\u0131 yapt\u0131\u011f\u0131 \u0130ngiltereye kar\u015f\u0131 M\u00fcsl\u00fcmanlar\u0131n ayakland\u0131rmas\u0131 politikas\u0131n\u0131 hayata ge\u00e7irmesine neden olmu\u015ftur. 1915 y\u0131l\u0131nda geldi\u011fi \u0130stanbulda, Almanyan\u0131n sava\u015fta m\u00fcttefiki olan Osmanl\u0131 Devletinde, sava\u015f propagandas\u0131n\u0131 y\u00fcr\u00fctmeye y\u00f6nelik bir te\u015fkilat kuran Oppenheim, Almanyan\u0131n hem k\u00fclt\u00fcrel hem de iktisadi propagandas\u0131n\u0131 y\u00fcr\u00fctm\u00fc\u015ft\u00fcr. Arkeolojik \u00c7al\u0131\u015fmalar\u0131n G\u00f6lgesinde Almanyan\u0131n Do\u011fu Politikas\u0131 isimli \u00e7al\u0131\u015fmada Max von Oppenheim\u0131n g\u00f6revleri de\u011fi\u015fiklik g\u00f6sterse de Osmanl\u0131 Devletinde bulundu\u011fu s\u00fcre i\u00e7erisindeki faaliyetlerinin as\u0131l amac\u0131n\u0131n, Almanyan\u0131n bu topraklardaki \u00e7\u0131karlar\u0131n\u0131 geli\u015ftirmek, savunmak ve propagandas\u0131n\u0131 yapmak oldu\u011fu ortaya koymaktad\u0131r.<\/p>\n","protected":false},"excerpt":{"rendered":"<p>20. y\u00fczy\u0131l\u0131n sonlar\u0131ndan itibaren Alman \u0130mparatorlu\u011fu ile Osmanl\u0131 Devleti aras\u0131ndaki ili\u015fkiler giderek yak\u0131nla\u015fm\u0131\u015ft\u0131r. Bu yak\u0131nla\u015fman\u0131n bir nedenini Alman \u0130mparatoru II. Wilhelmin \u0130ngilizlerin D\u00fcnya hegemonyas\u0131na meydan okuma<span class=\"excerpt-hellip\"> [\u2026]<\/span><\/p>\n","protected":false},"featured_media":0,"template":"","meta":{"_monsterinsights_skip_tracking":false,"_monsterinsights_sitenote_active":false,"_monsterinsights_sitenote_note":"","_monsterinsights_sitenote_category":0},"product_brand":[],"product_cat":[12370,12304],"product_tag":[],"class_list":{"0":"post-757797","1":"product","2":"type-product","3":"status-publish","5":"product_cat-arastirma-inceleme","6":"product_cat-tarih","7":"pa_cilt-ciltsiz","8":"pa_tur-kitap","9":"pa_yayinevi-aktif-yayinevi","10":"pa_yazar-safa-furkan-karacakaya","12":"first","13":"instock","14":"sale","15":"shipping-taxable","16":"purchasable","17":"product-type-simple"},"_links":{"self":[{"href":"https:\/\/roveyayinevi.com.tr\/index.php\/wp-json\/wp\/v2\/product\/757797","targetHints":{"allow":["GET"]}}],"collection":[{"href":"https:\/\/roveyayinevi.com.tr\/index.php\/wp-json\/wp\/v2\/product"}],"about":[{"href":"https:\/\/roveyayinevi.com.tr\/index.php\/wp-json\/wp\/v2\/types\/product"}],"wp:attachment":[{"href":"https:\/\/roveyayinevi.com.tr\/index.php\/wp-json\/wp\/v2\/media?parent=757797"}],"wp:term":[{"taxonomy":"product_brand","embeddable":true,"href":"https:\/\/roveyayinevi.com.tr\/index.php\/wp-json\/wp\/v2\/product_brand?post=757797"},{"taxonomy":"product_cat","embeddable":true,"href":"https:\/\/roveyayinevi.com.tr\/index.php\/wp-json\/wp\/v2\/product_cat?post=757797"},{"taxonomy":"product_tag","embeddable":true,"href":"https:\/\/roveyayinevi.com.tr\/index.php\/wp-json\/wp\/v2\/product_tag?post=757797"}],"curies":[{"name":"wp","href":"https:\/\/api.w.org\/{rel}","templated":true}]}}