{"id":757792,"date":"2025-08-28T07:45:46","date_gmt":"2025-08-28T04:45:46","guid":{"rendered":"https:\/\/roveyayinevi.com.tr\/index.php\/urun\/bolgesel-aktorlerin-filistin-politikalari\/"},"modified":"2026-04-16T03:10:48","modified_gmt":"2026-04-16T00:10:48","slug":"bolgesel-aktorlerin-filistin-politikalari","status":"publish","type":"product","link":"https:\/\/roveyayinevi.com.tr\/index.php\/urun\/bolgesel-aktorlerin-filistin-politikalari\/","title":{"rendered":"B\u00f6lgesel Akt\u00f6rlerin Filistin Politikalar\u0131"},"content":{"rendered":"<p>13 b\u00f6l\u00fcmden olu\u015fan bu kitap, Ortado\u011fu olarak adland\u0131r\u0131lan geni\u015f siyasi co\u011frafyadaki b\u00f6lge \u00fclkelerinin Filistin politikalar\u0131n\u0131 inceliyor. Kitab\u0131n ilk b\u00f6l\u00fcm\u00fcnde Filistin meselesinin d\u00fcn\u00fc ve bug\u00fcn\u00fc kapsaml\u0131 bir de\u011ferlendirmeye tutuluyor. Ard\u0131ndan takip eden b\u00f6l\u00fcmlerde Cezayirden \u0130ran\u2019a, Irak\u2019tan Libya\u2019ya, K\u00f6rfez \u00fclkelerinden T\u00fcrkiye\u2019ye kadar bu geni\u015f b\u00f6lgede yer alan t\u00fcm \u00fclkelerin Filistin meselesine dair izledikleri politikalar etrafl\u0131ca analiz ediliyor. Alan\u0131ndaki uzman akademisyenlerce kaleme al\u0131nan her b\u00f6l\u00fcmde mevzubahis \u00fclkelerin Filistin politikalar\u0131n\u0131n nas\u0131l \u015fekillendi\u011fi, ge\u00e7mi\u015f ve g\u00fcncel dinamikler dikkate al\u0131narak inceleniyor. Bu y\u00f6n\u00fcyle alan\u0131nda bir ilk olan \u00e7al\u0131\u015fma literat\u00fcrde \u00f6nemli bir bo\u015flu\u011fu dolduruyor.<\/p>\n","protected":false},"excerpt":{"rendered":"<p>13 b\u00f6l\u00fcmden olu\u015fan bu kitap, Ortado\u011fu olarak adland\u0131r\u0131lan geni\u015f siyasi co\u011frafyadaki b\u00f6lge \u00fclkelerinin Filistin politikalar\u0131n\u0131 inceliyor. Kitab\u0131n ilk b\u00f6l\u00fcm\u00fcnde Filistin meselesinin d\u00fcn\u00fc ve bug\u00fcn\u00fc kapsaml\u0131 bir<span class=\"excerpt-hellip\"> [\u2026]<\/span><\/p>\n","protected":false},"featured_media":0,"template":"","meta":{"_monsterinsights_skip_tracking":false,"_monsterinsights_sitenote_active":false,"_monsterinsights_sitenote_note":"","_monsterinsights_sitenote_category":0},"product_brand":[],"product_cat":[12337,17225],"product_tag":[],"class_list":{"0":"post-757792","1":"product","2":"type-product","3":"status-publish","5":"product_cat-politika-siyaset","6":"product_cat-uluslararasi-iliskiler","7":"pa_cilt-ciltsiz","8":"pa_tur-kitap","9":"pa_yayinevi-aktif-yayinevi","10":"pa_yazar-aktif-kolektif","12":"first","13":"instock","14":"sale","15":"shipping-taxable","16":"purchasable","17":"product-type-simple"},"_links":{"self":[{"href":"https:\/\/roveyayinevi.com.tr\/index.php\/wp-json\/wp\/v2\/product\/757792","targetHints":{"allow":["GET"]}}],"collection":[{"href":"https:\/\/roveyayinevi.com.tr\/index.php\/wp-json\/wp\/v2\/product"}],"about":[{"href":"https:\/\/roveyayinevi.com.tr\/index.php\/wp-json\/wp\/v2\/types\/product"}],"wp:attachment":[{"href":"https:\/\/roveyayinevi.com.tr\/index.php\/wp-json\/wp\/v2\/media?parent=757792"}],"wp:term":[{"taxonomy":"product_brand","embeddable":true,"href":"https:\/\/roveyayinevi.com.tr\/index.php\/wp-json\/wp\/v2\/product_brand?post=757792"},{"taxonomy":"product_cat","embeddable":true,"href":"https:\/\/roveyayinevi.com.tr\/index.php\/wp-json\/wp\/v2\/product_cat?post=757792"},{"taxonomy":"product_tag","embeddable":true,"href":"https:\/\/roveyayinevi.com.tr\/index.php\/wp-json\/wp\/v2\/product_tag?post=757792"}],"curies":[{"name":"wp","href":"https:\/\/api.w.org\/{rel}","templated":true}]}}