{"id":757781,"date":"2025-08-28T07:45:31","date_gmt":"2025-08-28T04:45:31","guid":{"rendered":"https:\/\/roveyayinevi.com.tr\/index.php\/urun\/finansal-piyasalarda-yatirimci-duyarliligi\/"},"modified":"2026-04-16T03:10:48","modified_gmt":"2026-04-16T00:10:48","slug":"finansal-piyasalarda-yatirimci-duyarliligi","status":"publish","type":"product","link":"https:\/\/roveyayinevi.com.tr\/index.php\/urun\/finansal-piyasalarda-yatirimci-duyarliligi\/","title":{"rendered":"Finansal Piyasalarda Yat\u0131r\u0131mc\u0131 Duyarl\u0131l\u0131\u011f\u0131"},"content":{"rendered":"<p>G\u00fcn\u00fcm\u00fczde finansal varl\u0131\u011f\u0131n getirisini hesaplamayabilmek i\u00e7in \u015firket, sekt\u00f6r, \u00fclke analizi yapmak art\u0131k yeterli olmamaktad\u0131r. Finansal varl\u0131k, kendi dinamiklerinden ve \u00fclke yap\u0131s\u0131ndan etkilenme boyutunu a\u015f\u0131p k\u00fcresel dinamiklerden de etkilenir d\u00fczeye gelmi\u015ftir. Elbette bundaki en \u00f6nemli etmen k\u00fcreselle\u015fme, internet kullan\u0131m\u0131n\u0131n artmas\u0131, kirli\/temiz bilgi ak\u0131\u015f\u0131n\u0131n h\u0131zlanmas\u0131d\u0131r. Bir \u00fclkede tek bir \u015firketin iflas\u0131 (Lehman Brother \u00e7\u00f6k\u00fc\u015f\u00fc), \u00fclkeler aras\u0131 sava\u015f haberleri (ABD-Afganistan Sava\u015f\u0131), devlet g\u00f6revlilerinin ya da \u00f6nemli \u015firket y\u00f6neticilerinin yapm\u0131\u015f oldu\u011fu a\u00e7\u0131klamalar (Elon Musk ve Donald Trump\u2019\u0131n a\u00e7\u0131klamalar\u0131) ve vatanda\u015flar\u0131n kendi \u00fclke veri tabanlar\u0131nda aratt\u0131klar\u0131 haberler art\u0131k piyasalar\u0131 etkiler hale gelmi\u015ftir. Dolay\u0131s\u0131yla yat\u0131r\u0131mc\u0131lar\u0131n bu geli\u015fmelere verdikleri tepkilerin finansal piyasalar\u0131 etkileme durumu ara\u015ft\u0131r\u0131lmas\u0131 gereken bir konudur. Finansal Piyasalarda Yat\u0131r\u0131mc\u0131 Duyarl\u0131l\u0131\u011f\u0131 isimli bu \u00e7al\u0131\u015fma, finans sekt\u00f6r\u00fcnde yat\u0131r\u0131mc\u0131n\u0131n davran\u0131\u015f\u0131n\u0131 ele alm\u0131\u015ft\u0131r.<\/p>\n","protected":false},"excerpt":{"rendered":"<p>G\u00fcn\u00fcm\u00fczde finansal varl\u0131\u011f\u0131n getirisini hesaplamayabilmek i\u00e7in \u015firket, sekt\u00f6r, \u00fclke analizi yapmak art\u0131k yeterli olmamaktad\u0131r. Finansal varl\u0131k, kendi dinamiklerinden ve \u00fclke yap\u0131s\u0131ndan etkilenme boyutunu a\u015f\u0131p k\u00fcresel dinamiklerden<span class=\"excerpt-hellip\"> [\u2026]<\/span><\/p>\n","protected":false},"featured_media":0,"template":"","meta":{"_monsterinsights_skip_tracking":false,"_monsterinsights_sitenote_active":false,"_monsterinsights_sitenote_note":"","_monsterinsights_sitenote_category":0},"product_brand":[],"product_cat":[17249,13043],"product_tag":[],"class_list":{"0":"post-757781","1":"product","2":"type-product","3":"status-publish","5":"product_cat-borsa-finans","6":"product_cat-ekonomi","7":"pa_cilt-ciltsiz","8":"pa_tur-kitap","9":"pa_yayinevi-aktif-yayinevi","10":"pa_yazar-semra-demir","12":"first","13":"instock","14":"sale","15":"shipping-taxable","16":"purchasable","17":"product-type-simple"},"_links":{"self":[{"href":"https:\/\/roveyayinevi.com.tr\/index.php\/wp-json\/wp\/v2\/product\/757781","targetHints":{"allow":["GET"]}}],"collection":[{"href":"https:\/\/roveyayinevi.com.tr\/index.php\/wp-json\/wp\/v2\/product"}],"about":[{"href":"https:\/\/roveyayinevi.com.tr\/index.php\/wp-json\/wp\/v2\/types\/product"}],"wp:attachment":[{"href":"https:\/\/roveyayinevi.com.tr\/index.php\/wp-json\/wp\/v2\/media?parent=757781"}],"wp:term":[{"taxonomy":"product_brand","embeddable":true,"href":"https:\/\/roveyayinevi.com.tr\/index.php\/wp-json\/wp\/v2\/product_brand?post=757781"},{"taxonomy":"product_cat","embeddable":true,"href":"https:\/\/roveyayinevi.com.tr\/index.php\/wp-json\/wp\/v2\/product_cat?post=757781"},{"taxonomy":"product_tag","embeddable":true,"href":"https:\/\/roveyayinevi.com.tr\/index.php\/wp-json\/wp\/v2\/product_tag?post=757781"}],"curies":[{"name":"wp","href":"https:\/\/api.w.org\/{rel}","templated":true}]}}