{"id":757779,"date":"2025-08-28T07:45:29","date_gmt":"2025-08-28T04:45:29","guid":{"rendered":"https:\/\/roveyayinevi.com.tr\/index.php\/urun\/afetler-cografyasi\/"},"modified":"2026-04-16T03:10:48","modified_gmt":"2026-04-16T00:10:48","slug":"afetler-cografyasi","status":"publish","type":"product","link":"https:\/\/roveyayinevi.com.tr\/index.php\/urun\/afetler-cografyasi\/","title":{"rendered":"Afetler Co\u011frafyas\u0131"},"content":{"rendered":"<p>\u0130nsanl\u0131k tarihinin ba\u015flang\u0131c\u0131ndan itibaren devam eden afetler ge\u00e7mi\u015fte volkanik patlamalar, depremler, seller ve f\u0131rt\u0131nalar gibi do\u011fal olaylara ba\u011fl\u0131 iken g\u00fcn\u00fcm\u00fczde insan etkisine ba\u011fl\u0131 olarak sosyal ve teknolojik afetlerle \u00e7e\u015fitlenerek daha kompleks h\u00e2le gelmi\u015ftir.\u00d6zellikle Sanayi \u0130nk\u0131lab\u0131\u2019ndan sonra afetlerin olu\u015fumunda insan faaliyetleri etkin rol oynam\u0131\u015f ve afetlerin olu\u015f s\u0131kl\u0131\u011f\u0131n\u0131 ve \u00e7e\u015fitlili\u011fi art\u0131rm\u0131\u015ft\u0131r. 20. y\u00fczy\u0131l sonunda, 21. y\u00fczy\u0131l ba\u015f\u0131nda belirgin olarak artan afetlere ba\u011fl\u0131 olarak tabii ki can ve mal kayb\u0131nda da b\u00fcy\u00fck art\u0131\u015f ya\u015fanm\u0131\u015ft\u0131r. D\u00fcnya\u2019da kayda ge\u00e7mi\u015f ve yakla\u015f\u0131k bir as\u0131rl\u0131k afet istatistiklerine bak\u0131ld\u0131\u011f\u0131nda, 16 bine yak\u0131n afetin meydana geldi\u011fi, 40 milyon insan\u0131n hayat\u0131n\u0131 kaybetti\u011fi, 100 milyon insan\u0131n yaraland\u0131\u011f\u0131, 200 milyon insan\u0131n evsiz kald\u0131\u011f\u0131, 6 milyar insan\u0131n afetlerden etkilendi\u011fi ve 1 trilyon dolar maddi zarar oldu\u011fu hesaplanm\u0131\u015ft\u0131r.Eldeki bu eser \u00fcniversitelerimizin Co\u011frafya \u00d6\u011fretmenli\u011fi ve Co\u011frafya b\u00f6l\u00fcmlerinde olmak \u00fczere \u201cAfetler Co\u011frafyas\u0131\u201d derslerinde \u00f6\u011frencilerimize yard\u0131mc\u0131 olmak i\u00e7in ders kitab\u0131 niteli\u011finde haz\u0131rlanm\u0131\u015ft\u0131r. Ayr\u0131ca \u00e7al\u0131\u015fmada afetlere y\u00f6nelik \u00f6nemli verilere, y\u00f6netimsel \u00f6rg\u00fctlenme ve de\u011ferlendirmelere yer verilmi\u015f, bu konuya ilgi duyan ve merak edenlerin de ihtiya\u00e7lar\u0131n\u0131 kar\u015f\u0131lamaya ve akademik \u00e7al\u0131\u015fmalarda bilimsel bir kaynak niteli\u011fi ta\u015f\u0131mas\u0131na \u00f6zen g\u00f6sterilmi\u015ftir.<\/p>\n","protected":false},"excerpt":{"rendered":"<p>\u0130nsanl\u0131k tarihinin ba\u015flang\u0131c\u0131ndan itibaren devam eden afetler ge\u00e7mi\u015fte volkanik patlamalar, depremler, seller ve f\u0131rt\u0131nalar gibi do\u011fal olaylara ba\u011fl\u0131 iken g\u00fcn\u00fcm\u00fczde insan etkisine ba\u011fl\u0131 olarak sosyal ve<span class=\"excerpt-hellip\"> [\u2026]<\/span><\/p>\n","protected":false},"featured_media":0,"template":"","meta":{"_monsterinsights_skip_tracking":false,"_monsterinsights_sitenote_active":false,"_monsterinsights_sitenote_note":"","_monsterinsights_sitenote_category":0},"product_brand":[],"product_cat":[12324],"product_tag":[],"class_list":{"0":"post-757779","1":"product","2":"type-product","3":"status-publish","5":"product_cat-sosyoloji","6":"pa_cilt-ciltsiz","7":"pa_tur-kitap","8":"pa_yayinevi-aktif-yayinevi","9":"pa_yazar-mehmet-unlu","10":"pa_yazar-ramazan-ozey","12":"first","13":"instock","14":"sale","15":"shipping-taxable","16":"purchasable","17":"product-type-simple"},"_links":{"self":[{"href":"https:\/\/roveyayinevi.com.tr\/index.php\/wp-json\/wp\/v2\/product\/757779","targetHints":{"allow":["GET"]}}],"collection":[{"href":"https:\/\/roveyayinevi.com.tr\/index.php\/wp-json\/wp\/v2\/product"}],"about":[{"href":"https:\/\/roveyayinevi.com.tr\/index.php\/wp-json\/wp\/v2\/types\/product"}],"wp:attachment":[{"href":"https:\/\/roveyayinevi.com.tr\/index.php\/wp-json\/wp\/v2\/media?parent=757779"}],"wp:term":[{"taxonomy":"product_brand","embeddable":true,"href":"https:\/\/roveyayinevi.com.tr\/index.php\/wp-json\/wp\/v2\/product_brand?post=757779"},{"taxonomy":"product_cat","embeddable":true,"href":"https:\/\/roveyayinevi.com.tr\/index.php\/wp-json\/wp\/v2\/product_cat?post=757779"},{"taxonomy":"product_tag","embeddable":true,"href":"https:\/\/roveyayinevi.com.tr\/index.php\/wp-json\/wp\/v2\/product_tag?post=757779"}],"curies":[{"name":"wp","href":"https:\/\/api.w.org\/{rel}","templated":true}]}}