{"id":757778,"date":"2025-08-28T07:45:28","date_gmt":"2025-08-28T04:45:28","guid":{"rendered":"https:\/\/roveyayinevi.com.tr\/index.php\/urun\/afrika-cografyasi\/"},"modified":"2026-04-16T03:10:48","modified_gmt":"2026-04-16T00:10:48","slug":"afrika-cografyasi","status":"publish","type":"product","link":"https:\/\/roveyayinevi.com.tr\/index.php\/urun\/afrika-cografyasi\/","title":{"rendered":"Afrika Co\u011frafyas\u0131"},"content":{"rendered":"<p>Gineli bir kad\u0131nla evlenerek, Gana\u2019ya yerle\u015fmi\u015f bir d\u00fc\u015f\u00fcn\u00fcr olan Dhoruba Mujaheed Bin-Wahad; ;\u201cD\u00fcnya alt\u0131n rezervlerinin %70\u2019i Afrika topraklar\u0131ndad\u0131r. Stratejik \u00f6nemi olan 40 metalin 20\u2019si Afrika topraklar\u0131nda bulunuyor. Eti en lezzetli hayvanlar Afrika topraklar\u0131nda yeti\u015fir. Nil Nehri, Volta Nehri, Gambiya Nehri; d\u00fcnyan\u0131n en g\u00fczel sular\u0131 Afrika topraklar\u0131nda akar. K\u0131tan\u0131n her taraf\u0131ndan bereket f\u0131\u015fk\u0131r\u0131yor. Fakat s\u00f6m\u00fcrgecilerin al\u00e7ak\u00e7a tezg\u00e2h\u0131na geldi\u011fimiz i\u00e7in bu bereketin hayr\u0131n\u0131 g\u00f6remiyoruz. Nijer\u2019de zengin alt\u0131n madenleri var, Fildi\u015fi Sahili d\u00fcnyan\u0131n en b\u00fcy\u00fck kakao \u00fcreticisi, Kongo ve Zimbabve elmas kayn\u0131yor ama hayr\u0131n\u0131 g\u00f6remiyoruz. S\u00f6m\u00fcrge d\u00f6neminden kalma siyasi ve ekonomik d\u00fczenlemeler, ard\u0131 arkas\u0131 kesilmeyen Bat\u0131 komplolar\u0131, D\u00fcnya Ticaret \u00d6rg\u00fct\u00fc, Uluslararas\u0131 Para Fonu, D\u00fcnya Bankas\u0131 re\u00e7eteleri y\u00fcz\u00fcnden hasta yata\u011f\u0131ndan kalkam\u0131yoruz. Komaya girdik, \u00e7\u0131kam\u0131yoruz. \u0130nleye inleye can \u00e7eki\u015fiyoruz. Kabileleri birbirine d\u00fc\u015f\u00fcr\u00fcyorlar, devletleri birbirine d\u00fc\u015f\u00fcr\u00fcyorlar, Afrika\u2019y\u0131 birbirine d\u00fc\u015f\u00fcr\u00fcyorlar ve bu sayede neyimiz var, neyimiz yok, elimizden al\u0131yorlar. Art\u0131k uyanmal\u0131y\u0131z. \u2018Afrika Afrikal\u0131lar\u0131nd\u0131r\u2019 slogan\u0131n\u0131 hayata ge\u00e7irmek i\u00e7in canla ba\u015fla \u00e7al\u0131\u015fmal\u0131y\u0131z. Ulus devletle hesapla\u015fmal\u0131y\u0131z.\u201d<\/p>\n","protected":false},"excerpt":{"rendered":"<p>Gineli bir kad\u0131nla evlenerek, Gana\u2019ya yerle\u015fmi\u015f bir d\u00fc\u015f\u00fcn\u00fcr olan Dhoruba Mujaheed Bin-Wahad; ;\u201cD\u00fcnya alt\u0131n rezervlerinin %70\u2019i Afrika topraklar\u0131ndad\u0131r. Stratejik \u00f6nemi olan 40 metalin 20\u2019si Afrika topraklar\u0131nda<span class=\"excerpt-hellip\"> [\u2026]<\/span><\/p>\n","protected":false},"featured_media":0,"template":"","meta":{"_monsterinsights_skip_tracking":false,"_monsterinsights_sitenote_active":false,"_monsterinsights_sitenote_note":"","_monsterinsights_sitenote_category":0},"product_brand":[],"product_cat":[13633,12324],"product_tag":[],"class_list":{"0":"post-757778","1":"product","2":"type-product","3":"status-publish","5":"product_cat-kultur-ve-bilim","6":"product_cat-sosyoloji","7":"pa_cilt-ciltsiz","8":"pa_tur-kitap","9":"pa_yayinevi-aktif-yayinevi","10":"pa_yazar-ali-osman-kocalar","11":"pa_yazar-ramazan-ozey","13":"first","14":"instock","15":"sale","16":"shipping-taxable","17":"purchasable","18":"product-type-simple"},"_links":{"self":[{"href":"https:\/\/roveyayinevi.com.tr\/index.php\/wp-json\/wp\/v2\/product\/757778","targetHints":{"allow":["GET"]}}],"collection":[{"href":"https:\/\/roveyayinevi.com.tr\/index.php\/wp-json\/wp\/v2\/product"}],"about":[{"href":"https:\/\/roveyayinevi.com.tr\/index.php\/wp-json\/wp\/v2\/types\/product"}],"wp:attachment":[{"href":"https:\/\/roveyayinevi.com.tr\/index.php\/wp-json\/wp\/v2\/media?parent=757778"}],"wp:term":[{"taxonomy":"product_brand","embeddable":true,"href":"https:\/\/roveyayinevi.com.tr\/index.php\/wp-json\/wp\/v2\/product_brand?post=757778"},{"taxonomy":"product_cat","embeddable":true,"href":"https:\/\/roveyayinevi.com.tr\/index.php\/wp-json\/wp\/v2\/product_cat?post=757778"},{"taxonomy":"product_tag","embeddable":true,"href":"https:\/\/roveyayinevi.com.tr\/index.php\/wp-json\/wp\/v2\/product_tag?post=757778"}],"curies":[{"name":"wp","href":"https:\/\/api.w.org\/{rel}","templated":true}]}}