{"id":757774,"date":"2025-08-28T07:45:22","date_gmt":"2025-08-28T04:45:22","guid":{"rendered":"https:\/\/roveyayinevi.com.tr\/index.php\/urun\/izmirde-mutareke-gunleri\/"},"modified":"2026-04-16T03:10:48","modified_gmt":"2026-04-16T00:10:48","slug":"izmirde-mutareke-gunleri","status":"publish","type":"product","link":"https:\/\/roveyayinevi.com.tr\/index.php\/urun\/izmirde-mutareke-gunleri\/","title":{"rendered":"\u0130zmir&#8217;de M\u00fctareke G\u00fcnleri"},"content":{"rendered":"<p>Tarihte Selanik, Balkan Sava\u015flar\u0131 ile \u00f6zde\u015fle\u015firken \u0130zmir de m\u00fctareke y\u0131llar\u0131nda T\u00fcrk milletinin kar\u015f\u0131 kar\u015f\u0131ya kald\u0131\u011f\u0131 haks\u0131zl\u0131klar\u0131n ve ya\u015fad\u0131\u011f\u0131 ac\u0131lar\u0131n simgesi haline gelmi\u015ftir.\u0130zmir, n\u00fcfus ve ekonomik a\u00e7\u0131dan \u0130stanbuldan sonra Anadolunun ikinci b\u00fcy\u00fck \u015fehri konumundayd\u0131. Yunanistan ve \u0130talyan\u0131n ele ge\u00e7irmek istedi\u011fi yerlerin ba\u015f\u0131nda geliyordu. M\u00fctareke ba\u015flang\u0131c\u0131ndan itibaren Yunan H\u00fck\u00fcmeti B\u00fcy\u00fck Yunanistan\u0131 meydana getirmek \u00fczere i\u015fgal planlar\u0131 \u00e7izerken T\u00fcrk-Rum ili\u015fkilerini k\u00f6k\u00fcnden de\u011fi\u015ftirecekti. \u0130ngiliz ve Frans\u0131z temsilcileri ise T\u00fcrk ordusu ile T\u00fcrk halk\u0131n\u0131 te\u015fkilats\u0131z ve savunmas\u0131z b\u0131rakmak i\u00e7in ellerinden geleni yap\u0131yorlard\u0131. Dolay\u0131s\u0131yla \u0130zmir ba\u015fta olmak \u00fczere Bat\u0131 Anadolunun tamam\u0131 fevkalade hassas bir durumdayd\u0131.Anadolu co\u011frafyas\u0131 \u0130tilaf devletlerinin siyasi ve askeri ihtiraslar\u0131na kurban edilirken \u0130zmir, Yunan i\u015fgalinden \u00f6t\u00fcr\u00fc b\u00fcy\u00fck bedeller \u00f6dedi. Merkezi h\u00fck\u00fcmetin yan\u0131 s\u0131ra yerel m\u00fclki ve askeri makamlar\u0131n yanl\u0131\u015f kararlar\u0131 sonucu T\u00fcrk ordusu ve T\u00fcrk halk\u0131 tarihte e\u015fi benzeri g\u00f6r\u00fclmemi\u015f muamelelere maruz kald\u0131. \u00d6yle ki, T\u00fcrk kolordusu vatan topraklar\u0131nda kendini savunamaz hale sokularak Mudanyaya s\u00fcrg\u00fcn edildi. Masum ve savunmas\u0131z binlerce insan Yunan ordusu ve Rum \u00e7eteleri taraf\u0131ndan katledilirken, on binlercesi i\u00e7 b\u00f6lgelere s\u0131\u011f\u0131nmak zorunda kald\u0131. B\u00fct\u00fcn ac\u0131 ve s\u0131k\u0131nt\u0131ya ra\u011fmen \u0130zmir, galiplerin yok etmeye \u00e7al\u0131\u015ft\u0131\u011f\u0131 bir milletin yeniden dirili\u015finin ve T\u00fcrk vatan\u0131n\u0131n b\u00fct\u00fcnl\u00fc\u011f\u00fcn\u00fcn timsali olmu\u015ftur.<\/p>\n","protected":false},"excerpt":{"rendered":"<p>Tarihte Selanik, Balkan Sava\u015flar\u0131 ile \u00f6zde\u015fle\u015firken \u0130zmir de m\u00fctareke y\u0131llar\u0131nda T\u00fcrk milletinin kar\u015f\u0131 kar\u015f\u0131ya kald\u0131\u011f\u0131 haks\u0131zl\u0131klar\u0131n ve ya\u015fad\u0131\u011f\u0131 ac\u0131lar\u0131n simgesi haline gelmi\u015ftir.\u0130zmir, n\u00fcfus ve ekonomik a\u00e7\u0131dan<span class=\"excerpt-hellip\"> [\u2026]<\/span><\/p>\n","protected":false},"featured_media":0,"template":"","meta":{"_monsterinsights_skip_tracking":false,"_monsterinsights_sitenote_active":false,"_monsterinsights_sitenote_note":"","_monsterinsights_sitenote_category":0},"product_brand":[],"product_cat":[12337],"product_tag":[],"class_list":{"0":"post-757774","1":"product","2":"type-product","3":"status-publish","5":"product_cat-politika-siyaset","6":"pa_cilt-ciltsiz","7":"pa_tur-kitap","8":"pa_yayinevi-aktif-yayinevi","9":"pa_yazar-nesrin-hangul","10":"pa_yazar-selcuk-ural","12":"first","13":"instock","14":"sale","15":"shipping-taxable","16":"purchasable","17":"product-type-simple"},"_links":{"self":[{"href":"https:\/\/roveyayinevi.com.tr\/index.php\/wp-json\/wp\/v2\/product\/757774","targetHints":{"allow":["GET"]}}],"collection":[{"href":"https:\/\/roveyayinevi.com.tr\/index.php\/wp-json\/wp\/v2\/product"}],"about":[{"href":"https:\/\/roveyayinevi.com.tr\/index.php\/wp-json\/wp\/v2\/types\/product"}],"wp:attachment":[{"href":"https:\/\/roveyayinevi.com.tr\/index.php\/wp-json\/wp\/v2\/media?parent=757774"}],"wp:term":[{"taxonomy":"product_brand","embeddable":true,"href":"https:\/\/roveyayinevi.com.tr\/index.php\/wp-json\/wp\/v2\/product_brand?post=757774"},{"taxonomy":"product_cat","embeddable":true,"href":"https:\/\/roveyayinevi.com.tr\/index.php\/wp-json\/wp\/v2\/product_cat?post=757774"},{"taxonomy":"product_tag","embeddable":true,"href":"https:\/\/roveyayinevi.com.tr\/index.php\/wp-json\/wp\/v2\/product_tag?post=757774"}],"curies":[{"name":"wp","href":"https:\/\/api.w.org\/{rel}","templated":true}]}}