{"id":757771,"date":"2025-08-28T07:45:18","date_gmt":"2025-08-28T04:45:18","guid":{"rendered":"https:\/\/roveyayinevi.com.tr\/index.php\/urun\/lisanimizda-elfaz-i-mutesabihe\/"},"modified":"2026-04-16T03:10:48","modified_gmt":"2026-04-16T00:10:48","slug":"lisanimizda-elfaz-i-mutesabihe","status":"publish","type":"product","link":"https:\/\/roveyayinevi.com.tr\/index.php\/urun\/lisanimizda-elfaz-i-mutesabihe\/","title":{"rendered":"Lisan\u0131m\u0131zda Elfaz-\u0131 M\u00fcte\u015fabihe"},"content":{"rendered":"<p>Lis\u00e2n\u0131m\u0131zda Elf\u00e2z-\u0131 M\u00fcte\u015f\u00e2bihe, Meclis-i Keb\u00eer-i Ma\u00e2rif eski \u00fcyelerinden Re\u015f\u00e2d Ziy\u00e2\u2019n\u0131n dilbilim sahas\u0131nda kaleme ald\u0131\u011f\u0131 bir eserdir. Her biri 32 sayfa olan toplam alt\u0131 forman\u0131n birle\u015fmesiyle 192 sayfadan olu\u015fan eser, T\u00fcrk\u00e7e\u2019nin o g\u00fcnk\u00fc ihtiyac\u0131n\u0131 kar\u015f\u0131lamakla kalmam\u0131\u015f; o zamana kadar hi\u00e7 yaz\u0131lmam\u0131\u015f, hatta hi\u00e7 d\u00fc\u015f\u00fcn\u00fclmemi\u015f olan homonimlerini bir araya getirmi\u015ftir. Re\u015f\u00e2d Ziy\u00e2, Lis\u00e2n\u0131m\u0131zda Elf\u00e2z-\u0131 M\u00fcte\u015f\u00e2bihe\u2019nin tertibinde her kelimeye bir numara vererek 1429 madde (kelime) s\u0131ralam\u0131\u015ft\u0131r. M\u00fcellif bu maddeleri s\u0131ralarken Fars\u00e7a\u2019n\u0131n klasik s\u00f6zl\u00fcklerinde kullan\u0131lan sistemi esas almaya \u00e7al\u0131\u015fm\u0131\u015ft\u0131r. Buna g\u00f6re harfleri \u201charek\u00e2t-\u0131 sel\u00e2se\u201d denen fetha, kesre ve zamme s\u0131ras\u0131na g\u00f6re s\u0131ralay\u0131p ayn\u0131 heceyle ba\u015flayan kelimeleri bir arada ve\u0131meyi ama\u00e7lam\u0131\u015ft\u0131r.<\/p>\n","protected":false},"excerpt":{"rendered":"<p>Lis\u00e2n\u0131m\u0131zda Elf\u00e2z-\u0131 M\u00fcte\u015f\u00e2bihe, Meclis-i Keb\u00eer-i Ma\u00e2rif eski \u00fcyelerinden Re\u015f\u00e2d Ziy\u00e2\u2019n\u0131n dilbilim sahas\u0131nda kaleme ald\u0131\u011f\u0131 bir eserdir. Her biri 32 sayfa olan toplam alt\u0131 forman\u0131n birle\u015fmesiyle 192<span class=\"excerpt-hellip\"> [\u2026]<\/span><\/p>\n","protected":false},"featured_media":0,"template":"","meta":{"_monsterinsights_skip_tracking":false,"_monsterinsights_sitenote_active":false,"_monsterinsights_sitenote_note":"","_monsterinsights_sitenote_category":0},"product_brand":[],"product_cat":[20225,12291],"product_tag":[],"class_list":{"0":"post-757771","1":"product","2":"type-product","3":"status-publish","5":"product_cat-dil-bilim","6":"product_cat-edebiyat","7":"pa_cilt-ciltsiz","8":"pa_tur-kitap","9":"pa_yayinevi-aktif-yayinevi","10":"pa_yazar-ramazan-bardakci","12":"first","13":"instock","14":"sale","15":"shipping-taxable","16":"purchasable","17":"product-type-simple"},"_links":{"self":[{"href":"https:\/\/roveyayinevi.com.tr\/index.php\/wp-json\/wp\/v2\/product\/757771","targetHints":{"allow":["GET"]}}],"collection":[{"href":"https:\/\/roveyayinevi.com.tr\/index.php\/wp-json\/wp\/v2\/product"}],"about":[{"href":"https:\/\/roveyayinevi.com.tr\/index.php\/wp-json\/wp\/v2\/types\/product"}],"wp:attachment":[{"href":"https:\/\/roveyayinevi.com.tr\/index.php\/wp-json\/wp\/v2\/media?parent=757771"}],"wp:term":[{"taxonomy":"product_brand","embeddable":true,"href":"https:\/\/roveyayinevi.com.tr\/index.php\/wp-json\/wp\/v2\/product_brand?post=757771"},{"taxonomy":"product_cat","embeddable":true,"href":"https:\/\/roveyayinevi.com.tr\/index.php\/wp-json\/wp\/v2\/product_cat?post=757771"},{"taxonomy":"product_tag","embeddable":true,"href":"https:\/\/roveyayinevi.com.tr\/index.php\/wp-json\/wp\/v2\/product_tag?post=757771"}],"curies":[{"name":"wp","href":"https:\/\/api.w.org\/{rel}","templated":true}]}}