{"id":757770,"date":"2025-08-28T07:45:17","date_gmt":"2025-08-28T04:45:17","guid":{"rendered":"https:\/\/roveyayinevi.com.tr\/index.php\/urun\/charlie-chaplinden-tape-facee-yaratici-drama\/"},"modified":"2026-04-16T03:10:48","modified_gmt":"2026-04-16T00:10:48","slug":"charlie-chaplinden-tape-facee-yaratici-drama","status":"publish","type":"product","link":"https:\/\/roveyayinevi.com.tr\/index.php\/urun\/charlie-chaplinden-tape-facee-yaratici-drama\/","title":{"rendered":"Charlie Chaplin&#8217;den Tape Face&#8217;e Yarat\u0131c\u0131 Drama"},"content":{"rendered":"<p>Bug\u00fcn\u00fcn insan\u0131n\u0131 kendisiyle bulu\u015fturabilmek i\u00e7in \u00f6nce kendi bedeniyle sonra d\u00fcnden bug\u00fcne insan\u201dla tekrar tan\u0131\u015ft\u0131rmak ve haf\u0131zas\u0131n\u0131 havaland\u0131rmak gerekmektedir.\u0130leti\u015fimin kalitesinin art\u0131r\u0131lmas\u0131, beden dilinin do\u011fru kullan\u0131m\u0131, etkin dinleme ve empati kavramlar\u0131n\u0131n geli\u015ftirilebilmesi i\u00e7in yarat\u0131c\u0131 drama y\u00f6ntem ve teknikleri \u00f6nem kazanmaktad\u0131r.Yarat\u0131c\u0131 drama, bir\u00e7ok ele\u015ftirel pedagoji kuram\u0131n\u0131n pratik arac\u0131 olabilecek alternatif bir \u00f6\u011fretim y\u00f6ntemi, ba\u015fl\u0131 ba\u015f\u0131na bir disiplindir. \u00d6zellikle \u00e7ocukluk \u00e7a\u011f\u0131nda etkisi b\u00fcy\u00fckt\u00fcr \u00e7\u00fcnk\u00fc yarat\u0131c\u0131l\u0131k \u00e7ocu\u011fun; kar\u015f\u0131la\u015ft\u0131\u011f\u0131 problemlere farkl\u0131 \u00e7\u00f6z\u00fcm yollar\u0131 bulmas\u0131n\u0131, farkl\u0131 alternatif sonu\u00e7lara ula\u015fmas\u0131n\u0131, sorgulama yetene\u011finin geli\u015fmesini, \u00f6zg\u00fcn sentezlere ula\u015fmas\u0131n\u0131, \u00e7ok y\u00f6nl\u00fc d\u00fc\u015f\u00fcnebilmesini, \u00f6zg\u00fcveninin geli\u015fmesini, g\u00f6zlem yetene\u011fini, farkl\u0131 alanlara ilgi duyup kendini ke\u015ffetmesini sa\u011flar.Charlie Chaplinden Tape Facee Yarat\u0131c\u0131 Drama, sadece ki\u015finin kendi beden dilini tan\u0131mas\u0131na yard\u0131mc\u0131 olmakla kalm\u0131yor, \u00f6nerdi\u011fi uygulama ve tekniklerle insanlar aras\u0131 etkile\u015fimde ihtiya\u00e7 duydu\u011fumuz fark\u0131ndal\u0131\u011f\u0131 kazand\u0131rmay\u0131 ama\u00e7layan nitelikte bir eser.<\/p>\n","protected":false},"excerpt":{"rendered":"<p>Bug\u00fcn\u00fcn insan\u0131n\u0131 kendisiyle bulu\u015fturabilmek i\u00e7in \u00f6nce kendi bedeniyle sonra d\u00fcnden bug\u00fcne insan\u201dla tekrar tan\u0131\u015ft\u0131rmak ve haf\u0131zas\u0131n\u0131 havaland\u0131rmak gerekmektedir.\u0130leti\u015fimin kalitesinin art\u0131r\u0131lmas\u0131, beden dilinin do\u011fru kullan\u0131m\u0131, etkin dinleme<span class=\"excerpt-hellip\"> [\u2026]<\/span><\/p>\n","protected":false},"featured_media":0,"template":"","meta":{"_monsterinsights_skip_tracking":false,"_monsterinsights_sitenote_active":false,"_monsterinsights_sitenote_note":"","_monsterinsights_sitenote_category":0},"product_brand":[],"product_cat":[12408],"product_tag":[],"class_list":{"0":"post-757770","1":"product","2":"type-product","3":"status-publish","5":"product_cat-sanat","6":"pa_cilt-ciltsiz","7":"pa_tur-kitap","8":"pa_yayinevi-aktif-yayinevi","9":"pa_yazar-ufuk-fikret-ozan","11":"first","12":"instock","13":"sale","14":"shipping-taxable","15":"purchasable","16":"product-type-simple"},"_links":{"self":[{"href":"https:\/\/roveyayinevi.com.tr\/index.php\/wp-json\/wp\/v2\/product\/757770","targetHints":{"allow":["GET"]}}],"collection":[{"href":"https:\/\/roveyayinevi.com.tr\/index.php\/wp-json\/wp\/v2\/product"}],"about":[{"href":"https:\/\/roveyayinevi.com.tr\/index.php\/wp-json\/wp\/v2\/types\/product"}],"wp:attachment":[{"href":"https:\/\/roveyayinevi.com.tr\/index.php\/wp-json\/wp\/v2\/media?parent=757770"}],"wp:term":[{"taxonomy":"product_brand","embeddable":true,"href":"https:\/\/roveyayinevi.com.tr\/index.php\/wp-json\/wp\/v2\/product_brand?post=757770"},{"taxonomy":"product_cat","embeddable":true,"href":"https:\/\/roveyayinevi.com.tr\/index.php\/wp-json\/wp\/v2\/product_cat?post=757770"},{"taxonomy":"product_tag","embeddable":true,"href":"https:\/\/roveyayinevi.com.tr\/index.php\/wp-json\/wp\/v2\/product_tag?post=757770"}],"curies":[{"name":"wp","href":"https:\/\/api.w.org\/{rel}","templated":true}]}}