{"id":757766,"date":"2025-08-28T07:45:12","date_gmt":"2025-08-28T04:45:12","guid":{"rendered":"https:\/\/roveyayinevi.com.tr\/index.php\/urun\/dogu-akdenizin-leviathani-turkiye\/"},"modified":"2026-04-16T03:10:48","modified_gmt":"2026-04-16T00:10:48","slug":"dogu-akdenizin-leviathani-turkiye","status":"publish","type":"product","link":"https:\/\/roveyayinevi.com.tr\/index.php\/urun\/dogu-akdenizin-leviathani-turkiye\/","title":{"rendered":"Do\u011fu Akdeniz&#8217;in Leviathan&#8217;\u0131 T\u00fcrkiye"},"content":{"rendered":"<p>Ersin Eliko\u011flunun Do\u011fu Akdenizin Leviathan\u0131 T\u00fcrkiye ba\u015fl\u0131kl\u0131 \u00e7al\u0131\u015fmas\u0131 kendi alan\u0131nda T\u00fcrkiyede nadir yaz\u0131lm\u0131\u015f kitaplardan birisidir. Denizcile\u015fme ve deniz g\u00fcvenli\u011fi ili\u015fkisini \u00f6zellikle So\u011fuk Sava\u015f ve bilhassa 11 Eyl\u00fcl sonras\u0131 ABD ve Atlantik Blok taraf\u0131ndan dayat\u0131lan GWOT (Ter\u00f6rle K\u00fcresel Sava\u015f) paradigmas\u0131nda g\u00fcvenli\u011fin savunman\u0131n \u00f6n\u00fcne ge\u00e7ti\u011fi d\u00f6nemin dinamiklerini g\u00f6z \u00f6n\u00fcne alarak incelemi\u015ftir.Cem G\u00fcrdenizBu \u00e7al\u0131\u015fma, uluslararas\u0131 denizlerde \u00fcst\u00fcnl\u00fck, g\u00fcvenlik ve enerji boyutlar\u0131n\u0131 T\u00fcrkiyenin egemenlik alanlar\u0131 \u00fczerinden de\u011ferlendiren bir i\u00e7eri\u011fe sahiptir. \u0130lerleyen gemicilik teknolojisi, daralan ya\u015fam alanlar\u0131 ve \u00fclkelerin hegemonya s\u00fcrd\u00fcr\u00fclebilirli\u011fini kontrol alt\u0131nda tutmas\u0131 i\u00e7in gerekli g\u00fcvenlik yakla\u015f\u0131mlar\u0131, T\u00fcrkiyenin uluslararas\u0131 \u00e7\u0131karlar\u0131 kapsam\u0131nda teorik ve pratik a\u00e7\u0131dan incelenmi\u015ftir.Ferdi G\u00fc\u00e7yetmez<\/p>\n","protected":false},"excerpt":{"rendered":"<p>Ersin Eliko\u011flunun Do\u011fu Akdenizin Leviathan\u0131 T\u00fcrkiye ba\u015fl\u0131kl\u0131 \u00e7al\u0131\u015fmas\u0131 kendi alan\u0131nda T\u00fcrkiyede nadir yaz\u0131lm\u0131\u015f kitaplardan birisidir. Denizcile\u015fme ve deniz g\u00fcvenli\u011fi ili\u015fkisini \u00f6zellikle So\u011fuk Sava\u015f ve bilhassa 11<span class=\"excerpt-hellip\"> [\u2026]<\/span><\/p>\n","protected":false},"featured_media":0,"template":"","meta":{"_monsterinsights_skip_tracking":false,"_monsterinsights_sitenote_active":false,"_monsterinsights_sitenote_note":"","_monsterinsights_sitenote_category":0},"product_brand":[],"product_cat":[13043,14381],"product_tag":[],"class_list":{"0":"post-757766","1":"product","2":"type-product","3":"status-publish","5":"product_cat-ekonomi","6":"product_cat-isletme-muhasebe-maliye","7":"pa_cilt-ciltsiz","8":"pa_tur-kitap","9":"pa_yayinevi-aktif-yayinevi","10":"pa_yazar-bilal-ersin-elikoglu","12":"first","13":"instock","14":"sale","15":"shipping-taxable","16":"purchasable","17":"product-type-simple"},"_links":{"self":[{"href":"https:\/\/roveyayinevi.com.tr\/index.php\/wp-json\/wp\/v2\/product\/757766","targetHints":{"allow":["GET"]}}],"collection":[{"href":"https:\/\/roveyayinevi.com.tr\/index.php\/wp-json\/wp\/v2\/product"}],"about":[{"href":"https:\/\/roveyayinevi.com.tr\/index.php\/wp-json\/wp\/v2\/types\/product"}],"wp:attachment":[{"href":"https:\/\/roveyayinevi.com.tr\/index.php\/wp-json\/wp\/v2\/media?parent=757766"}],"wp:term":[{"taxonomy":"product_brand","embeddable":true,"href":"https:\/\/roveyayinevi.com.tr\/index.php\/wp-json\/wp\/v2\/product_brand?post=757766"},{"taxonomy":"product_cat","embeddable":true,"href":"https:\/\/roveyayinevi.com.tr\/index.php\/wp-json\/wp\/v2\/product_cat?post=757766"},{"taxonomy":"product_tag","embeddable":true,"href":"https:\/\/roveyayinevi.com.tr\/index.php\/wp-json\/wp\/v2\/product_tag?post=757766"}],"curies":[{"name":"wp","href":"https:\/\/api.w.org\/{rel}","templated":true}]}}