{"id":757758,"date":"2025-08-28T07:45:00","date_gmt":"2025-08-28T04:45:00","guid":{"rendered":"https:\/\/roveyayinevi.com.tr\/index.php\/urun\/mardin\/"},"modified":"2026-04-16T03:10:47","modified_gmt":"2026-04-16T00:10:47","slug":"mardin","status":"publish","type":"product","link":"https:\/\/roveyayinevi.com.tr\/index.php\/urun\/mardin\/","title":{"rendered":"Mardin"},"content":{"rendered":"<p>;Ta\u015f\u0131n Belle\u011fi ad\u0131yla an\u0131lan ve co\u011frafi konumu itibariyle tarih boyunca \u00e7e\u015fitli kavimlerin m\u00fccadele sahas\u0131 haline gelen kale &#8211; \u015fehir Mardin&#8230;Bir\u00e7ok din, dil ve k\u00fclt\u00fcrlerin bir arada ya\u015fam alan\u0131 buldu\u011fu Mardin, Anadolu ile Mezopotamya uygarl\u0131klar\u0131n\u0131n ge\u00e7i\u015f b\u00f6lgesinde yer almas\u0131 hasebiyle k\u00fclt\u00fcrel zenginli\u011fi a\u00e7\u0131s\u0131ndan \u00f6n pl\u00e2nda bulunan bir \u015fehirdir. Sosyal yap\u0131s\u0131 itibariyle kozmopolit bir yap\u0131ya sahip olan Mardinde M\u00fcsl\u00fcmanlarla birlikte ;S\u00fcryani, Ermeni, Keldani, Yahudi, Yezidi, Nesturi gibi bir\u00e7ok dini ve milli z\u00fcmrelerin ya\u015f\u0131yor olmas\u0131 Mardinin \u00f6nemini bir kat daha art\u0131rmaktad\u0131r. Mezopotamyan\u0131n kuzey s\u0131n\u0131r\u0131n\u0131 olu\u015fturan Mardinde bir\u00e7ok toplumsal yap\u0131n\u0131n var olmas\u0131, bu b\u00f6lgede bir k\u00fclt\u00fcr mozai\u011fi olu\u015fmas\u0131na zemin haz\u0131rlad\u0131\u011f\u0131 gibi tarihi s\u00fcreci de bu y\u00f6nde \u015fekillendirmektedir.Mardin, incelenen d\u00f6nemde genel olarak Ba\u011fdat Eyaletine ba\u011fl\u0131 bir sancak konumunda bulunarak, eyalet valileri taraf\u0131ndan g\u00f6revlendirilen voyvoda ve m\u00fctesellimler vas\u0131tas\u0131yla idare edilmekteydi. 1835 senesinde Diyarbak\u0131ra, 1839da ise Musula ba\u011flanan Mardin, bu tarihlerde asayi\u015f ve g\u00fcvenlik sorunlar\u0131 ya\u015fanmas\u0131 nedeniyle Diyarbak\u0131r ile Musul aras\u0131nda el de\u011fi\u015ftirmi\u015ftir. Ancak bu tarihten k\u0131sa bir s\u00fcre sonra yak\u0131nl\u0131\u011f\u0131 g\u00f6z \u00f6n\u00fcnde bulundurularak yeniden Diyarbak\u0131ra ilhak edilmi\u015f ve bu ba\u011fl\u0131l\u0131\u011f\u0131 Osmanl\u0131 Devletinin sonuna kadar devam etmi\u015ftir.Mardin \u015fehri; ;cami, mescit, medrese, han, hamam, bimarhane vs. gibi vak\u0131f eserleri ile g\u00f6z dolduran bir Osmanl\u0131 \u015fehridir. \u0130ktisadi yap\u0131 i\u00e7erisinde Mardin, bir\u00e7ok tar\u0131m \u00fcr\u00fcn\u00fcn\u00fcn yeti\u015fti\u011fi verimli arazilere sahip bir \u015fehirdir. \u00d6zellikle Mardinde yeti\u015ftirilen ve iccas ad\u0131yla me\u015fhur olan erik her sene \u0130stanbul saray kilerine g\u00f6nderilmekteydi.Eserde, tarih metodolojisine uygun bir disiplinle Mardin \u015fehrinin Osmanl\u0131 d\u00f6neminde idari, fiziki, iktisadi, sosyal ve demografik yap\u0131s\u0131 kaleme al\u0131narak \u00e7e\u015fitli y\u00f6nleriyle tespit edilmeye \u00e7al\u0131\u015f\u0131ld\u0131. Bu y\u00f6n\u00fcyle \u015fehir monografi \u00e7al\u0131\u015fmalar\u0131na bir de\u011fer daha kazand\u0131rmak ama\u00e7land\u0131.<\/p>\n","protected":false},"excerpt":{"rendered":"<p>;Ta\u015f\u0131n Belle\u011fi ad\u0131yla an\u0131lan ve co\u011frafi konumu itibariyle tarih boyunca \u00e7e\u015fitli kavimlerin m\u00fccadele sahas\u0131 haline gelen kale &#8211; \u015fehir Mardin&#8230;Bir\u00e7ok din, dil ve k\u00fclt\u00fcrlerin bir arada<span class=\"excerpt-hellip\"> [\u2026]<\/span><\/p>\n","protected":false},"featured_media":0,"template":"","meta":{"_monsterinsights_skip_tracking":false,"_monsterinsights_sitenote_active":false,"_monsterinsights_sitenote_note":"","_monsterinsights_sitenote_category":0},"product_brand":[],"product_cat":[12370,12304],"product_tag":[],"class_list":{"0":"post-757758","1":"product","2":"type-product","3":"status-publish","5":"product_cat-arastirma-inceleme","6":"product_cat-tarih","7":"pa_cilt-ciltsiz","8":"pa_tur-kitap","9":"pa_yayinevi-aktif-yayinevi","10":"pa_yazar-arzu-sahin","12":"first","13":"instock","14":"sale","15":"shipping-taxable","16":"purchasable","17":"product-type-simple"},"_links":{"self":[{"href":"https:\/\/roveyayinevi.com.tr\/index.php\/wp-json\/wp\/v2\/product\/757758","targetHints":{"allow":["GET"]}}],"collection":[{"href":"https:\/\/roveyayinevi.com.tr\/index.php\/wp-json\/wp\/v2\/product"}],"about":[{"href":"https:\/\/roveyayinevi.com.tr\/index.php\/wp-json\/wp\/v2\/types\/product"}],"wp:attachment":[{"href":"https:\/\/roveyayinevi.com.tr\/index.php\/wp-json\/wp\/v2\/media?parent=757758"}],"wp:term":[{"taxonomy":"product_brand","embeddable":true,"href":"https:\/\/roveyayinevi.com.tr\/index.php\/wp-json\/wp\/v2\/product_brand?post=757758"},{"taxonomy":"product_cat","embeddable":true,"href":"https:\/\/roveyayinevi.com.tr\/index.php\/wp-json\/wp\/v2\/product_cat?post=757758"},{"taxonomy":"product_tag","embeddable":true,"href":"https:\/\/roveyayinevi.com.tr\/index.php\/wp-json\/wp\/v2\/product_tag?post=757758"}],"curies":[{"name":"wp","href":"https:\/\/api.w.org\/{rel}","templated":true}]}}