{"id":757743,"date":"2025-08-28T07:44:40","date_gmt":"2025-08-28T04:44:40","guid":{"rendered":"https:\/\/roveyayinevi.com.tr\/index.php\/urun\/osmanli-kiyafet-albumu\/"},"modified":"2026-04-16T03:10:47","modified_gmt":"2026-04-16T00:10:47","slug":"osmanli-kiyafet-albumu","status":"publish","type":"product","link":"https:\/\/roveyayinevi.com.tr\/index.php\/urun\/osmanli-kiyafet-albumu\/","title":{"rendered":"Osmanl\u0131 K\u0131yafet Alb\u00fcm\u00fc"},"content":{"rendered":"<p>Osmanl\u0131 tasvir sanatlar\u0131n\u0131n geli\u015fimini m\u00fcteakip bir\u00e7ok k\u0131yafet alb\u00fcm\u00fc ortaya \u00e7\u0131km\u0131\u015ft\u0131r. Bir k\u0131sm\u0131 Bat\u0131l\u0131 sanat\u00e7\u0131lar\u0131n bir k\u0131sm\u0131 ise Osmanl\u0131 musavvirlerinin elinden \u00e7\u0131kan bu alb\u00fcmler Osmanl\u0131 d\u00fcnyas\u0131n\u0131 Bat\u0131ya aktaran g\u00f6rseller olarak olduk\u00e7a ra\u011fbet g\u00f6rm\u00fc\u015ft\u00fcr. \u0130stanbula gelen yabanc\u0131lar sat\u0131n ald\u0131klar\u0131 veya kendilerine hediye edilen bu alb\u00fcmleri \u00fclkelerine ta\u015f\u0131m\u0131\u015flard\u0131r. 17. y\u00fczy\u0131l ortalar\u0131n\u0131 kapsayan, Sultan \u0130brahim ve saray hizmetkarlar\u0131n\u0131 i\u00e7eren Osmanl\u0131 \u00e7ar\u015f\u0131 ressamlar\u0131n\u0131n f\u0131r\u00e7as\u0131ndan \u00e7\u0131kan bu k\u0131yafet alb\u00fcm\u00fc bir \u015fekilde Avrupaya ula\u015f\u0131rken 1802 y\u0131l\u0131nda Stanis\u0142aw Kostka Zamoyski taraf\u0131ndan Pariste bir m\u00fczayedede sat\u0131n al\u0131nm\u0131\u015f olup daha sonra Var\u015fova Milli K\u00fct\u00fcphanesine aktar\u0131lm\u0131\u015ft\u0131r. G\u00fcn\u00fcm\u00fczde ayn\u0131 k\u00fct\u00fcphanede Costumes Turcs ad\u0131yla kay\u0131tl\u0131d\u0131r.Sultan \u0130brahimin at \u00fczerinde, yan\u0131nda iki solak ve bir peyk oldu\u011fu halde resmedildi\u011fi bir minyat\u00fcrle ba\u015flayan alb\u00fcmde Topkap\u0131 Saray\u0131nda Has Oda, Enderun ve Matbah-\u0131 Amirede g\u00f6revli hizmetkarlar betimlenmektedir. Toplam 100 minyat\u00fcr bulunan alb\u00fcm\u00fcn sunuldu\u011fu bu kitap, Osmanl\u0131 saray g\u00f6revlileri ve Osmanl\u0131 k\u0131yafet alb\u00fcmleri \u00fczerine bir de\u011ferlendirme yaz\u0131s\u0131 ve minyat\u00fcrlerde yer alan g\u00f6revli ve tasvirlere dair a\u00e7\u0131klamalarla ilgililere sunulmaktad\u0131r. Bu \u00e7er\u00e7evede eser, nadide bir g\u00f6rsel kaynak olarak 17. y\u00fczy\u0131l Osmanl\u0131 tarihi, bilhassa Sultan \u0130brahim, saray te\u015fkilat\u0131 ve \u00e7al\u0131\u015fanlar\u0131na dair yans\u0131tt\u0131klar\u0131yla \u0131\u015f\u0131k tutmaktad\u0131r.<\/p>\n","protected":false},"excerpt":{"rendered":"<p>Osmanl\u0131 tasvir sanatlar\u0131n\u0131n geli\u015fimini m\u00fcteakip bir\u00e7ok k\u0131yafet alb\u00fcm\u00fc ortaya \u00e7\u0131km\u0131\u015ft\u0131r. Bir k\u0131sm\u0131 Bat\u0131l\u0131 sanat\u00e7\u0131lar\u0131n bir k\u0131sm\u0131 ise Osmanl\u0131 musavvirlerinin elinden \u00e7\u0131kan bu alb\u00fcmler Osmanl\u0131 d\u00fcnyas\u0131n\u0131 Bat\u0131ya<span class=\"excerpt-hellip\"> [\u2026]<\/span><\/p>\n","protected":false},"featured_media":0,"template":"","meta":{"_monsterinsights_skip_tracking":false,"_monsterinsights_sitenote_active":false,"_monsterinsights_sitenote_note":"","_monsterinsights_sitenote_category":0},"product_brand":[],"product_cat":[12408,14197],"product_tag":[],"class_list":{"0":"post-757743","1":"product","2":"type-product","3":"status-publish","5":"product_cat-sanat","6":"product_cat-sanat-tarihi","7":"pa_cilt-ciltsiz","8":"pa_tur-kitap","9":"pa_yayinevi-aktif-yayinevi","10":"pa_yazar-ahmet-ustuner","12":"first","13":"instock","14":"sale","15":"shipping-taxable","16":"purchasable","17":"product-type-simple"},"_links":{"self":[{"href":"https:\/\/roveyayinevi.com.tr\/index.php\/wp-json\/wp\/v2\/product\/757743","targetHints":{"allow":["GET"]}}],"collection":[{"href":"https:\/\/roveyayinevi.com.tr\/index.php\/wp-json\/wp\/v2\/product"}],"about":[{"href":"https:\/\/roveyayinevi.com.tr\/index.php\/wp-json\/wp\/v2\/types\/product"}],"wp:attachment":[{"href":"https:\/\/roveyayinevi.com.tr\/index.php\/wp-json\/wp\/v2\/media?parent=757743"}],"wp:term":[{"taxonomy":"product_brand","embeddable":true,"href":"https:\/\/roveyayinevi.com.tr\/index.php\/wp-json\/wp\/v2\/product_brand?post=757743"},{"taxonomy":"product_cat","embeddable":true,"href":"https:\/\/roveyayinevi.com.tr\/index.php\/wp-json\/wp\/v2\/product_cat?post=757743"},{"taxonomy":"product_tag","embeddable":true,"href":"https:\/\/roveyayinevi.com.tr\/index.php\/wp-json\/wp\/v2\/product_tag?post=757743"}],"curies":[{"name":"wp","href":"https:\/\/api.w.org\/{rel}","templated":true}]}}