{"id":757729,"date":"2025-08-28T07:44:22","date_gmt":"2025-08-28T04:44:22","guid":{"rendered":"https:\/\/roveyayinevi.com.tr\/index.php\/urun\/amerika-cografyasi\/"},"modified":"2026-04-16T03:10:47","modified_gmt":"2026-04-16T00:10:47","slug":"amerika-cografyasi","status":"publish","type":"product","link":"https:\/\/roveyayinevi.com.tr\/index.php\/urun\/amerika-cografyasi\/","title":{"rendered":"Amerika Co\u011frafyas\u0131"},"content":{"rendered":"<p>\u0130nsano\u011flunun en eski yerle\u015fim alan\u0131 olarak, eski kara k\u00fctlelerinin kesi\u015fme noktas\u0131n\u0131 olu\u015fturan Ortado\u011fu b\u00f6lgesi ve \u00e7evresi, tarihin ilk devirlerinden bug\u00fcne yo\u011fun bir yerle\u015fmeye sahne olmu\u015ftur. Bu ba\u011flamda Ortado\u011fu ile birlikte, Asya, Avrupa ve Afrika k\u0131talar\u0131, insano\u011flunun yerle\u015ftikleri ve ya\u015fad\u0131klar\u0131 eski mek\u00e2nlard\u0131r. Daha sonra yeni kara k\u00fctleleri ad\u0131 verilen di\u011fer k\u0131talara yay\u0131ld\u0131klar\u0131 kabul edilir. Dolay\u0131s\u0131yla bu k\u0131talar eski kara k\u00fctlelerine g\u00f6re her y\u00f6n\u00fcyle yenidir. Bu yenilik, n\u00fcfustan yerle\u015fmeye, tar\u0131mdan hayvanc\u0131l\u0131\u011fa, sanayile\u015fmeden ticarete kadar b\u00fct\u00fcn alanlarda kendini hissettirir. S\u00f6m\u00fcrgecilik faaliyetlerinin yo\u011fun bir \u015fekilde uyguland\u0131\u011f\u0131 k\u0131talardan birisi de, hi\u00e7 \u015f\u00fcphe yok ki, Amerika k\u0131tas\u0131d\u0131r.Amerika Co\u011frafyas\u0131 kitab\u0131, iki k\u0131s\u0131mdan olu\u015fmaktad\u0131r. Birinci k\u0131s\u0131mda Amerika k\u0131tas\u0131n\u0131n genel co\u011frafi \u00f6zellikler ele al\u0131nm\u0131\u015ft\u0131r. Bu ba\u011flamda, Amerika k\u0131tas\u0131n\u0131n fiziki (yery\u00fcz\u00fc \u015fekilleri, iklim, hidrografya, toprak, bitki \u00f6rt\u00fcs\u00fc ve zooco\u011frafya), be\u015feri (n\u00fcfus ve yerle\u015fme) ve ekonomik (tar\u0131m, hayvanc\u0131l\u0131k, bal\u0131k\u00e7\u0131l\u0131k, ormanc\u0131l\u0131k, enerji kaynaklar\u0131, madencilik, sanayi, ileti\u015fim ve teknoloji, ula\u015f\u0131m, turizm ve ticaret) co\u011frafya \u00f6zellikleri, ayr\u0131nt\u0131l\u0131 bir \u015fekilde ele al\u0131nm\u0131\u015ft\u0131r. \u0130kinci k\u0131s\u0131mda, Amerika k\u0131tas\u0131nda yer alan \u00fclkelerin co\u011frafyas\u0131 ayr\u0131 ayr\u0131 incelenmi\u015ftir.<\/p>\n","protected":false},"excerpt":{"rendered":"<p>\u0130nsano\u011flunun en eski yerle\u015fim alan\u0131 olarak, eski kara k\u00fctlelerinin kesi\u015fme noktas\u0131n\u0131 olu\u015fturan Ortado\u011fu b\u00f6lgesi ve \u00e7evresi, tarihin ilk devirlerinden bug\u00fcne yo\u011fun bir yerle\u015fmeye sahne olmu\u015ftur. Bu<span class=\"excerpt-hellip\"> [\u2026]<\/span><\/p>\n","protected":false},"featured_media":0,"template":"","meta":{"_monsterinsights_skip_tracking":false,"_monsterinsights_sitenote_active":false,"_monsterinsights_sitenote_note":"","_monsterinsights_sitenote_category":0},"product_brand":[],"product_cat":[12365,12364],"product_tag":[],"class_list":{"0":"post-757729","1":"product","2":"type-product","3":"status-publish","5":"product_cat-diger-genel-konular","6":"product_cat-genel-konular","7":"pa_cilt-ciltsiz","8":"pa_tur-kitap","9":"pa_yayinevi-aktif-yayinevi","10":"pa_yazar-ramazan-ozey","12":"first","13":"instock","14":"sale","15":"shipping-taxable","16":"purchasable","17":"product-type-simple"},"_links":{"self":[{"href":"https:\/\/roveyayinevi.com.tr\/index.php\/wp-json\/wp\/v2\/product\/757729","targetHints":{"allow":["GET"]}}],"collection":[{"href":"https:\/\/roveyayinevi.com.tr\/index.php\/wp-json\/wp\/v2\/product"}],"about":[{"href":"https:\/\/roveyayinevi.com.tr\/index.php\/wp-json\/wp\/v2\/types\/product"}],"wp:attachment":[{"href":"https:\/\/roveyayinevi.com.tr\/index.php\/wp-json\/wp\/v2\/media?parent=757729"}],"wp:term":[{"taxonomy":"product_brand","embeddable":true,"href":"https:\/\/roveyayinevi.com.tr\/index.php\/wp-json\/wp\/v2\/product_brand?post=757729"},{"taxonomy":"product_cat","embeddable":true,"href":"https:\/\/roveyayinevi.com.tr\/index.php\/wp-json\/wp\/v2\/product_cat?post=757729"},{"taxonomy":"product_tag","embeddable":true,"href":"https:\/\/roveyayinevi.com.tr\/index.php\/wp-json\/wp\/v2\/product_tag?post=757729"}],"curies":[{"name":"wp","href":"https:\/\/api.w.org\/{rel}","templated":true}]}}