{"id":757728,"date":"2025-08-28T07:44:20","date_gmt":"2025-08-28T04:44:20","guid":{"rendered":"https:\/\/roveyayinevi.com.tr\/index.php\/urun\/asya-cografyasi\/"},"modified":"2026-04-16T03:10:47","modified_gmt":"2026-04-16T00:10:47","slug":"asya-cografyasi","status":"publish","type":"product","link":"https:\/\/roveyayinevi.com.tr\/index.php\/urun\/asya-cografyasi\/","title":{"rendered":"Asya Co\u011frafyas\u0131"},"content":{"rendered":"<p>\u0130nsano\u011flunun en eski yerle\u015fim alan\u0131 olarak, eski kara k\u00fctlelerinin kesi\u015fme noktas\u0131n\u0131 olu\u015fturan Ortado\u011fu b\u00f6lgesi ve \u00e7evresi, tarihin ilk devirlerinden bug\u00fcne yo\u011fun bir yerle\u015fmeye sahne olmu\u015ftur. Son 2-3 as\u0131r i\u00e7inde, Avrupa k\u0131tas\u0131nda g\u00f6r\u00fclen reformist hareketler, sosyal hayattan k\u00fclt\u00fcre, tar\u0131mdan sanayiye kadar t\u00fcm faaliyet alanlar\u0131nda g\u00f6r\u00fclm\u00fc\u015ft\u00fcr. Bunun sonucu olarak, Avrupa k\u0131tas\u0131n\u0131n a\u015f\u0131r\u0131 n\u00fcfuslanmas\u0131 ve teknolojik geli\u015fmeler, Avrupa insan\u0131n\u0131 ba\u015fka k\u0131talara do\u011fru y\u00f6nelmeye zorlam\u0131\u015ft\u0131r. \u0130\u015fte bu zorlama sonucu d\u00fcnyam\u0131z; gelecekte de uzun s\u00fcre konu\u015fulacak ve tart\u0131\u015f\u0131lacak olan s\u00f6m\u00fcrgecilik olay\u0131na sahne olmu\u015ftur. S\u00f6m\u00fcrgecilik faaliyetlerinin yo\u011fun bir \u015fekilde uyguland\u0131\u011f\u0131 k\u0131talardan birisi de hi\u00e7 \u015f\u00fcphe yok ki Asya k\u0131tas\u0131d\u0131r.Asya Co\u011frafyas\u0131 isimli bu \u00e7al\u0131\u015fma, iki k\u0131s\u0131mdan olu\u015fmaktad\u0131r. Birinci k\u0131s\u0131mda, Asya k\u0131tas\u0131n\u0131n genel co\u011frafi \u00f6zellikler ele al\u0131nm\u0131\u015ft\u0131r. Bu ba\u011flamda Asya k\u0131tas\u0131n\u0131n fiziki (yery\u00fcz\u00fc \u015fekilleri, iklim, hidrografya, toprak, bitki \u00f6rt\u00fcs\u00fc ve zooco\u011frafya), be\u015feri (n\u00fcfus ve yerle\u015fme) ve ekonomik (tar\u0131m, hayvanc\u0131l\u0131k, bal\u0131k\u00e7\u0131l\u0131k, ormanc\u0131l\u0131k, enerji kaynaklar\u0131, madencilik, sanayi, ileti\u015fim ve teknoloji, ula\u015f\u0131m, turizm ve ticaret) co\u011frafya \u00f6zellikleri ayr\u0131nt\u0131l\u0131 bir \u015fekilde ele al\u0131nm\u0131\u015ft\u0131r. \u0130kinci k\u0131s\u0131mda da Asya k\u0131tas\u0131nda yer alan \u00fclkelerin co\u011frafyas\u0131, ayr\u0131 ayr\u0131 incelenmi\u015ftir.<\/p>\n","protected":false},"excerpt":{"rendered":"<p>\u0130nsano\u011flunun en eski yerle\u015fim alan\u0131 olarak, eski kara k\u00fctlelerinin kesi\u015fme noktas\u0131n\u0131 olu\u015fturan Ortado\u011fu b\u00f6lgesi ve \u00e7evresi, tarihin ilk devirlerinden bug\u00fcne yo\u011fun bir yerle\u015fmeye sahne olmu\u015ftur. Son<span class=\"excerpt-hellip\"> [\u2026]<\/span><\/p>\n","protected":false},"featured_media":0,"template":"","meta":{"_monsterinsights_skip_tracking":false,"_monsterinsights_sitenote_active":false,"_monsterinsights_sitenote_note":"","_monsterinsights_sitenote_category":0},"product_brand":[],"product_cat":[12364],"product_tag":[],"class_list":{"0":"post-757728","1":"product","2":"type-product","3":"status-publish","5":"product_cat-genel-konular","6":"pa_cilt-ciltsiz","7":"pa_tur-kitap","8":"pa_yayinevi-aktif-yayinevi","9":"pa_yazar-ramazan-ozey","11":"first","12":"instock","13":"sale","14":"shipping-taxable","15":"purchasable","16":"product-type-simple"},"_links":{"self":[{"href":"https:\/\/roveyayinevi.com.tr\/index.php\/wp-json\/wp\/v2\/product\/757728","targetHints":{"allow":["GET"]}}],"collection":[{"href":"https:\/\/roveyayinevi.com.tr\/index.php\/wp-json\/wp\/v2\/product"}],"about":[{"href":"https:\/\/roveyayinevi.com.tr\/index.php\/wp-json\/wp\/v2\/types\/product"}],"wp:attachment":[{"href":"https:\/\/roveyayinevi.com.tr\/index.php\/wp-json\/wp\/v2\/media?parent=757728"}],"wp:term":[{"taxonomy":"product_brand","embeddable":true,"href":"https:\/\/roveyayinevi.com.tr\/index.php\/wp-json\/wp\/v2\/product_brand?post=757728"},{"taxonomy":"product_cat","embeddable":true,"href":"https:\/\/roveyayinevi.com.tr\/index.php\/wp-json\/wp\/v2\/product_cat?post=757728"},{"taxonomy":"product_tag","embeddable":true,"href":"https:\/\/roveyayinevi.com.tr\/index.php\/wp-json\/wp\/v2\/product_tag?post=757728"}],"curies":[{"name":"wp","href":"https:\/\/api.w.org\/{rel}","templated":true}]}}