{"id":757725,"date":"2025-08-28T07:44:17","date_gmt":"2025-08-28T04:44:17","guid":{"rendered":"https:\/\/roveyayinevi.com.tr\/index.php\/urun\/saglik-cografyasi\/"},"modified":"2026-04-16T03:10:47","modified_gmt":"2026-04-16T00:10:47","slug":"saglik-cografyasi","status":"publish","type":"product","link":"https:\/\/roveyayinevi.com.tr\/index.php\/urun\/saglik-cografyasi\/","title":{"rendered":"Sa\u011fl\u0131k Co\u011frafyas\u0131"},"content":{"rendered":"<p>Sa\u011fl\u0131k Co\u011frafyas\u0131; yery\u00fcz\u00fcnde ya\u015fayan insanlar\u0131n hasta olma veya hasta olmama durumlar\u0131, do\u011fumlar\u0131 ve \u00f6l\u00fcmleri ile ilgili olarak, yery\u00fcz\u00fcn\u00fcn fiziki, be\u015feri ve ekonomik \u00f6zellikleri ile ili\u015fkisini, aralar\u0131ndaki ba\u011flant\u0131lar\u0131 ve sebep sonu\u00e7 ili\u015fkilerini ara\u015ft\u0131ran bir bilimdir. Sa\u011fl\u0131k Co\u011frafyas\u0131, sa\u011fl\u0131kla ilgili sorunlar\u0131 \u00e7\u00f6zmek i\u00e7in co\u011frafyan\u0131n yakla\u015f\u0131mlar\u0131n\u0131 ve ara\u00e7lar\u0131n\u0131 kullan\u0131r. Co\u011frafyac\u0131lar, konum, y\u00f6n ve yer gibi kavramlar ile mek\u00e2n varyasyonlar\u0131n\u0131n \u00f6nemi \u00fczerinde durur.<\/p>\n","protected":false},"excerpt":{"rendered":"<p>Sa\u011fl\u0131k Co\u011frafyas\u0131; yery\u00fcz\u00fcnde ya\u015fayan insanlar\u0131n hasta olma veya hasta olmama durumlar\u0131, do\u011fumlar\u0131 ve \u00f6l\u00fcmleri ile ilgili olarak, yery\u00fcz\u00fcn\u00fcn fiziki, be\u015feri ve ekonomik \u00f6zellikleri ile ili\u015fkisini, aralar\u0131ndaki<span class=\"excerpt-hellip\"> [\u2026]<\/span><\/p>\n","protected":false},"featured_media":0,"template":"","meta":{"_monsterinsights_skip_tracking":false,"_monsterinsights_sitenote_active":false,"_monsterinsights_sitenote_note":"","_monsterinsights_sitenote_category":0},"product_brand":[],"product_cat":[20313,13365],"product_tag":[],"class_list":{"0":"post-757725","1":"product","2":"type-product","3":"status-publish","5":"product_cat-basvuru-kitaplari-saglik","6":"product_cat-saglik","7":"pa_cilt-ciltsiz","8":"pa_tur-kitap","9":"pa_yayinevi-aktif-yayinevi","10":"pa_yazar-ramazan-ozey","12":"first","13":"instock","14":"sale","15":"shipping-taxable","16":"purchasable","17":"product-type-simple"},"_links":{"self":[{"href":"https:\/\/roveyayinevi.com.tr\/index.php\/wp-json\/wp\/v2\/product\/757725","targetHints":{"allow":["GET"]}}],"collection":[{"href":"https:\/\/roveyayinevi.com.tr\/index.php\/wp-json\/wp\/v2\/product"}],"about":[{"href":"https:\/\/roveyayinevi.com.tr\/index.php\/wp-json\/wp\/v2\/types\/product"}],"wp:attachment":[{"href":"https:\/\/roveyayinevi.com.tr\/index.php\/wp-json\/wp\/v2\/media?parent=757725"}],"wp:term":[{"taxonomy":"product_brand","embeddable":true,"href":"https:\/\/roveyayinevi.com.tr\/index.php\/wp-json\/wp\/v2\/product_brand?post=757725"},{"taxonomy":"product_cat","embeddable":true,"href":"https:\/\/roveyayinevi.com.tr\/index.php\/wp-json\/wp\/v2\/product_cat?post=757725"},{"taxonomy":"product_tag","embeddable":true,"href":"https:\/\/roveyayinevi.com.tr\/index.php\/wp-json\/wp\/v2\/product_tag?post=757725"}],"curies":[{"name":"wp","href":"https:\/\/api.w.org\/{rel}","templated":true}]}}