{"id":757718,"date":"2025-08-28T07:44:08","date_gmt":"2025-08-28T04:44:08","guid":{"rendered":"https:\/\/roveyayinevi.com.tr\/index.php\/urun\/cografya-ogretiminde-yontem-ve-yaklasimlar\/"},"modified":"2026-04-16T03:10:46","modified_gmt":"2026-04-16T00:10:46","slug":"cografya-ogretiminde-yontem-ve-yaklasimlar","status":"publish","type":"product","link":"https:\/\/roveyayinevi.com.tr\/index.php\/urun\/cografya-ogretiminde-yontem-ve-yaklasimlar\/","title":{"rendered":"Co\u011frafya \u00d6\u011fretiminde Y\u00f6ntem ve Yakla\u015f\u0131mlar"},"content":{"rendered":"<p>Co\u011frafya \u00f6\u011fretiminin yeni programda da belirtilen hedeflerine ula\u015fabilmesi ancak, neyi, neden ve nas\u0131l yapt\u0131\u011f\u0131n\u0131 bilen, gerekli bilgi, beceri ve ara\u00e7-gere\u00e7lerle donat\u0131lm\u0131\u015f \u00f6\u011fretim kadrolar\u0131 ile m\u00fcmk\u00fcn olacakt\u0131r. Bu ba\u011flamda gerek co\u011frafya \u00f6\u011fretmeni adaylar\u0131n\u0131n gerekse co\u011frafya \u00f6\u011fretmenlerinin i\u00e7inde ya\u015fad\u0131klar\u0131 \u00e7a\u011fda ge\u00e7erlili\u011fi olan y\u00f6ntem ve yakla\u015f\u0131mlar\u0131n fark\u0131na varmalar\u0131 ve bunlar\u0131 derslerine aktarmalar\u0131 gerekmektedir. \u0130\u015fte Co\u011frafya \u00d6\u011fretiminde Y\u00f6ntem ve Yakla\u015f\u0131mlar ba\u015fl\u0131\u011f\u0131n\u0131 ta\u015f\u0131yan bu kitap co\u011frafya \u00f6\u011fretmenleri ve \u00f6\u011fretmen adaylar\u0131n\u0131n bu y\u00f6nde olu\u015fan ihtiya\u00e7lar\u0131n\u0131 kar\u015f\u0131lamada yararlanabilmeleri i\u00e7in kaleme al\u0131nm\u0131\u015ft\u0131r. Farkl\u0131 b\u00f6l\u00fcmlerin alan\u0131nda uzman farkl\u0131 akademisyenler taraf\u0131ndan kaleme al\u0131nd\u0131\u011f\u0131 bu kitapta, mekansal teknolojiler, laboratuvar \u00e7al\u0131\u015fmalar\u0131, bilgi ve ileti\u015fim teknolojileri, \u00f6rnek olay anlat\u0131m\u0131, \u0130nternet ve zihin haritalar\u0131 gibi T\u00fcrkiyede co\u011frafya \u00f6\u011fretiminde hen\u00fcz \u00fczerinde fazla durulmayan konulara a\u011f\u0131rl\u0131k verilmi\u015ftir. Kitap b\u00f6l\u00fcmlerindeki \u00f6rnekler yeni co\u011frafya dersi \u00f6\u011fretim program\u0131nda belirtilen kazan\u0131mlar dikkate al\u0131narak verilmi\u015ftir.<\/p>\n","protected":false},"excerpt":{"rendered":"<p>Co\u011frafya \u00f6\u011fretiminin yeni programda da belirtilen hedeflerine ula\u015fabilmesi ancak, neyi, neden ve nas\u0131l yapt\u0131\u011f\u0131n\u0131 bilen, gerekli bilgi, beceri ve ara\u00e7-gere\u00e7lerle donat\u0131lm\u0131\u015f \u00f6\u011fretim kadrolar\u0131 ile m\u00fcmk\u00fcn olacakt\u0131r.<span class=\"excerpt-hellip\"> [\u2026]<\/span><\/p>\n","protected":false},"featured_media":0,"template":"","meta":{"_monsterinsights_skip_tracking":false,"_monsterinsights_sitenote_active":false,"_monsterinsights_sitenote_note":"","_monsterinsights_sitenote_category":0},"product_brand":[],"product_cat":[13005],"product_tag":[],"class_list":{"0":"post-757718","1":"product","2":"type-product","3":"status-publish","5":"product_cat-bilim-muhendislik","6":"pa_cilt-ciltsiz","7":"pa_tur-kitap","8":"pa_yayinevi-aktif-yayinevi","9":"pa_yazar-aktif-kolektif","11":"first","12":"instock","13":"sale","14":"shipping-taxable","15":"purchasable","16":"product-type-simple"},"_links":{"self":[{"href":"https:\/\/roveyayinevi.com.tr\/index.php\/wp-json\/wp\/v2\/product\/757718","targetHints":{"allow":["GET"]}}],"collection":[{"href":"https:\/\/roveyayinevi.com.tr\/index.php\/wp-json\/wp\/v2\/product"}],"about":[{"href":"https:\/\/roveyayinevi.com.tr\/index.php\/wp-json\/wp\/v2\/types\/product"}],"wp:attachment":[{"href":"https:\/\/roveyayinevi.com.tr\/index.php\/wp-json\/wp\/v2\/media?parent=757718"}],"wp:term":[{"taxonomy":"product_brand","embeddable":true,"href":"https:\/\/roveyayinevi.com.tr\/index.php\/wp-json\/wp\/v2\/product_brand?post=757718"},{"taxonomy":"product_cat","embeddable":true,"href":"https:\/\/roveyayinevi.com.tr\/index.php\/wp-json\/wp\/v2\/product_cat?post=757718"},{"taxonomy":"product_tag","embeddable":true,"href":"https:\/\/roveyayinevi.com.tr\/index.php\/wp-json\/wp\/v2\/product_tag?post=757718"}],"curies":[{"name":"wp","href":"https:\/\/api.w.org\/{rel}","templated":true}]}}