{"id":757717,"date":"2025-08-28T07:44:07","date_gmt":"2025-08-28T04:44:07","guid":{"rendered":"https:\/\/roveyayinevi.com.tr\/index.php\/urun\/biyokimya-2\/"},"modified":"2026-04-16T03:10:46","modified_gmt":"2026-04-16T00:10:46","slug":"biyokimya-2","status":"publish","type":"product","link":"https:\/\/roveyayinevi.com.tr\/index.php\/urun\/biyokimya-2\/","title":{"rendered":"Biyokimya"},"content":{"rendered":"<p>Biyokimya, saha olarak biyolojik materyallerin molek\u00fcler seviyede ve kimyasal prensipler \u00e7er\u00e7evesinde incelendi\u011fi bir temel bilim dal\u0131d\u0131r. Biyokimyan\u0131n bu bir\u00e7ok disiplinler aras\u0131 bilim alan\u0131 olma \u00f6zelli\u011fi g\u00f6z \u00f6n\u00fcne al\u0131narak bu kitapta, kimya \u00f6\u011frencileri i\u00e7in gerekli biyolojik a\u00e7\u0131klamalarla birlikte, biyoloji ve sa\u011fl\u0131k bilimleri gibi kimya d\u0131\u015f\u0131nda e\u011fitim g\u00f6renler i\u00e7in de gerekli kimyasal a\u00e7\u0131klamalar yap\u0131lm\u0131\u015ft\u0131r.H\u00fccre yap\u0131s\u0131 ve sulu \u00e7\u00f6zeltiler hakk\u0131nda gerekli bilgilerin yan\u0131nda, ba\u015fl\u0131ca biyomolek\u00fcllerin kimyasal yap\u0131lar\u0131 ve \u00f6zellikleri, metabolizma ve biyoenerjetik konusunda temel bilgiler, karbohidrat, lipid, amino asit ve n\u00fckleik asit metabolizmalar\u0131, DNAdan ba\u015flayarak protein sentezinin b\u00fct\u00fcn safhalar\u0131 ve bu safhalarda rol alan \u00f6nemli makromolek\u00fcller eserde ayr\u0131nt\u0131l\u0131 olarak ele al\u0131nm\u0131\u015ft\u0131r.<\/p>\n","protected":false},"excerpt":{"rendered":"<p>Biyokimya, saha olarak biyolojik materyallerin molek\u00fcler seviyede ve kimyasal prensipler \u00e7er\u00e7evesinde incelendi\u011fi bir temel bilim dal\u0131d\u0131r. Biyokimyan\u0131n bu bir\u00e7ok disiplinler aras\u0131 bilim alan\u0131 olma \u00f6zelli\u011fi g\u00f6z<span class=\"excerpt-hellip\"> [\u2026]<\/span><\/p>\n","protected":false},"featured_media":0,"template":"","meta":{"_monsterinsights_skip_tracking":false,"_monsterinsights_sitenote_active":false,"_monsterinsights_sitenote_note":"","_monsterinsights_sitenote_category":0},"product_brand":[],"product_cat":[13005],"product_tag":[],"class_list":{"0":"post-757717","1":"product","2":"type-product","3":"status-publish","5":"product_cat-bilim-muhendislik","6":"pa_cilt-ciltsiz","7":"pa_tur-kitap","8":"pa_yayinevi-aktif-yayinevi","9":"pa_yazar-edip-keha","10":"pa_yazar-irfan-kufrevioglu","12":"first","13":"instock","14":"sale","15":"shipping-taxable","16":"purchasable","17":"product-type-simple"},"_links":{"self":[{"href":"https:\/\/roveyayinevi.com.tr\/index.php\/wp-json\/wp\/v2\/product\/757717","targetHints":{"allow":["GET"]}}],"collection":[{"href":"https:\/\/roveyayinevi.com.tr\/index.php\/wp-json\/wp\/v2\/product"}],"about":[{"href":"https:\/\/roveyayinevi.com.tr\/index.php\/wp-json\/wp\/v2\/types\/product"}],"wp:attachment":[{"href":"https:\/\/roveyayinevi.com.tr\/index.php\/wp-json\/wp\/v2\/media?parent=757717"}],"wp:term":[{"taxonomy":"product_brand","embeddable":true,"href":"https:\/\/roveyayinevi.com.tr\/index.php\/wp-json\/wp\/v2\/product_brand?post=757717"},{"taxonomy":"product_cat","embeddable":true,"href":"https:\/\/roveyayinevi.com.tr\/index.php\/wp-json\/wp\/v2\/product_cat?post=757717"},{"taxonomy":"product_tag","embeddable":true,"href":"https:\/\/roveyayinevi.com.tr\/index.php\/wp-json\/wp\/v2\/product_tag?post=757717"}],"curies":[{"name":"wp","href":"https:\/\/api.w.org\/{rel}","templated":true}]}}